CRAN Package Check Results for Package turboEM

Last updated on 2015-09-02 19:47:58.

Flavor Version Tinstall Tcheck Ttotal Status Flags
r-devel-linux-x86_64-debian-clang 2014.8-1 2.98 117.70 120.68 NOTE
r-devel-linux-x86_64-debian-gcc 2014.8-1 2.94 110.82 113.76 NOTE
r-devel-linux-x86_64-fedora-clang 2014.8-1 178.78 NOTE
r-devel-linux-x86_64-fedora-gcc 2014.8-1 169.66 NOTE
r-devel-osx-x86_64-clang 2014.8-1 165.78 OK
r-devel-windows-ix86+x86_64 2014.8-1 13.00 213.00 226.00 NOTE
r-patched-linux-x86_64 2014.8-1 3.16 112.57 115.74 OK
r-patched-solaris-sparc 2014.8-1 1297.30 OK
r-patched-solaris-x86 2014.8-1 320.10 OK
r-release-linux-x86_64 2014.8-1 3.16 117.58 120.73 OK
r-release-osx-x86_64-mavericks 2014.8-1 OK
r-release-windows-ix86+x86_64 2014.8-1 14.00 195.00 209.00 OK
r-oldrel-windows-ix86+x86_64 2014.8-1 118.00 239.00 357.00 OK

Check Details

Version: 2014.8-1
Check: R code for possible problems
Result: NOTE
    accelerate: no visible global function definition for ‘modifyList’
    boxplot.turbosim: no visible global function definition for ‘par’
    boxplot.turbosim: no visible global function definition for ‘axis’
    boxplot.turbosim: no visible global function definition for ‘mtext’
    dataprof.turbosim: no visible global function definition for ‘quantile’
    dataprof.turbosim: no visible global function definition for ‘par’
    dataprof.turbosim: no visible global function definition for ‘plot’
    dataprof.turbosim: no visible global function definition for ‘lines’
    dataprof.turbosim: no visible global function definition for ‘segments’
    dataprof.turbosim: no visible global function definition for ‘legend’
    line.search: no visible global function definition for ‘optimize’
    pairs.turbosim: no visible global function definition for ‘par’
    pairs.turbosim: no visible global function definition for ‘plot’
    pairs.turbosim: no visible global function definition for ‘legend’
    pairs.turbosim: no visible global function definition for ‘axis’
    pairs.turbosim: no visible global function definition for ‘title’
    pairs.turbosim: no visible global function definition for ‘coef’
    pairs.turbosim: no visible global function definition for ‘abline’
    pairs.turbosim: no visible global function definition for ‘text’
    plot.turbo: no visible global function definition for ‘plot’
    plot.turbo: no visible global function definition for ‘lines’
    plot.turbo: no visible global function definition for ‘legend’
    turboSim: no visible binding for global variable ‘par’
    turboem: no visible global function definition for ‘modifyList’
    Undefined global functions or variables:
     abline axis coef legend lines modifyList mtext optimize par plot
     quantile segments text title
    Consider adding
     importFrom("graphics", "abline", "axis", "legend", "lines", "mtext",
     "par", "plot", "segments", "text", "title")
     importFrom("stats", "coef", "optimize", "quantile")
     importFrom("utils", "modifyList")
    to your NAMESPACE.
Flavors: r-devel-linux-x86_64-debian-clang, r-devel-linux-x86_64-debian-gcc, r-devel-linux-x86_64-fedora-clang, r-devel-linux-x86_64-fedora-gcc, r-devel-windows-ix86+x86_64