CRAN Package Check Results for Package turboEM

Last updated on 2015-07-02 20:47:11.

Flavor Version Tinstall Tcheck Ttotal Status Flags
r-devel-linux-x86_64-debian-clang 2014.8-1 1.08 88.12 89.20 NOTE
r-devel-linux-x86_64-debian-gcc 2014.8-1 1.33 87.37 88.70 NOTE
r-devel-linux-x86_64-fedora-clang 2014.8-1 124.78 NOTE
r-devel-linux-x86_64-fedora-gcc 2014.8-1 118.77 NOTE
r-devel-osx-x86_64-clang 2014.8-1 123.74 OK
r-devel-windows-ix86+x86_64 2014.8-1 4.00 131.00 135.00 NOTE
r-patched-linux-x86_64 2014.8-1 1.08 85.54 86.61 OK
r-patched-solaris-sparc 2014.8-1 1275.40 OK
r-patched-solaris-x86 2014.8-1 223.10 OK
r-release-linux-x86_64 2014.8-1 1.05 86.30 87.35 OK
r-release-osx-x86_64-mavericks 2014.8-1 OK
r-release-windows-ix86+x86_64 2014.8-1 3.00 136.00 139.00 OK
r-oldrel-windows-ix86+x86_64 2014.8-1 7.00 149.00 156.00 OK

Check Details

Version: 2014.8-1
Check: R code for possible problems
Result: NOTE
    accelerate: no visible global function definition for ‘modifyList’
    boxplot.turbosim: no visible global function definition for ‘par’
    boxplot.turbosim: no visible global function definition for ‘axis’
    boxplot.turbosim: no visible global function definition for ‘mtext’
    dataprof.turbosim: no visible global function definition for ‘quantile’
    dataprof.turbosim: no visible global function definition for ‘par’
    dataprof.turbosim: no visible global function definition for ‘plot’
    dataprof.turbosim: no visible global function definition for ‘lines’
    dataprof.turbosim: no visible global function definition for ‘segments’
    dataprof.turbosim: no visible global function definition for ‘legend’
    line.search: no visible global function definition for ‘optimize’
    pairs.turbosim: no visible global function definition for ‘par’
    pairs.turbosim: no visible global function definition for ‘plot’
    pairs.turbosim: no visible global function definition for ‘legend’
    pairs.turbosim: no visible global function definition for ‘axis’
    pairs.turbosim: no visible global function definition for ‘title’
    pairs.turbosim: no visible global function definition for ‘coef’
    pairs.turbosim: no visible global function definition for ‘abline’
    pairs.turbosim: no visible global function definition for ‘text’
    plot.turbo: no visible global function definition for ‘plot’
    plot.turbo: no visible global function definition for ‘lines’
    plot.turbo: no visible global function definition for ‘legend’
    turboSim: no visible binding for global variable ‘par’
    turboem: no visible global function definition for ‘modifyList’
    Undefined global functions or variables:
     abline axis coef legend lines modifyList mtext optimize par plot
     quantile segments text title
Flavors: r-devel-linux-x86_64-debian-clang, r-devel-linux-x86_64-fedora-clang, r-devel-linux-x86_64-fedora-gcc

Version: 2014.8-1
Check: R code for possible problems
Result: NOTE
    accelerate: no visible global function definition for ‘modifyList’
    boxplot.turbosim: no visible global function definition for ‘par’
    boxplot.turbosim: no visible global function definition for ‘axis’
    boxplot.turbosim: no visible global function definition for ‘mtext’
    dataprof.turbosim: no visible global function definition for ‘quantile’
    dataprof.turbosim: no visible global function definition for ‘par’
    dataprof.turbosim: no visible global function definition for ‘plot’
    dataprof.turbosim: no visible global function definition for ‘lines’
    dataprof.turbosim: no visible global function definition for ‘segments’
    dataprof.turbosim: no visible global function definition for ‘legend’
    line.search: no visible global function definition for ‘optimize’
    pairs.turbosim: no visible global function definition for ‘par’
    pairs.turbosim: no visible global function definition for ‘plot’
    pairs.turbosim: no visible global function definition for ‘legend’
    pairs.turbosim: no visible global function definition for ‘axis’
    pairs.turbosim: no visible global function definition for ‘title’
    pairs.turbosim: no visible global function definition for ‘coef’
    pairs.turbosim: no visible global function definition for ‘abline’
    pairs.turbosim: no visible global function definition for ‘text’
    plot.turbo: no visible global function definition for ‘plot’
    plot.turbo: no visible global function definition for ‘lines’
    plot.turbo: no visible global function definition for ‘legend’
    turboSim: no visible binding for global variable ‘par’
    turboem: no visible global function definition for ‘modifyList’
Flavors: r-devel-linux-x86_64-debian-gcc, r-devel-windows-ix86+x86_64