CRAN Package Check Results for Package turboEM

Last updated on 2015-05-05 17:47:38.

Flavor Version Tinstall Tcheck Ttotal Status Flags
r-devel-linux-x86_64-debian-clang 2014.8-1 1.41 88.86 90.27 OK
r-devel-linux-x86_64-debian-gcc 2014.8-1 1.06 87.58 88.64 OK
r-devel-linux-x86_64-fedora-clang 2014.8-1 127.36 OK
r-devel-linux-x86_64-fedora-gcc 2014.8-1 122.24 OK
r-devel-osx-x86_64-clang 2014.8-1 142.20 OK
r-devel-windows-ix86+x86_64 2014.8-1 4.00 133.00 137.00 OK
r-patched-linux-x86_64 2014.8-1 1.08 89.20 90.28 OK
r-patched-solaris-sparc 2014.8-1 1288.40 OK
r-patched-solaris-x86 2014.8-1 219.60 OK
r-release-linux-x86_64 2014.8-1 1.10 90.98 92.08 OK
r-release-osx-x86_64-mavericks 2014.8-1 OK
r-release-osx-x86_64-snowleopard 2014.8-1 ERROR
r-release-windows-ix86+x86_64 2014.8-1 5.00 172.00 177.00 OK
r-oldrel-windows-ix86+x86_64 2014.8-1 7.00 134.00 141.00 OK

Check Details

Version: 2014.8-1
Check: package dependencies
Result: ERROR
    Package required but not available: ‘quantreg’
    
    See section ‘The DESCRIPTION file’ in the ‘Writing R Extensions’
    manual.
Flavor: r-release-osx-x86_64-snowleopard