CRAN Package Check Results for Package trust

Last updated on 2015-03-29 19:48:57.

Flavor Version Tinstall Tcheck Ttotal Status Flags
r-devel-linux-x86_64-debian-clang 0.1-6 0.69 14.97 15.66 NOTE
r-devel-linux-x86_64-debian-gcc 0.1-6 0.68 15.57 16.25 NOTE
r-devel-linux-x86_64-fedora-clang 0.1-6 30.93 NOTE
r-devel-linux-x86_64-fedora-gcc 0.1-6 29.39 NOTE
r-devel-osx-x86_64-clang 0.1-6 39.66 NOTE
r-prerel-windows-ix86+x86_64 0.1-6 3.00 26.00 29.00 NOTE
r-prerel-linux-x86_64 0.1-6 0.78 14.66 15.44 NOTE
r-prerel-solaris-sparc 0.1-6 207.50 NOTE
r-prerel-solaris-x86 0.1-6 42.50 NOTE
r-release-linux-x86_64 0.1-6 0.76 15.67 16.43 OK
r-release-osx-x86_64-mavericks 0.1-6 OK
r-release-osx-x86_64-snowleopard 0.1-6 OK
r-release-windows-ix86+x86_64 0.1-6 4.00 25.00 29.00 OK
r-oldrel-windows-ix86+x86_64 0.1-6 2.00 26.00 28.00 OK

Check Details

Version: 0.1-6
Check: DESCRIPTION meta-information
Result: NOTE
    Malformed Description field: should contain one or more complete sentences.
Flavors: r-devel-linux-x86_64-debian-clang, r-devel-linux-x86_64-debian-gcc, r-devel-linux-x86_64-fedora-clang, r-devel-linux-x86_64-fedora-gcc, r-devel-osx-x86_64-clang, r-prerel-windows-ix86+x86_64, r-prerel-linux-x86_64, r-prerel-solaris-sparc, r-prerel-solaris-x86