CRAN Package Check Results for Package translate

Last updated on 2017-01-21 16:49:02.

Flavor Version Tinstall Tcheck Ttotal Status Flags
r-devel-linux-x86_64-debian-clang 0.1.2 1.10 15.88 16.97 NOTE
r-devel-linux-x86_64-debian-gcc 0.1.2 0.92 15.47 16.40 NOTE
r-devel-linux-x86_64-fedora-clang 0.1.2 29.19 NOTE --no-stop-on-test-error
r-devel-linux-x86_64-fedora-gcc 0.1.2 28.13 NOTE --no-stop-on-test-error
r-devel-macos-x86_64-clang 0.1.2 25.94 NOTE --no-stop-on-test-error
r-devel-windows-ix86+x86_64 0.1.2 5.00 63.00 68.00 NOTE
r-patched-linux-x86_64 0.1.2 0.82 13.99 14.81 NOTE
r-patched-solaris-sparc 0.1.2 158.50 NOTE
r-patched-solaris-x86 0.1.2 37.70 NOTE
r-release-linux-x86_64 0.1.2 0.91 13.81 14.73 NOTE
r-release-osx-x86_64-mavericks 0.1.2 NOTE
r-release-windows-ix86+x86_64 0.1.2 8.00 38.00 46.00 NOTE

Check Details

Version: 0.1.2
Check: DESCRIPTION meta-information
Result: NOTE
    Malformed Description field: should contain one or more complete sentences.
Flavors: r-devel-linux-x86_64-debian-clang, r-devel-linux-x86_64-debian-gcc, r-devel-windows-ix86+x86_64, r-patched-linux-x86_64, r-patched-solaris-sparc, r-patched-solaris-x86, r-release-linux-x86_64, r-release-osx-x86_64-mavericks, r-release-windows-ix86+x86_64

Version: 0.1.2
Flags: --no-stop-on-test-error
Check: DESCRIPTION meta-information
Result: NOTE
    Malformed Description field: should contain one or more complete sentences.
Flavors: r-devel-linux-x86_64-fedora-clang, r-devel-linux-x86_64-fedora-gcc, r-devel-macos-x86_64-clang