CRAN Package Check Results for Package translate

Last updated on 2015-02-28 17:48:53.

Flavor Version Tinstall Tcheck Ttotal Status Flags
r-devel-linux-x86_64-debian-clang 0.1.2 0.86 13.84 14.70 NOTE
r-devel-linux-x86_64-debian-gcc 0.1.2 0.82 13.50 14.32 NOTE
r-devel-linux-x86_64-fedora-clang 0.1.2 28.97 NOTE
r-devel-linux-x86_64-fedora-gcc 0.1.2 27.91 NOTE
r-devel-osx-x86_64-clang 0.1.2 32.59 NOTE
r-patched-linux-x86_64 0.1.2 1.12 17.57 18.69 OK
r-patched-solaris-sparc 0.1.2 205.20 OK
r-patched-solaris-x86 0.1.2 52.50 OK
r-release-linux-ix86 0.1.2 1.60 26.45 28.06 OK
r-release-linux-x86_64 0.1.2 1.11 17.12 18.23 OK
r-release-osx-x86_64-mavericks 0.1.2 OK
r-release-osx-x86_64-snowleopard 0.1.2 OK

Check Details

Version: 0.1.2
Check: DESCRIPTION meta-information
Result: NOTE
    Malformed Description field: should contain one or more complete sentences.
Flavors: r-devel-linux-x86_64-debian-clang, r-devel-linux-x86_64-debian-gcc, r-devel-linux-x86_64-fedora-clang, r-devel-linux-x86_64-fedora-gcc, r-devel-osx-x86_64-clang