CRAN Package Check Results for Package translate

Last updated on 2017-06-21 19:47:26.

Flavor Version Tinstall Tcheck Ttotal Status Flags
r-devel-linux-x86_64-debian-clang 0.1.2 0.93 16.34 17.27 NOTE
r-devel-linux-x86_64-debian-gcc 0.1.2 0.94 16.66 17.60 NOTE
r-devel-linux-x86_64-fedora-clang 0.1.2 32.91 NOTE
r-devel-linux-x86_64-fedora-gcc 0.1.2 28.27 NOTE
r-devel-windows-ix86+x86_64 0.1.2 3.00 36.00 39.00 NOTE
r-patched-linux-x86_64 0.1.2 0.94 16.65 17.59 NOTE
r-patched-solaris-sparc 0.1.2 181.10 NOTE
r-patched-solaris-x86 0.1.2 43.70 NOTE
r-release-linux-x86_64 0.1.2 1.07 15.80 16.87 NOTE
r-release-windows-ix86+x86_64 0.1.2 6.00 45.00 51.00 NOTE
r-release-osx-x86_64 0.1.2 WARN
r-oldrel-windows-ix86+x86_64 0.1.2 4.00 53.00 57.00 NOTE
r-oldrel-osx-x86_64 0.1.2 NOTE

Check Details

Version: 0.1.2
Check: DESCRIPTION meta-information
Result: NOTE
    Malformed Description field: should contain one or more complete sentences.
Flavors: r-devel-linux-x86_64-debian-clang, r-devel-linux-x86_64-debian-gcc, r-devel-linux-x86_64-fedora-clang, r-devel-linux-x86_64-fedora-gcc, r-devel-windows-ix86+x86_64, r-patched-linux-x86_64, r-patched-solaris-sparc, r-patched-solaris-x86, r-release-linux-x86_64, r-release-windows-ix86+x86_64, r-release-osx-x86_64, r-oldrel-windows-ix86+x86_64, r-oldrel-osx-x86_64

Version: 0.1.2
Check: re-building of vignette outputs
Result: WARN
    Error in re-building vignettes:
     ...
    Error in texi2dvi(file = file, pdf = TRUE, clean = clean, quiet = quiet, :
     Running 'texi2dvi' on 'vignette.tex' failed.
    LaTeX errors:
    ! LaTeX Error: File `wrapfig.sty' not found.
    
    Type X to quit or <RETURN> to proceed,
    or enter new name. (Default extension: sty)
    
    ! Emergency stop.
    <read *>
    
    l.10 \usepackage
     {rotating}^^M
    ! ==> Fatal error occurred, no output PDF file produced!
    Calls: buildVignettes -> texi2pdf -> texi2dvi
    Execution halted
Flavor: r-release-osx-x86_64