CRAN Package Check Results for Package translate

Last updated on 2016-04-28 06:47:44.

Flavor Version Tinstall Tcheck Ttotal Status Flags
r-devel-linux-x86_64-debian-gcc 0.1.2 0.82 13.49 14.32 NOTE
r-devel-linux-x86_64-fedora-clang 0.1.2 24.93 NOTE
r-devel-linux-x86_64-fedora-gcc 0.1.2 22.84 NOTE
r-devel-osx-x86_64-clang 0.1.2 28.61 NOTE
r-devel-windows-ix86+x86_64 0.1.2 5.00 34.00 39.00 NOTE
r-patched-linux-x86_64 0.1.2 0.87 13.57 14.45 NOTE
r-patched-solaris-sparc 0.1.2 155.10 NOTE
r-patched-solaris-x86 0.1.2 36.40 NOTE
r-release-linux-x86_64 0.1.2 1.00 14.97 15.97 NOTE
r-release-osx-x86_64-mavericks 0.1.2 NOTE

Check Details

Version: 0.1.2
Check: DESCRIPTION meta-information
Result: NOTE
    Malformed Description field: should contain one or more complete sentences.
Flavors: r-devel-linux-x86_64-debian-gcc, r-devel-linux-x86_64-fedora-clang, r-devel-linux-x86_64-fedora-gcc, r-devel-osx-x86_64-clang, r-devel-windows-ix86+x86_64, r-patched-linux-x86_64, r-patched-solaris-sparc, r-patched-solaris-x86, r-release-linux-x86_64, r-release-osx-x86_64-mavericks