CRAN Package Check Results for Package translate

Last updated on 2015-09-04 22:47:12.

Flavor Version Tinstall Tcheck Ttotal Status Flags
r-devel-linux-x86_64-debian-clang 0.1.2 0.78 13.32 14.10 NOTE
r-devel-linux-x86_64-debian-gcc 0.1.2 1.02 13.05 14.07 NOTE
r-devel-linux-x86_64-fedora-clang 0.1.2 27.81 NOTE
r-devel-linux-x86_64-fedora-gcc 0.1.2 25.99 NOTE
r-devel-osx-x86_64-clang 0.1.2 24.95 NOTE
r-patched-linux-x86_64 0.1.2 0.84 14.06 14.90 NOTE
r-patched-solaris-sparc 0.1.2 186.80 NOTE
r-patched-solaris-x86 0.1.2 43.00 NOTE
r-release-linux-x86_64 0.1.2 0.88 13.90 14.78 NOTE
r-release-osx-x86_64-mavericks 0.1.2 NOTE

Check Details

Version: 0.1.2
Check: DESCRIPTION meta-information
Result: NOTE
    Malformed Description field: should contain one or more complete sentences.
Flavors: r-devel-linux-x86_64-debian-clang, r-devel-linux-x86_64-debian-gcc, r-devel-linux-x86_64-fedora-clang, r-devel-linux-x86_64-fedora-gcc, r-devel-osx-x86_64-clang, r-patched-linux-x86_64, r-patched-solaris-sparc, r-patched-solaris-x86, r-release-linux-x86_64, r-release-osx-x86_64-mavericks