CRAN Package Check Results for Package translate

Last updated on 2017-03-23 19:50:18.

Flavor Version Tinstall Tcheck Ttotal Status Flags
r-devel-linux-x86_64-debian-clang 0.1.2 0.87 17.30 18.17 NOTE
r-devel-linux-x86_64-debian-gcc 0.1.2 0.87 15.91 16.78 NOTE
r-devel-linux-x86_64-fedora-clang 0.1.2 29.42 NOTE --no-stop-on-test-error
r-devel-linux-x86_64-fedora-gcc 0.1.2 28.42 NOTE --no-stop-on-test-error
r-devel-macos-x86_64-clang 0.1.2 25.68 NOTE --no-stop-on-test-error
r-devel-windows-ix86+x86_64 0.1.2 3.00 37.00 40.00 NOTE
r-patched-linux-x86_64 0.1.2 0.97 14.12 15.09 NOTE
r-patched-solaris-sparc 0.1.2 181.10 NOTE
r-patched-solaris-x86 0.1.2 45.10 NOTE
r-release-linux-x86_64 0.1.2 0.82 13.97 14.79 NOTE
r-release-osx-x86_64-mavericks 0.1.2 NOTE
r-release-windows-ix86+x86_64 0.1.2 8.00 38.00 46.00 NOTE

Check Details

Version: 0.1.2
Check: DESCRIPTION meta-information
Result: NOTE
    Malformed Description field: should contain one or more complete sentences.
Flavors: r-devel-linux-x86_64-debian-clang, r-devel-linux-x86_64-debian-gcc, r-devel-windows-ix86+x86_64, r-patched-linux-x86_64, r-patched-solaris-sparc, r-patched-solaris-x86, r-release-linux-x86_64, r-release-osx-x86_64-mavericks, r-release-windows-ix86+x86_64

Version: 0.1.2
Flags: --no-stop-on-test-error
Check: DESCRIPTION meta-information
Result: NOTE
    Malformed Description field: should contain one or more complete sentences.
Flavors: r-devel-linux-x86_64-fedora-clang, r-devel-linux-x86_64-fedora-gcc, r-devel-macos-x86_64-clang