CRAN Package Check Results for Package tlmec

Last updated on 2015-06-28 21:46:55.

Flavor Version Tinstall Tcheck Ttotal Status Flags
r-devel-linux-x86_64-debian-clang 0.0-2 0.51 11.28 11.79 NOTE
r-devel-linux-x86_64-debian-gcc 0.0-2 0.50 11.50 12.00 NOTE
r-devel-linux-x86_64-fedora-clang 0.0-2 22.61 NOTE
r-devel-linux-x86_64-fedora-gcc 0.0-2 20.57 NOTE
r-devel-osx-x86_64-clang 0.0-2 22.41 NOTE
r-devel-windows-ix86+x86_64 0.0-2 2.00 20.00 22.00 NOTE
r-patched-linux-x86_64 0.0-2 0.53 12.76 13.29 NOTE
r-patched-solaris-sparc 0.0-2 149.40 NOTE
r-patched-solaris-x86 0.0-2 31.80 NOTE
r-release-linux-x86_64 0.0-2 0.56 11.81 12.37 NOTE
r-release-osx-x86_64-mavericks 0.0-2 NOTE
r-release-windows-ix86+x86_64 0.0-2 2.00 26.00 28.00 NOTE
r-oldrel-windows-ix86+x86_64 0.0-2 4.00 23.00 27.00 NOTE

Check Details

Version: 0.0-2
Check: dependencies in R code
Result: NOTE
    'library' or 'require' call to ‘mvtnorm’ which was already attached by Depends.
     Please remove these calls from your code.
    Package in Depends field not imported from: ‘mvtnorm’
     These packages need to be imported from (in the NAMESPACE file)
     for when this namespace is loaded but not attached.
Flavors: r-devel-linux-x86_64-debian-clang, r-devel-linux-x86_64-debian-gcc, r-devel-linux-x86_64-fedora-clang, r-devel-linux-x86_64-fedora-gcc, r-devel-osx-x86_64-clang, r-devel-windows-ix86+x86_64, r-patched-linux-x86_64, r-patched-solaris-sparc, r-patched-solaris-x86, r-release-linux-x86_64, r-release-osx-x86_64-mavericks, r-release-windows-ix86+x86_64, r-oldrel-windows-ix86+x86_64

Version: 0.0-2
Check: R code for possible problems
Result: NOTE
    EMN: no visible global function definition for ‘dmvnorm’
    EMN: no visible global function definition for ‘pmvnorm’
    EMT: no visible global function definition for ‘GenzBretz’
    EMT: no visible global function definition for ‘dmvt’
    EMT: no visible global function definition for ‘pmvt’
    MomemNT: no visible global function definition for ‘pnorm’
    MomemNT: no visible global function definition for ‘dnorm’
    MomemNT: no visible global function definition for ‘pmvnorm’
    MomemNT: no visible global function definition for ‘dmvnorm’
    TT.moment: no visible global function definition for ‘GenzBretz’
    TT.moment: no visible global function definition for ‘pmvt’
    TT.moment: no visible global function definition for ‘dt’
    TT.moment: no visible global function definition for ‘pt’
    TT.moment: no visible global function definition for ‘dmvt’
    cdfNI: no visible global function definition for ‘pnorm’
    cdfNI: no visible global function definition for ‘pt’
    inits: no visible global function definition for ‘lm’
Flavors: r-devel-linux-x86_64-debian-clang, r-devel-linux-x86_64-debian-gcc

Version: 0.0-2
Check: Rd line widths
Result: NOTE
    Rd file 'UTIdata.Rd':
     \examples lines wider than 100 characters:
     x = cbind((UTIdata$Fup==0)+0, (UTIdata$Fup==1)+0, (UTIdata$Fup==3)+0, (UTIdata$Fup==6)+0, (UTIdata$Fup==9)+0, (UTIdata$Fup==12)+0, (UTI ... [TRUNCATED]
    
    These lines will be truncated in the PDF manual.
Flavors: r-devel-linux-x86_64-debian-clang, r-devel-linux-x86_64-debian-gcc, r-devel-linux-x86_64-fedora-clang, r-devel-linux-x86_64-fedora-gcc, r-patched-linux-x86_64, r-release-linux-x86_64

Version: 0.0-2
Check: R code for possible problems
Result: NOTE
    EMN: no visible global function definition for ‘dmvnorm’
    EMN: no visible global function definition for ‘pmvnorm’
    EMT: no visible global function definition for ‘GenzBretz’
    EMT: no visible global function definition for ‘dmvt’
    EMT: no visible global function definition for ‘pmvt’
    MomemNT: no visible global function definition for ‘pmvnorm’
    MomemNT: no visible global function definition for ‘dmvnorm’
    TT.moment: no visible global function definition for ‘GenzBretz’
    TT.moment: no visible global function definition for ‘pmvt’
    TT.moment: no visible global function definition for ‘dmvt’
Flavors: r-devel-linux-x86_64-fedora-clang, r-devel-linux-x86_64-fedora-gcc, r-devel-osx-x86_64-clang, r-devel-windows-ix86+x86_64, r-patched-linux-x86_64, r-patched-solaris-sparc, r-patched-solaris-x86, r-release-linux-x86_64, r-release-osx-x86_64-mavericks, r-release-windows-ix86+x86_64, r-oldrel-windows-ix86+x86_64