CRAN Package Check Results for Package tiger

Last updated on 2015-03-26 16:47:04.

Flavor Version Tinstall Tcheck Ttotal Status Flags
r-devel-linux-x86_64-debian-clang 0.2.3.1 1.38 25.62 27.00 NOTE
r-devel-linux-x86_64-debian-gcc 0.2.3.1 1.24 24.79 26.02 NOTE
r-devel-linux-x86_64-fedora-clang 0.2.3.1 51.69 NOTE
r-devel-linux-x86_64-fedora-gcc 0.2.3.1 51.59 NOTE
r-devel-osx-x86_64-clang 0.2.3.1 51.03 NOTE
r-prerel-windows-ix86+x86_64 0.2.3.1 4.00 37.00 41.00 NOTE
r-prerel-linux-x86_64 0.2.3.1 1.33 24.94 26.27 NOTE
r-prerel-solaris-sparc 0.2.3.1 317.30 NOTE
r-prerel-solaris-x86 0.2.3.1 70.80 NOTE
r-release-linux-x86_64 0.2.3.1 2.53 31.08 33.61 OK
r-release-osx-x86_64-mavericks 0.2.3.1 OK
r-release-osx-x86_64-snowleopard 0.2.3.1 OK
r-release-windows-ix86+x86_64 0.2.3.1 8.00 52.00 60.00 OK
r-oldrel-windows-ix86+x86_64 0.2.3.1 7.00 51.00 58.00 OK

Check Details

Version: 0.2.3.1
Check: DESCRIPTION meta-information
Result: NOTE
    Malformed Description field: should contain one or more complete sentences.
Flavors: r-devel-linux-x86_64-debian-clang, r-devel-linux-x86_64-debian-gcc, r-devel-linux-x86_64-fedora-clang, r-devel-linux-x86_64-fedora-gcc, r-devel-osx-x86_64-clang, r-prerel-windows-ix86+x86_64, r-prerel-linux-x86_64, r-prerel-solaris-sparc, r-prerel-solaris-x86