CRAN Package Check Results for Package svGUI

Last updated on 2015-02-27 16:48:02.

Flavor Version Tinstall Tcheck Ttotal Status Flags
r-devel-linux-x86_64-debian-clang 0.9-55 0.53 8.55 9.08 NOTE
r-devel-linux-x86_64-debian-gcc 0.9-55 0.52 8.29 8.82 NOTE
r-devel-linux-x86_64-fedora-clang 0.9-55 17.53 NOTE
r-devel-linux-x86_64-fedora-gcc 0.9-55 16.68 NOTE
r-devel-osx-x86_64-clang 0.9-55 22.03 NOTE
r-devel-windows-ix86+x86_64 0.9-55 2.00 16.00 18.00 NOTE
r-patched-linux-x86_64 0.9-55 0.57 9.59 10.16 OK
r-patched-solaris-sparc 0.9-55 108.30 OK
r-release-linux-ix86 0.9-55 1.18 15.12 16.30 OK
r-release-linux-x86_64 0.9-55 0.58 8.97 9.55 OK
r-release-osx-x86_64-mavericks 0.9-55 OK
r-release-osx-x86_64-snowleopard 0.9-55 OK
r-release-windows-ix86+x86_64 0.9-55 3.00 19.00 22.00 OK
r-oldrel-windows-ix86+x86_64 0.9-55 2.00 16.00 18.00 OK

Check Details

Version: 0.9-55
Check: DESCRIPTION meta-information
Result: NOTE
    Malformed Description field: should contain one or more complete sentences.
Flavors: r-devel-linux-x86_64-debian-clang, r-devel-linux-x86_64-debian-gcc, r-devel-linux-x86_64-fedora-clang, r-devel-linux-x86_64-fedora-gcc, r-devel-osx-x86_64-clang, r-devel-windows-ix86+x86_64