CRAN Package Check Results for Package svGUI

Last updated on 2017-07-20 21:49:32.

Flavor Version Tinstall Tcheck Ttotal Status Flags
r-devel-linux-x86_64-debian-clang 0.9-55 0.60 17.13 17.73 NOTE
r-devel-linux-x86_64-debian-gcc 0.9-55 0.60 17.00 17.60 NOTE
r-devel-linux-x86_64-fedora-clang 0.9-55 18.15 NOTE
r-devel-linux-x86_64-fedora-gcc 0.9-55 17.37 NOTE
r-devel-windows-ix86+x86_64 0.9-55 2.00 25.00 27.00 NOTE
r-patched-linux-x86_64 0.9-55 0.56 16.83 17.39 NOTE
r-patched-solaris-x86 0.9-55 25.80 NOTE
r-release-linux-x86_64 0.9-55 0.58 16.78 17.36 NOTE
r-release-windows-ix86+x86_64 0.9-55 2.00 21.00 23.00 NOTE
r-release-osx-x86_64 0.9-55 NOTE
r-oldrel-windows-ix86+x86_64 0.9-55 2.00 23.00 25.00 NOTE
r-oldrel-osx-x86_64 0.9-55 NOTE

Check Details

Version: 0.9-55
Check: DESCRIPTION meta-information
Result: NOTE
    Malformed Description field: should contain one or more complete sentences.
Flavors: r-devel-linux-x86_64-debian-clang, r-devel-linux-x86_64-debian-gcc, r-devel-linux-x86_64-fedora-clang, r-devel-linux-x86_64-fedora-gcc, r-devel-windows-ix86+x86_64, r-patched-linux-x86_64, r-patched-solaris-x86, r-release-linux-x86_64, r-release-windows-ix86+x86_64, r-release-osx-x86_64, r-oldrel-windows-ix86+x86_64, r-oldrel-osx-x86_64