CRAN Package Check Results for Package svGUI

Last updated on 2015-04-18 19:51:37.

Flavor Version Tinstall Tcheck Ttotal Status Flags
r-devel-linux-x86_64-debian-clang 0.9-55 0.54 9.43 9.97 NOTE
r-devel-linux-x86_64-debian-gcc 0.9-55 0.54 8.42 8.96 NOTE
r-devel-linux-x86_64-fedora-clang 0.9-55 18.26 NOTE
r-devel-linux-x86_64-fedora-gcc 0.9-55 16.34 NOTE
r-devel-osx-x86_64-clang 0.9-55 21.49 NOTE
r-patched-linux-x86_64 0.9-55 0.53 8.36 8.88 NOTE
r-patched-solaris-sparc 0.9-55 109.90 NOTE
r-patched-solaris-x86 0.9-55 25.20 NOTE
r-release-linux-x86_64 0.9-55 0.53 7.60 8.14 NOTE
r-release-osx-x86_64-mavericks 0.9-55 NOTE
r-release-osx-x86_64-snowleopard 0.9-55 NOTE
r-release-windows-ix86+x86_64 0.9-55 2.00 16.00 18.00 NOTE
r-oldrel-windows-ix86+x86_64 0.9-55 2.00 16.00 18.00 OK

Check Details

Version: 0.9-55
Check: DESCRIPTION meta-information
Result: NOTE
    Malformed Description field: should contain one or more complete sentences.
Flavors: r-devel-linux-x86_64-debian-clang, r-devel-linux-x86_64-debian-gcc, r-devel-linux-x86_64-fedora-clang, r-devel-linux-x86_64-fedora-gcc, r-devel-osx-x86_64-clang, r-patched-linux-x86_64, r-patched-solaris-sparc, r-patched-solaris-x86, r-release-linux-x86_64, r-release-osx-x86_64-mavericks, r-release-osx-x86_64-snowleopard, r-release-windows-ix86+x86_64