CRAN Package Check Results for Package svGUI

Last updated on 2017-11-22 09:51:18 CET.

Flavor Version Tinstall Tcheck Ttotal Status Flags
r-devel-linux-x86_64-debian-clang 0.9-55 0.57 10.41 10.98 NOTE
r-devel-linux-x86_64-debian-gcc 0.9-55 0.72 29.82 30.54 NOTE
r-devel-linux-x86_64-fedora-clang 0.9-55 17.22 NOTE
r-devel-linux-x86_64-fedora-gcc 0.9-55 18.34 NOTE
r-devel-windows-ix86+x86_64 0.9-55 4.00 24.00 28.00 NOTE
r-patched-linux-x86_64 0.9-55 0.59 11.23 11.81 NOTE
r-patched-solaris-x86 0.9-55 25.90 NOTE
r-release-linux-x86_64 0.9-55 0.60 10.74 11.34 NOTE
r-release-windows-ix86+x86_64 0.9-55 2.00 25.00 27.00 NOTE
r-release-osx-x86_64 0.9-55 NOTE
r-oldrel-windows-ix86+x86_64 0.9-55 2.00 23.00 25.00 NOTE
r-oldrel-osx-x86_64 0.9-55 NOTE

Check Details

Version: 0.9-55
Check: DESCRIPTION meta-information
Result: NOTE
    Malformed Description field: should contain one or more complete sentences.
Flavors: r-devel-linux-x86_64-debian-clang, r-devel-linux-x86_64-debian-gcc, r-devel-linux-x86_64-fedora-clang, r-devel-linux-x86_64-fedora-gcc, r-devel-windows-ix86+x86_64, r-patched-linux-x86_64, r-patched-solaris-x86, r-release-linux-x86_64, r-release-windows-ix86+x86_64, r-release-osx-x86_64, r-oldrel-windows-ix86+x86_64, r-oldrel-osx-x86_64