CRAN Package Check Results for Package svGUI

Last updated on 2018-04-18 14:47:26 CEST.

Flavor Version Tinstall Tcheck Ttotal Status Flags
r-devel-linux-x86_64-debian-clang 0.9-55 0.78 16.32 17.10 NOTE
r-devel-linux-x86_64-debian-gcc 0.9-55 0.85 12.94 13.79 NOTE
r-devel-linux-x86_64-fedora-clang 0.9-55 20.95 NOTE
r-devel-linux-x86_64-fedora-gcc 0.9-55 20.00 NOTE
r-devel-windows-ix86+x86_64 0.9-55 2.00 33.00 35.00 NOTE
r-devel-osx-x86_64 0.9-55 NOTE
r-patched-linux-x86_64 0.9-55 1.01 15.83 16.84 NOTE
r-patched-solaris-x86 0.9-55 32.40 NOTE
r-release-linux-x86_64 0.9-55 0.65 15.09 15.74 NOTE
r-release-windows-ix86+x86_64 0.9-55 2.00 25.00 27.00 NOTE
r-release-osx-x86_64 0.9-55 NOTE
r-oldrel-windows-ix86+x86_64 0.9-55 2.00 23.00 25.00 NOTE

Check Details

Version: 0.9-55
Check: DESCRIPTION meta-information
Result: NOTE
    Malformed Description field: should contain one or more complete sentences.
Flavors: r-devel-linux-x86_64-debian-clang, r-devel-linux-x86_64-debian-gcc, r-devel-linux-x86_64-fedora-clang, r-devel-linux-x86_64-fedora-gcc, r-devel-windows-ix86+x86_64, r-devel-osx-x86_64, r-patched-linux-x86_64, r-patched-solaris-x86, r-release-linux-x86_64, r-release-windows-ix86+x86_64, r-release-osx-x86_64, r-oldrel-windows-ix86+x86_64