CRAN Package Check Results for Package svGUI

Last updated on 2018-02-22 12:49:31 CET.

Flavor Version Tinstall Tcheck Ttotal Status Flags
r-devel-linux-x86_64-debian-clang 0.9-55 0.99 15.18 16.17 NOTE
r-devel-linux-x86_64-debian-gcc 0.9-55 0.66 12.72 13.38 NOTE
r-devel-linux-x86_64-fedora-clang 0.9-55 20.36 NOTE
r-devel-linux-x86_64-fedora-gcc 0.9-55 19.20 NOTE
r-devel-windows-ix86+x86_64 0.9-55 3.00 23.00 26.00 NOTE
r-patched-linux-x86_64 0.9-55 0.73 15.22 15.95 NOTE
r-patched-solaris-x86 0.9-55 25.60 NOTE
r-release-linux-x86_64 0.9-55 0.83 15.06 15.89 NOTE
r-release-windows-ix86+x86_64 0.9-55 2.00 25.00 27.00 NOTE
r-release-osx-x86_64 0.9-55 NOTE
r-oldrel-windows-ix86+x86_64 0.9-55 2.00 23.00 25.00 NOTE
r-oldrel-osx-x86_64 0.9-55 NOTE

Check Details

Version: 0.9-55
Check: DESCRIPTION meta-information
Result: NOTE
    Malformed Description field: should contain one or more complete sentences.
Flavors: r-devel-linux-x86_64-debian-clang, r-devel-linux-x86_64-debian-gcc, r-devel-linux-x86_64-fedora-clang, r-devel-linux-x86_64-fedora-gcc, r-devel-windows-ix86+x86_64, r-patched-linux-x86_64, r-patched-solaris-x86, r-release-linux-x86_64, r-release-windows-ix86+x86_64, r-release-osx-x86_64, r-oldrel-windows-ix86+x86_64, r-oldrel-osx-x86_64