CRAN Package Check Results for Package svGUI

Last updated on 2017-05-24 19:47:19.

Flavor Version Tinstall Tcheck Ttotal Status Flags
r-devel-linux-x86_64-debian-clang 0.9-55 0.67 10.55 11.21 NOTE
r-devel-linux-x86_64-debian-gcc 0.9-55 0.61 10.31 10.92 NOTE
r-devel-linux-x86_64-fedora-clang 0.9-55 18.08 NOTE --no-stop-on-test-error
r-devel-linux-x86_64-fedora-gcc 0.9-55 16.93 NOTE --no-stop-on-test-error
r-devel-windows-ix86+x86_64 0.9-55 5.00 20.00 25.00 NOTE
r-patched-linux-x86_64 0.9-55 0.61 10.18 10.79 NOTE
r-patched-solaris-sparc 0.9-55 107.10 NOTE
r-patched-solaris-x86 0.9-55 24.90 NOTE
r-release-linux-x86_64 0.9-55 0.98 10.46 11.43 NOTE
r-release-windows-ix86+x86_64 0.9-55 2.00 21.00 23.00 NOTE
r-release-osx-x86_64 0.9-55 NOTE
r-oldrel-windows-ix86+x86_64 0.9-55 2.00 23.00 25.00 NOTE
r-oldrel-osx-x86_64 0.9-55 NOTE

Check Details

Version: 0.9-55
Check: DESCRIPTION meta-information
Result: NOTE
    Malformed Description field: should contain one or more complete sentences.
Flavors: r-devel-linux-x86_64-debian-clang, r-devel-linux-x86_64-debian-gcc, r-devel-windows-ix86+x86_64, r-patched-linux-x86_64, r-patched-solaris-sparc, r-patched-solaris-x86, r-release-linux-x86_64, r-release-windows-ix86+x86_64, r-release-osx-x86_64, r-oldrel-windows-ix86+x86_64, r-oldrel-osx-x86_64

Version: 0.9-55
Flags: --no-stop-on-test-error
Check: DESCRIPTION meta-information
Result: NOTE
    Malformed Description field: should contain one or more complete sentences.
Flavors: r-devel-linux-x86_64-fedora-clang, r-devel-linux-x86_64-fedora-gcc