CRAN Package Check Results for Package svGUI

Last updated on 2017-02-17 23:48:58.

Flavor Version Tinstall Tcheck Ttotal Status Flags
r-devel-linux-x86_64-debian-clang 0.9-55 0.57 10.86 11.43 NOTE
r-devel-linux-x86_64-debian-gcc 0.9-55 0.56 10.32 10.88 NOTE
r-devel-linux-x86_64-fedora-clang 0.9-55 17.70 NOTE --no-stop-on-test-error
r-devel-linux-x86_64-fedora-gcc 0.9-55 16.84 NOTE --no-stop-on-test-error
r-devel-macos-x86_64-clang 0.9-55 16.51 NOTE --no-stop-on-test-error
r-devel-windows-ix86+x86_64 0.9-55 3.00 25.00 28.00 NOTE
r-patched-linux-x86_64 0.9-55 0.61 8.71 9.33 NOTE
r-patched-solaris-sparc 0.9-55 99.10 NOTE
r-patched-solaris-x86 0.9-55 21.70 NOTE
r-release-linux-x86_64 0.9-55 0.58 8.67 9.25 NOTE
r-release-osx-x86_64-mavericks 0.9-55 NOTE
r-release-windows-ix86+x86_64 0.9-55 2.00 23.00 25.00 NOTE
r-oldrel-windows-ix86+x86_64 0.9-55 2.00 36.00 38.00 NOTE

Check Details

Version: 0.9-55
Check: DESCRIPTION meta-information
Result: NOTE
    Malformed Description field: should contain one or more complete sentences.
Flavors: r-devel-linux-x86_64-debian-clang, r-devel-linux-x86_64-debian-gcc, r-devel-windows-ix86+x86_64, r-patched-linux-x86_64, r-patched-solaris-sparc, r-patched-solaris-x86, r-release-linux-x86_64, r-release-osx-x86_64-mavericks, r-release-windows-ix86+x86_64, r-oldrel-windows-ix86+x86_64

Version: 0.9-55
Flags: --no-stop-on-test-error
Check: DESCRIPTION meta-information
Result: NOTE
    Malformed Description field: should contain one or more complete sentences.
Flavors: r-devel-linux-x86_64-fedora-clang, r-devel-linux-x86_64-fedora-gcc, r-devel-macos-x86_64-clang