CRAN Package Check Results for Package svGUI

Last updated on 2017-09-18 09:48:01.

Flavor Version Tinstall Tcheck Ttotal Status Flags
r-devel-linux-x86_64-debian-clang 0.9-55 0.59 2.30 2.89 ERROR
r-devel-linux-x86_64-debian-gcc 0.9-55 0.62 10.50 11.13 NOTE
r-devel-linux-x86_64-fedora-clang 0.9-55 20.89 NOTE
r-devel-linux-x86_64-fedora-gcc 0.9-55 18.66 NOTE
r-devel-windows-ix86+x86_64 0.9-55 3.00 31.00 34.00 NOTE
r-patched-linux-x86_64 0.9-55 0.64 10.30 10.94 NOTE
r-patched-solaris-x86 0.9-55 26.50 NOTE
r-release-linux-x86_64 0.9-55 0.58 10.68 11.27 NOTE
r-release-windows-ix86+x86_64 0.9-55 2.00 25.00 27.00 NOTE
r-release-osx-x86_64 0.9-55 NOTE
r-oldrel-windows-ix86+x86_64 0.9-55 2.00 23.00 25.00 NOTE
r-oldrel-osx-x86_64 0.9-55 NOTE

Check Details

Version: 0.9-55
Check: whether package can be installed
Result: ERROR
    Installation failed.
Flavor: r-devel-linux-x86_64-debian-clang

Version: 0.9-55
Check: DESCRIPTION meta-information
Result: NOTE
    Malformed Description field: should contain one or more complete sentences.
Flavors: r-devel-linux-x86_64-debian-gcc, r-devel-linux-x86_64-fedora-clang, r-devel-linux-x86_64-fedora-gcc, r-devel-windows-ix86+x86_64, r-patched-linux-x86_64, r-patched-solaris-x86, r-release-linux-x86_64, r-release-windows-ix86+x86_64, r-release-osx-x86_64, r-oldrel-windows-ix86+x86_64, r-oldrel-osx-x86_64