CRAN Package Check Results for Package sprint

Last updated on 2015-04-27 17:48:34.

Flavor Version Tinstall Tcheck Ttotal Status Flags
r-devel-linux-x86_64-debian-clang 1.0.7 8.68 22.47 31.16 NOTE
r-devel-linux-x86_64-debian-gcc 1.0.7 8.64 22.47 31.11 NOTE
r-devel-linux-x86_64-fedora-clang 1.0.7 53.46 NOTE
r-devel-linux-x86_64-fedora-gcc 1.0.7 49.86 NOTE
r-devel-osx-x86_64-clang 1.0.7 48.71 NOTE
r-patched-linux-x86_64 1.0.7 8.76 22.37 31.13 NOTE
r-patched-solaris-sparc 1.0.7 43.00 ERROR
r-patched-solaris-x86 1.0.7 9.90 ERROR
r-release-linux-x86_64 1.0.7 8.82 21.84 30.65 NOTE
r-release-osx-x86_64-mavericks 1.0.7 ERROR
r-release-osx-x86_64-snowleopard 1.0.7 NOTE

Check Details

Version: 1.0.7
Check: dependencies in R code
Result: NOTE
    'library' or 'require' call to ‘RankProd’ in package code.
     Please use :: or requireNamespace() instead.
     See section 'Suggested packages' in the 'Writing R Extensions' manual.
Flavors: r-devel-linux-x86_64-debian-clang, r-devel-linux-x86_64-debian-gcc, r-devel-linux-x86_64-fedora-clang, r-devel-linux-x86_64-fedora-gcc, r-devel-osx-x86_64-clang, r-release-linux-x86_64, r-release-osx-x86_64-snowleopard

Version: 1.0.7
Check: R code for possible problems
Result: NOTE
    pRP: no visible global function definition for ‘plotRP’
    pRPadvance: no visible global function definition for ‘plotRP’
Flavors: r-devel-linux-x86_64-debian-clang, r-devel-linux-x86_64-debian-gcc, r-devel-linux-x86_64-fedora-clang, r-devel-linux-x86_64-fedora-gcc, r-devel-osx-x86_64-clang, r-release-linux-x86_64, r-release-osx-x86_64-snowleopard

Version: 1.0.7
Check: compiled code
Result: NOTE
    Note: information on .o files is not available
Flavors: r-devel-linux-x86_64-debian-clang, r-devel-linux-x86_64-debian-gcc, r-devel-linux-x86_64-fedora-clang, r-devel-linux-x86_64-fedora-gcc, r-devel-osx-x86_64-clang, r-release-linux-x86_64, r-release-osx-x86_64-snowleopard

Version: 1.0.7
Check: whether package can be installed
Result: ERROR
    Installation failed.
Flavors: r-patched-solaris-sparc, r-patched-solaris-x86, r-release-osx-x86_64-mavericks

Version: 1.0.7
Check: package dependencies
Result: NOTE
    Packages suggested but not available for checking: ‘golubEsets’ ‘RankProd’
Flavor: r-release-osx-x86_64-mavericks

Version: 1.0.7
Check: package dependencies
Result: NOTE
    Packages suggested but not available for checking:
     ‘multtest’ ‘Biostrings’ ‘ShortRead’ ‘golubEsets’ ‘RankProd’
Flavor: r-release-osx-x86_64-snowleopard

Version: 1.0.7
Check: Rd cross-references
Result: NOTE
    Packages unavailable to check Rd xrefs: ‘RankProd’, ‘multtest’
Flavor: r-release-osx-x86_64-snowleopard