CRAN Package Check Results for Package sprint

Last updated on 2016-05-27 06:47:05.

Flavor Version Tinstall Tcheck Ttotal Status Flags
r-devel-linux-x86_64-debian-gcc 1.0.7 9.30 22.96 32.26 NOTE
r-devel-linux-x86_64-fedora-clang 1.0.7 51.84 NOTE
r-devel-linux-x86_64-fedora-gcc 1.0.7 48.14 NOTE
r-devel-osx-x86_64-clang 1.0.7 54.87 NOTE
r-patched-linux-x86_64 1.0.7 9.32 22.52 31.84 NOTE
r-patched-solaris-sparc 1.0.7 35.90 ERROR
r-patched-solaris-x86 1.0.7 7.00 ERROR
r-release-linux-x86_64 1.0.7 9.31 23.09 32.40 NOTE
r-release-osx-x86_64-mavericks 1.0.7 ERROR

Memtest notes: valgrind

Check Details

Version: 1.0.7
Check: dependencies in R code
Result: NOTE
    'library' or 'require' call to ‘RankProd’ in package code.
     Please use :: or requireNamespace() instead.
     See section 'Suggested packages' in the 'Writing R Extensions' manual.
Flavors: r-devel-linux-x86_64-debian-gcc, r-devel-linux-x86_64-fedora-clang, r-devel-linux-x86_64-fedora-gcc, r-devel-osx-x86_64-clang, r-patched-linux-x86_64, r-release-linux-x86_64

Version: 1.0.7
Check: R code for possible problems
Result: NOTE
    pRP: no visible global function definition for ‘plotRP’
    pRPadvance: no visible global function definition for ‘plotRP’
    pboot: no visible global function definition for ‘runif’
    prandomForest.formula: no visible binding for global variable ‘na.fail’
    prandomForest.formula: no visible global function definition for
     ‘model.response’
    prandomForest.formula: no visible global function definition for
     ‘model.frame’
    prandomForest.formula: no visible global function definition for
     ‘terms’
    prandomForest.formula: no visible global function definition for
     ‘reformulate’
    Undefined global functions or variables:
     model.frame model.response na.fail plotRP reformulate runif terms
    Consider adding
     importFrom("stats", "model.frame", "model.response", "na.fail",
     "reformulate", "runif", "terms")
    to your NAMESPACE file.
Flavors: r-devel-linux-x86_64-debian-gcc, r-devel-linux-x86_64-fedora-clang, r-devel-linux-x86_64-fedora-gcc, r-devel-osx-x86_64-clang, r-patched-linux-x86_64, r-release-linux-x86_64

Version: 1.0.7
Check: compiled code
Result: NOTE
    Note: information on .o files is not available
Flavors: r-devel-linux-x86_64-debian-gcc, r-devel-linux-x86_64-fedora-clang, r-devel-linux-x86_64-fedora-gcc, r-devel-osx-x86_64-clang, r-patched-linux-x86_64, r-release-linux-x86_64

Version: 1.0.7
Check: whether package can be installed
Result: ERROR
    Installation failed.
Flavors: r-patched-solaris-sparc, r-patched-solaris-x86

Version: 1.0.7
Check: package dependencies
Result: NOTE
    Package suggested but not available for checking: ‘golubEsets’
Flavor: r-release-osx-x86_64-mavericks

Version: 1.0.7
Check: whether package can be installed
Result: ERROR
    Installation failed.
    See ‘/Builds/CRAN-QA-Simon/packages/mavericks-x86_64/results/3.3/sprint.Rcheck/00install.out’ for details.
    * DONE
    Status: 1 ERROR, 1 NOTE
Flavor: r-release-osx-x86_64-mavericks