CRAN Package Check Results for Package sprint

Last updated on 2015-07-02 20:47:06.

Flavor Version Tinstall Tcheck Ttotal Status Flags
r-devel-linux-x86_64-debian-clang 1.0.7 8.82 20.46 29.28 NOTE
r-devel-linux-x86_64-debian-gcc 1.0.7 8.50 21.10 29.60 NOTE
r-devel-linux-x86_64-fedora-clang 1.0.7 51.09 NOTE
r-devel-linux-x86_64-fedora-gcc 1.0.7 47.70 NOTE
r-devel-osx-x86_64-clang 1.0.7 35.50 NOTE
r-patched-linux-x86_64 1.0.7 8.58 21.26 29.83 NOTE
r-patched-solaris-sparc 1.0.7 42.60 ERROR
r-patched-solaris-x86 1.0.7 9.80 ERROR
r-release-linux-x86_64 1.0.7 8.87 22.50 31.36 NOTE
r-release-osx-x86_64-mavericks 1.0.7 ERROR

Check Details

Version: 1.0.7
Check: dependencies in R code
Result: NOTE
    'library' or 'require' call to ‘RankProd’ in package code.
     Please use :: or requireNamespace() instead.
     See section 'Suggested packages' in the 'Writing R Extensions' manual.
Flavors: r-devel-linux-x86_64-debian-clang, r-devel-linux-x86_64-debian-gcc, r-devel-linux-x86_64-fedora-clang, r-devel-linux-x86_64-fedora-gcc, r-devel-osx-x86_64-clang, r-patched-linux-x86_64, r-release-linux-x86_64

Version: 1.0.7
Check: R code for possible problems
Result: NOTE
    pRP: no visible global function definition for ‘plotRP’
    pRPadvance: no visible global function definition for ‘plotRP’
    pboot: no visible global function definition for ‘runif’
    prandomForest.formula: no visible binding for global variable ‘na.fail’
    prandomForest.formula: no visible global function definition for
     ‘model.response’
    prandomForest.formula: no visible global function definition for
     ‘model.frame’
    prandomForest.formula: no visible global function definition for
     ‘terms’
    prandomForest.formula: no visible global function definition for
     ‘reformulate’
    Undefined global functions or variables:
     model.frame model.response na.fail plotRP reformulate runif terms
Flavors: r-devel-linux-x86_64-debian-clang, r-devel-linux-x86_64-fedora-clang, r-devel-linux-x86_64-fedora-gcc

Version: 1.0.7
Check: compiled code
Result: NOTE
    Note: information on .o files is not available
Flavors: r-devel-linux-x86_64-debian-clang, r-devel-linux-x86_64-debian-gcc, r-devel-linux-x86_64-fedora-clang, r-devel-linux-x86_64-fedora-gcc, r-devel-osx-x86_64-clang, r-patched-linux-x86_64, r-release-linux-x86_64

Version: 1.0.7
Check: R code for possible problems
Result: NOTE
    pRP: no visible global function definition for ‘plotRP’
    pRPadvance: no visible global function definition for ‘plotRP’
    pboot: no visible global function definition for ‘runif’
    prandomForest.formula: no visible binding for global variable ‘na.fail’
    prandomForest.formula: no visible global function definition for
     ‘model.response’
    prandomForest.formula: no visible global function definition for
     ‘model.frame’
    prandomForest.formula: no visible global function definition for
     ‘terms’
    prandomForest.formula: no visible global function definition for
     ‘reformulate’
Flavor: r-devel-linux-x86_64-debian-gcc

Version: 1.0.7
Check: R code for possible problems
Result: NOTE
    pRP: no visible global function definition for ‘plotRP’
    pRPadvance: no visible global function definition for ‘plotRP’
    Undefined global functions or variables:
     plotRP
Flavor: r-devel-osx-x86_64-clang

Version: 1.0.7
Check: R code for possible problems
Result: NOTE
    pRP: no visible global function definition for ‘plotRP’
    pRPadvance: no visible global function definition for ‘plotRP’
Flavors: r-patched-linux-x86_64, r-release-linux-x86_64

Version: 1.0.7
Check: whether package can be installed
Result: ERROR
    Installation failed.
Flavors: r-patched-solaris-sparc, r-patched-solaris-x86, r-release-osx-x86_64-mavericks

Version: 1.0.7
Check: package dependencies
Result: NOTE
    Packages suggested but not available for checking: ‘golubEsets’ ‘RankProd’
Flavor: r-release-osx-x86_64-mavericks