CRAN Package Check Results for Package sprint

Last updated on 2014-12-21 17:49:13.

Flavor Version Tinstall Tcheck Ttotal Status Flags
r-devel-linux-x86_64-debian-clang 1.0.7 9.16 25.76 34.92 NOTE
r-devel-linux-x86_64-debian-gcc 1.0.7 8.74 27.01 35.76 NOTE
r-devel-linux-x86_64-fedora-clang 1.0.7 61.27 NOTE
r-devel-linux-x86_64-fedora-gcc 1.0.7 58.73 NOTE
r-devel-osx-x86_64-clang 1.0.7 55.75 NOTE
r-patched-linux-x86_64 1.0.7 8.88 25.65 34.53 NOTE
r-patched-solaris-sparc 1.0.7 42.60 ERROR
r-patched-solaris-x86 1.0.7 11.90 ERROR
r-release-linux-ix86 1.0.7 11.84 27.24 39.07 NOTE
r-release-linux-x86_64 1.0.7 8.84 26.02 34.86 NOTE
r-release-osx-x86_64-mavericks 1.0.7 ERROR
r-release-osx-x86_64-snowleopard 1.0.7 NOTE

Check Details

Version: 1.0.7
Check: R code for possible problems
Result: NOTE
    pRP: no visible global function definition for ‘plotRP’
    pRPadvance: no visible global function definition for ‘plotRP’
Flavors: r-devel-linux-x86_64-debian-clang, r-devel-linux-x86_64-debian-gcc, r-devel-linux-x86_64-fedora-clang, r-devel-linux-x86_64-fedora-gcc, r-devel-osx-x86_64-clang, r-patched-linux-x86_64, r-release-linux-ix86, r-release-linux-x86_64, r-release-osx-x86_64-snowleopard

Version: 1.0.7
Check: compiled code
Result: NOTE
    Note: information on .o files is not available
Flavors: r-devel-linux-x86_64-debian-clang, r-devel-linux-x86_64-debian-gcc, r-devel-linux-x86_64-fedora-clang, r-devel-linux-x86_64-fedora-gcc, r-devel-osx-x86_64-clang, r-patched-linux-x86_64, r-release-linux-ix86, r-release-linux-x86_64, r-release-osx-x86_64-snowleopard

Version: 1.0.7
Check: whether package can be installed
Result: ERROR
    Installation failed.
Flavors: r-patched-solaris-sparc, r-patched-solaris-x86, r-release-osx-x86_64-mavericks

Version: 1.0.7
Check: package dependencies
Result: NOTE
    Packages suggested but not available for checking: ‘golubEsets’ ‘RankProd’
Flavors: r-release-osx-x86_64-mavericks, r-release-osx-x86_64-snowleopard

Version: 1.0.7
Check: Rd cross-references
Result: NOTE
    Package unavailable to check Rd xrefs: ‘RankProd’
Flavor: r-release-osx-x86_64-snowleopard