CRAN Package Check Results for Package spdep

Last updated on 2016-04-29 06:47:40.

Flavor Version Tinstall Tcheck Ttotal Status Flags
r-devel-linux-x86_64-debian-gcc 0.6-4 7.02 144.80 151.82 NOTE
r-devel-linux-x86_64-fedora-clang 0.6-4 286.60 NOTE
r-devel-linux-x86_64-fedora-gcc 0.6-4 270.12 NOTE
r-devel-osx-x86_64-clang 0.6-4 303.23 NOTE
r-devel-windows-ix86+x86_64 0.6-4 30.00 327.00 357.00 NOTE
r-patched-linux-x86_64 0.6-4 7.41 143.58 150.98 NOTE
r-patched-solaris-sparc 0.6-4 1586.80 NOTE
r-patched-solaris-x86 0.6-4 341.60 NOTE
r-release-linux-x86_64 0.6-4 7.59 180.72 188.31 NOTE
r-release-osx-x86_64-mavericks 0.6-4 NOTE
r-release-windows-ix86+x86_64 0.6-4 39.00 335.00 374.00 NOTE
r-oldrel-windows-ix86+x86_64 0.6-4 56.00 382.00 438.00 NOTE

Check Details

Version: 0.6-4
Check: installed package size
Result: NOTE
     installed size is 5.5Mb
     sub-directories of 1Mb or more:
     data 1.1Mb
     doc 1.5Mb
     etc 1.7Mb
Flavors: r-devel-linux-x86_64-debian-gcc, r-devel-linux-x86_64-fedora-clang, r-devel-linux-x86_64-fedora-gcc, r-devel-osx-x86_64-clang, r-devel-windows-ix86+x86_64, r-patched-linux-x86_64, r-patched-solaris-sparc, r-patched-solaris-x86, r-release-linux-x86_64, r-release-osx-x86_64-mavericks, r-release-windows-ix86+x86_64, r-oldrel-windows-ix86+x86_64