CRAN Package Check Results for Package spdep

Last updated on 2016-09-25 11:47:26.

Flavor Version Tinstall Tcheck Ttotal Status Flags
r-devel-linux-x86_64-debian-clang 0.6-8 7.39 152.80 160.19 NOTE
r-devel-linux-x86_64-debian-gcc 0.6-8 7.24 149.93 157.18 NOTE
r-devel-linux-x86_64-fedora-clang 0.6-8 298.19 NOTE
r-devel-linux-x86_64-fedora-gcc 0.6-8 291.79 NOTE
r-devel-macos-x86_64-clang 0.6-8 225.31 NOTE
r-devel-windows-ix86+x86_64 0.6-8 27.00 559.00 586.00 NOTE
r-patched-linux-x86_64 0.6-8 7.08 148.87 155.95 NOTE
r-patched-solaris-sparc 0.6-8 1635.20 NOTE
r-patched-solaris-x86 0.6-8 369.60 NOTE
r-release-linux-x86_64 0.6-8 7.08 152.88 159.96 NOTE
r-release-osx-x86_64-mavericks 0.6-8 NOTE
r-release-windows-ix86+x86_64 0.6-8 28.00 319.00 347.00 NOTE
r-oldrel-windows-ix86+x86_64 0.6-8 45.00 405.00 450.00 NOTE

Check Details

Version: 0.6-8
Check: installed package size
Result: NOTE
     installed size is 5.5Mb
     sub-directories of 1Mb or more:
     data 1.2Mb
     doc 1.5Mb
     etc 1.7Mb
Flavors: r-devel-linux-x86_64-debian-clang, r-devel-linux-x86_64-debian-gcc, r-devel-linux-x86_64-fedora-clang, r-devel-linux-x86_64-fedora-gcc, r-devel-macos-x86_64-clang, r-devel-windows-ix86+x86_64, r-patched-linux-x86_64, r-patched-solaris-sparc, r-patched-solaris-x86, r-release-linux-x86_64, r-release-osx-x86_64-mavericks, r-release-windows-ix86+x86_64, r-oldrel-windows-ix86+x86_64