CRAN Package Check Results for Package spdep

Last updated on 2017-03-27 21:49:15.

Flavor Version Tinstall Tcheck Ttotal Status Flags
r-devel-linux-x86_64-debian-clang 0.6-11 8.18 180.68 188.86 OK
r-devel-linux-x86_64-debian-gcc 0.6-11 7.30 171.20 178.50 OK
r-devel-linux-x86_64-fedora-clang 0.6-11 394.47 NOTE --no-stop-on-test-error
r-devel-linux-x86_64-fedora-gcc 0.6-11 346.84 NOTE --no-stop-on-test-error
r-devel-macos-x86_64-clang 0.6-11 255.85 NOTE --no-stop-on-test-error
r-devel-windows-ix86+x86_64 0.6-11 38.00 346.00 384.00 ERROR
r-patched-linux-x86_64 0.6-11 7.35 177.34 184.69 OK
r-patched-solaris-sparc 0.6-11 1976.80 NOTE
r-patched-solaris-x86 0.6-11 444.40 NOTE
r-release-linux-x86_64 0.6-11 6.98 160.23 167.22 OK
r-release-osx-x86_64-mavericks 0.6-11 NOTE
r-release-windows-ix86+x86_64 0.6-11 54.00 404.00 458.00 NOTE
r-oldrel-windows-ix86+x86_64 0.6-11 40.00 355.00 395.00 WARN

Check Details

Version: 0.6-11
Flags: --no-stop-on-test-error
Check: installed package size
Result: NOTE
     installed size is 5.6Mb
     sub-directories of 1Mb or more:
     data 1.2Mb
     doc 1.5Mb
     etc 1.7Mb
Flavors: r-devel-linux-x86_64-fedora-clang, r-devel-linux-x86_64-fedora-gcc, r-devel-macos-x86_64-clang

Version: 0.6-11
Check: installed package size
Result: NOTE
     installed size is 5.5Mb
     sub-directories of 1Mb or more:
     data 1.1Mb
     doc 1.5Mb
     etc 1.7Mb
Flavors: r-devel-windows-ix86+x86_64, r-patched-solaris-sparc, r-patched-solaris-x86, r-release-osx-x86_64-mavericks, r-release-windows-ix86+x86_64, r-oldrel-windows-ix86+x86_64

Version: 0.6-11
Check: running examples for arch ‘x64’
Result: ERROR
    Running examples in 'spdep-Ex.R' failed
    The error most likely occurred in:
    
    > ### Name: lextrB
    > ### Title: Find extreme eigenvalues of binary symmetric spatial weights
    > ### Aliases: lextrB lextrW lextrS l_max
    > ### Keywords: spatial
    >
    > ### ** Examples
    >
    > data(boston)
    > ab.listb <- nb2listw(boston.soi, style="B")
    > er <- range(eigenw(ab.listb))
    > er
    [1] -3.039465 5.306204
    > res_1 <- lextrB(ab.listb)
    > c(res_1)
     lambda_n lambda_1
    -3.039374 5.306203
    > if (require(igraph)) {
    + B <- as(ab.listb, "symmetricMatrix")
    + n <- length(boston.soi)
    + f2 <- function(x, extra=NULL) {as.vector(B %*% x)}
    + ar1 <- arpack(f2, sym=TRUE, options=list(n=n, nev=1, ncv=8,
    + which="LA", maxiter=200))
    + print(ar1$values)
    + arn <- arpack(f2, sym=TRUE, options=list(n=n, nev=1, ncv=8,
    + which="SA", maxiter=200))
    + print(arn$values)
    + # ar1 <- arpack(f2, sym=TRUE, options=list(n=n, nev=2, ncv=8,
    + # which="BE", maxiter=300))
    + # "BE" gives: At line 558 of file dsaup2.f: Fortran runtime error:
    + # Index '9' of dimension 1 of array 'bounds' above upper bound of 8
    + # "BE"
    + # print(ar1$values)
    + }
    Loading required package: igraph
    
    Attaching package: 'igraph'
    
    The following objects are masked from 'package:stats':
    
     decompose, spectrum
    
    The following object is masked from 'package:base':
    
     union
    
    Note: method with signature 'Matrix#numLike' chosen for function '%*%',
     target signature 'dsTMatrix#numeric'.
     "TsparseMatrix#ANY" would also be valid
    Note: method with signature 'sparseMatrix#matrix' chosen for function '%*%',
     target signature 'dsTMatrix#matrix'.
     "TsparseMatrix#ANY" would also be valid
    [1] 5.306204
    At line 409 of file dsaupd.f
    Fortran runtime error: Actual string length is shorter than the declared one for dummy argument 'which' (0/2)
Flavor: r-devel-windows-ix86+x86_64

Version: 0.6-11
Check: re-building of vignette outputs
Result: WARN
    Error in re-building vignettes:
     ...
    At line 409 of file dsaupd.f
    Fortran runtime error: Actual string length is shorter than the declared one for dummy argument 'which' (0/2)
Flavor: r-devel-windows-ix86+x86_64

Version: 0.6-11
Check: whether package can be installed
Result: WARN
    Found the following significant warnings:
     Warning: replacing previous import 'Matrix::expm' by 'expm::expm' when loading 'spdep'
Flavor: r-oldrel-windows-ix86+x86_64