CRAN Package Check Results for Package spdep

Last updated on 2016-06-27 15:47:52.

Flavor Version Tinstall Tcheck Ttotal Status Flags
r-devel-linux-x86_64-debian-gcc 0.6-5 7.07 147.34 154.41 NOTE
r-devel-linux-x86_64-fedora-clang 0.6-5 307.41 NOTE
r-devel-linux-x86_64-fedora-gcc 0.6-5 275.94 NOTE
r-devel-osx-x86_64-clang 0.6-5 223.38 NOTE
r-devel-windows-ix86+x86_64 0.6-5 28.00 293.00 321.00 NOTE
r-patched-linux-x86_64 0.6-5 7.40 151.58 158.98 NOTE
r-patched-solaris-sparc 0.6-5 1705.00 NOTE
r-patched-solaris-x86 0.6-5 346.80 NOTE
r-release-linux-x86_64 0.6-5 7.16 148.57 155.73 NOTE
r-release-osx-x86_64-mavericks 0.6-5 NOTE
r-release-windows-ix86+x86_64 0.6-5 26.00 304.00 330.00 NOTE
r-oldrel-windows-ix86+x86_64 0.6-5 49.00 499.00 548.00 NOTE

Check Details

Version: 0.6-5
Check: installed package size
Result: NOTE
     installed size is 5.5Mb
     sub-directories of 1Mb or more:
     data 1.1Mb
     doc 1.5Mb
     etc 1.7Mb
Flavors: r-devel-linux-x86_64-debian-gcc, r-devel-linux-x86_64-fedora-clang, r-devel-linux-x86_64-fedora-gcc, r-devel-osx-x86_64-clang, r-devel-windows-ix86+x86_64, r-patched-linux-x86_64, r-patched-solaris-sparc, r-patched-solaris-x86, r-release-linux-x86_64, r-release-osx-x86_64-mavericks, r-release-windows-ix86+x86_64, r-oldrel-windows-ix86+x86_64