CRAN Package Check Results for Package spdep

Last updated on 2016-08-27 03:50:32.

Flavor Version Tinstall Tcheck Ttotal Status Flags
r-devel-linux-x86_64-debian-clang 0.6-6 8.21 157.71 165.92 NOTE
r-devel-linux-x86_64-debian-gcc 0.6-6 10.24 187.58 197.82 NOTE
r-devel-linux-x86_64-fedora-clang 0.6-6 303.87 NOTE
r-devel-linux-x86_64-fedora-gcc 0.6-6 289.87 NOTE
r-devel-osx-x86_64-clang 0.6-6 234.90 NOTE
r-devel-windows-ix86+x86_64 0.6-6 39.00 406.00 445.00 NOTE
r-patched-linux-x86_64 0.6-6 7.61 150.13 157.74 NOTE
r-patched-solaris-sparc 0.6-6 1639.30 NOTE
r-patched-solaris-x86 0.6-6 362.50 NOTE
r-release-linux-x86_64 0.6-6 7.29 155.58 162.87 NOTE
r-release-osx-x86_64-mavericks 0.6-6 NOTE
r-release-windows-ix86+x86_64 0.6-6 42.00 332.00 374.00 NOTE
r-oldrel-windows-ix86+x86_64 0.6-6 38.00 403.00 441.00 NOTE

Check Details

Version: 0.6-6
Check: installed package size
Result: NOTE
     installed size is 5.5Mb
     sub-directories of 1Mb or more:
     data 1.2Mb
     doc 1.5Mb
     etc 1.7Mb
Flavors: r-devel-linux-x86_64-debian-clang, r-devel-linux-x86_64-debian-gcc, r-devel-linux-x86_64-fedora-clang, r-devel-linux-x86_64-fedora-gcc, r-devel-osx-x86_64-clang, r-devel-windows-ix86+x86_64, r-patched-linux-x86_64, r-patched-solaris-sparc, r-patched-solaris-x86, r-release-linux-x86_64, r-release-osx-x86_64-mavericks, r-release-windows-ix86+x86_64, r-oldrel-windows-ix86+x86_64