CRAN Package Check Results for Package spdep

Last updated on 2016-12-08 03:54:40.

Flavor Version Tinstall Tcheck Ttotal Status Flags
r-devel-linux-x86_64-debian-clang 0.6-8 8.13 178.99 187.12 OK
r-devel-linux-x86_64-debian-gcc 0.6-8 7.15 178.82 185.97 OK
r-devel-linux-x86_64-fedora-clang 0.6-8 351.97 NOTE --no-stop-on-test-error
r-devel-linux-x86_64-fedora-gcc 0.6-8 355.46 NOTE --no-stop-on-test-error
r-devel-macos-x86_64-clang 0.6-8 257.49 NOTE
r-devel-windows-ix86+x86_64 0.6-8 27.00 369.00 396.00 NOTE
r-patched-linux-x86_64 0.6-8 6.67 149.79 156.47 OK
r-patched-solaris-sparc 0.6-8 1635.20 NOTE
r-patched-solaris-x86 0.6-8 375.40 NOTE
r-release-linux-x86_64 0.6-8 6.72 151.92 158.65 OK
r-release-osx-x86_64-mavericks 0.6-8 NOTE
r-release-windows-ix86+x86_64 0.6-8 23.00 293.00 316.00 NOTE
r-oldrel-windows-ix86+x86_64 0.6-8 56.00 466.00 522.00 NOTE

Check Details

Version: 0.6-8
Flags: --no-stop-on-test-error
Check: installed package size
Result: NOTE
     installed size is 5.6Mb
     sub-directories of 1Mb or more:
     data 1.2Mb
     doc 1.5Mb
     etc 1.7Mb
Flavors: r-devel-linux-x86_64-fedora-clang, r-devel-linux-x86_64-fedora-gcc

Version: 0.6-8
Check: installed package size
Result: NOTE
     installed size is 5.5Mb
     sub-directories of 1Mb or more:
     data 1.1Mb
     doc 1.5Mb
     etc 1.7Mb
Flavors: r-devel-macos-x86_64-clang, r-devel-windows-ix86+x86_64, r-patched-solaris-sparc, r-patched-solaris-x86, r-release-osx-x86_64-mavericks, r-release-windows-ix86+x86_64, r-oldrel-windows-ix86+x86_64