CRAN Package Check Results for Package spdep

Last updated on 2015-03-01 17:47:37.

Flavor Version Tinstall Tcheck Ttotal Status Flags
r-devel-linux-x86_64-debian-clang 0.5-83 8.04 167.31 175.35 NOTE
r-devel-linux-x86_64-debian-gcc 0.5-83 6.81 162.38 169.20 NOTE
r-devel-linux-x86_64-fedora-clang 0.5-83 335.81 NOTE
r-devel-linux-x86_64-fedora-gcc 0.5-83 318.66 NOTE
r-devel-osx-x86_64-clang 0.5-83 291.26 NOTE
r-devel-windows-ix86+x86_64 0.5-83 53.00 282.00 335.00 NOTE
r-patched-linux-x86_64 0.5-83 8.42 197.76 206.18 NOTE
r-patched-solaris-sparc 0.5-83 2065.60 NOTE
r-patched-solaris-x86 0.5-83 498.30 NOTE
r-release-linux-ix86 0.5-83 10.29 220.39 230.68 NOTE
r-release-linux-x86_64 0.5-83 10.41 196.67 207.08 NOTE
r-release-osx-x86_64-mavericks 0.5-83 NOTE
r-release-osx-x86_64-snowleopard 0.5-83 NOTE
r-release-windows-ix86+x86_64 0.5-83 40.00 363.00 403.00 NOTE
r-oldrel-windows-ix86+x86_64 0.5-83 34.00 351.00 385.00 NOTE

Check Details

Version: 0.5-83
Check: installed package size
Result: NOTE
     installed size is 5.4Mb
     sub-directories of 1Mb or more:
     data 1.1Mb
     doc 1.5Mb
     etc 1.7Mb
Flavors: r-devel-linux-x86_64-debian-clang, r-devel-linux-x86_64-debian-gcc, r-devel-linux-x86_64-fedora-clang, r-devel-linux-x86_64-fedora-gcc, r-devel-osx-x86_64-clang, r-devel-windows-ix86+x86_64, r-patched-linux-x86_64, r-patched-solaris-sparc, r-patched-solaris-x86, r-release-linux-ix86, r-release-linux-x86_64, r-release-osx-x86_64-mavericks, r-release-osx-x86_64-snowleopard, r-release-windows-ix86+x86_64, r-oldrel-windows-ix86+x86_64

Version: 0.5-83
Check: S3 generic/method consistency
Result: NOTE
    Found the following apparent S3 methods exported but not registered:
     lag.listw
    See section ‘Registering S3 methods’ in the ‘Writing R Extensions’
    manual.
Flavors: r-devel-linux-x86_64-debian-clang, r-devel-linux-x86_64-debian-gcc, r-devel-linux-x86_64-fedora-clang, r-devel-linux-x86_64-fedora-gcc, r-devel-osx-x86_64-clang