CRAN Package Check Results for Package spdep

Last updated on 2015-01-29 16:48:39.

Flavor Version Tinstall Tcheck Ttotal Status Flags
r-devel-linux-x86_64-debian-clang 0.5-83 7.93 170.68 178.61 NOTE
r-devel-linux-x86_64-debian-gcc 0.5-83 7.70 168.98 176.68 NOTE
r-devel-linux-x86_64-fedora-clang 0.5-83 395.72 NOTE
r-devel-linux-x86_64-fedora-gcc 0.5-83 378.29 NOTE
r-devel-osx-x86_64-clang 0.5-83 325.24 NOTE
r-devel-windows-ix86+x86_64 0.5-83 55.00 282.00 337.00 NOTE
r-patched-linux-x86_64 0.5-83 8.35 188.36 196.71 NOTE
r-patched-solaris-sparc 0.5-83 2065.60 NOTE
r-patched-solaris-x86 0.5-83 494.20 NOTE
r-release-linux-ix86 0.5-83 10.02 213.79 223.81 NOTE
r-release-linux-x86_64 0.5-83 8.18 196.77 204.95 NOTE
r-release-osx-x86_64-mavericks 0.5-83 NOTE
r-release-osx-x86_64-snowleopard 0.5-83 NOTE
r-release-windows-ix86+x86_64 0.5-83 36.00 353.00 389.00 NOTE
r-oldrel-windows-ix86+x86_64 0.5-83 38.00 328.00 366.00 NOTE

Check Details

Version: 0.5-83
Check: installed package size
Result: NOTE
     installed size is 5.4Mb
     sub-directories of 1Mb or more:
     data 1.1Mb
     doc 1.5Mb
     etc 1.7Mb
Flavors: r-devel-linux-x86_64-debian-clang, r-devel-linux-x86_64-debian-gcc, r-devel-linux-x86_64-fedora-clang, r-devel-linux-x86_64-fedora-gcc, r-devel-osx-x86_64-clang, r-devel-windows-ix86+x86_64, r-patched-linux-x86_64, r-patched-solaris-sparc, r-patched-solaris-x86, r-release-linux-ix86, r-release-linux-x86_64, r-release-osx-x86_64-mavericks, r-release-osx-x86_64-snowleopard, r-release-windows-ix86+x86_64, r-oldrel-windows-ix86+x86_64

Version: 0.5-83
Check: S3 generic/method consistency
Result: NOTE
    Found the following apparent S3 methods exported but not registered:
     lag.listw
    See section ‘Registering S3 methods’ in the ‘Writing R Extensions’
    manual.
Flavors: r-devel-linux-x86_64-debian-clang, r-devel-linux-x86_64-debian-gcc, r-devel-linux-x86_64-fedora-clang, r-devel-linux-x86_64-fedora-gcc, r-devel-osx-x86_64-clang