CRAN Package Check Results for Package spdep

Last updated on 2017-08-20 09:48:01.

Flavor Version Tinstall Tcheck Ttotal Status Flags
r-devel-linux-x86_64-debian-clang 0.6-13 8.04 176.66 184.70 OK
r-devel-linux-x86_64-debian-gcc 0.6-13 7.91 178.34 186.25 OK
r-devel-linux-x86_64-fedora-clang 0.6-13 366.52 NOTE
r-devel-linux-x86_64-fedora-gcc 0.6-13 339.30 NOTE
r-devel-windows-ix86+x86_64 0.6-13 33.00 332.00 365.00 NOTE
r-patched-linux-x86_64 0.6-13 7.23 174.83 182.06 OK
r-patched-solaris-x86 0.6-13 436.30 NOTE
r-release-linux-x86_64 0.6-13 7.86 167.00 174.86 OK
r-release-windows-ix86+x86_64 0.6-13 64.00 331.00 395.00 NOTE
r-release-osx-x86_64 0.6-13 NOTE
r-oldrel-windows-ix86+x86_64 0.6-13 39.00 290.00 329.00 NOTE
r-oldrel-osx-x86_64 0.6-13 NOTE

Check Details

Version: 0.6-13
Check: installed package size
Result: NOTE
     installed size is 5.6Mb
     sub-directories of 1Mb or more:
     data 1.2Mb
     doc 1.5Mb
     etc 1.7Mb
Flavors: r-devel-linux-x86_64-fedora-clang, r-devel-linux-x86_64-fedora-gcc, r-devel-windows-ix86+x86_64, r-patched-solaris-x86, r-release-windows-ix86+x86_64, r-release-osx-x86_64, r-oldrel-windows-ix86+x86_64, r-oldrel-osx-x86_64