CRAN Package Check Results for Package spaa

Last updated on 2015-07-05 21:46:49.

Flavor Version Tinstall Tcheck Ttotal Status Flags
r-devel-linux-x86_64-debian-clang 0.2.1 0.67 14.92 15.58 NOTE
r-devel-linux-x86_64-debian-gcc 0.2.1 0.88 14.80 15.68 NOTE
r-devel-linux-x86_64-fedora-clang 0.2.1 29.98 NOTE
r-devel-linux-x86_64-fedora-gcc 0.2.1 28.67 NOTE
r-devel-osx-x86_64-clang 0.2.1 25.45 OK
r-devel-windows-ix86+x86_64 0.2.1 4.00 26.00 30.00 NOTE
r-patched-linux-x86_64 0.2.1 0.73 15.15 15.88 OK
r-patched-solaris-sparc 0.2.1 196.40 OK
r-patched-solaris-x86 0.2.1 42.90 OK
r-release-linux-x86_64 0.2.1 0.69 15.18 15.88 OK
r-release-osx-x86_64-mavericks 0.2.1 OK
r-release-windows-ix86+x86_64 0.2.1 4.00 41.00 45.00 OK
r-oldrel-windows-ix86+x86_64 0.2.1 5.00 28.00 33.00 OK

Check Details

Version: 0.2.1
Check: R code for possible problems
Result: NOTE
    XYname: no visible global function definition for ‘dist’
    add.col: no visible global function definition for ‘head’
    dist2list: no visible global function definition for ‘stack’
    freq.calc: no visible global function definition for ‘na.omit’
    list2dist: no visible global function definition for ‘as.dist’
    niche.overlap: no visible global function definition for ‘na.omit’
    niche.overlap: no visible global function definition for ‘as.dist’
    niche.overlap.boot.pair: no visible global function definition for ‘sd’
    niche.overlap.boot.pair: no visible global function definition for
     ‘quantile’
    niche.width: no visible global function definition for ‘na.omit’
    plotlowertri: no visible global function definition for ‘as.dist’
    plotlowertri: no visible global function definition for ‘plot’
    plotlowertri: no visible global function definition for ‘rect’
    plotlowertri: no visible global function definition for ‘points’
    plotlowertri: no visible global function definition for ‘text’
    plotnetwork: no visible global function definition for ‘plot’
    plotnetwork: no visible global function definition for ‘as.dist’
    plotnetwork: no visible global function definition for ‘segments’
    plotnetwork: no visible global function definition for ‘points’
    plotnetwork: no visible global function definition for ‘text’
    sp.assoc: no visible global function definition for ‘na.omit’
    sp.pair: no visible global function definition for ‘na.omit’
    sp.pair: no visible global function definition for ‘cor’
    Undefined global functions or variables:
     as.dist cor dist head na.omit plot points quantile rect sd segments
     stack text
Flavors: r-devel-linux-x86_64-debian-clang, r-devel-linux-x86_64-debian-gcc, r-devel-linux-x86_64-fedora-clang, r-devel-linux-x86_64-fedora-gcc, r-devel-windows-ix86+x86_64