CRAN Package Check Results for Package spBayes

Last updated on 2014-10-23 19:47:48.

Flavor Version Tinstall Tcheck Ttotal Status Flags
r-devel-linux-x86_64-debian-clang 0.3-8 12.59 27.29 39.88 NOTE
r-devel-linux-x86_64-debian-gcc 0.3-8 16.82 26.69 43.50 NOTE
r-devel-linux-x86_64-fedora-clang 0.3-8 90.23 NOTE
r-devel-linux-x86_64-fedora-gcc 0.3-8 78.58 NOTE
r-devel-osx-x86_64-clang 0.3-8 64.78 NOTE
r-devel-windows-ix86+x86_64 0.3-8 67.00 47.00 114.00 NOTE
r-patched-linux-x86_64 0.3-8 17.67 28.59 46.26 NOTE
r-patched-solaris-sparc 0.3-8 501.60 NOTE
r-patched-solaris-x86 0.3-8 118.60 NOTE
r-release-linux-ix86 0.3-8 29.04 41.01 70.04 NOTE
r-release-linux-x86_64 0.3-8 16.79 30.78 47.57 NOTE
r-release-osx-x86_64-mavericks 0.3-8 NOTE
r-release-osx-x86_64-snowleopard 0.3-8 OK
r-release-windows-ix86+x86_64 0.3-8 67.00 57.00 124.00 NOTE
r-oldrel-windows-ix86+x86_64 0.3-8 68.00 54.00 122.00 NOTE

Check Details

Version: 0.3-8
Check: dependencies in R code
Result: NOTE
    Packages in Depends field not imported from:
     ‘Formula’ ‘abind’ ‘coda’ ‘magic’
     These packages need to be imported from (in the NAMESPACE file)
     for when this namespace is loaded but not attached.
    See the information on DESCRIPTION files in the chapter ‘Creating R
    packages’ of the ‘Writing R Extensions’ manual.
Flavors: r-devel-linux-x86_64-debian-clang, r-devel-linux-x86_64-debian-gcc, r-devel-linux-x86_64-fedora-clang, r-devel-linux-x86_64-fedora-gcc, r-devel-osx-x86_64-clang, r-devel-windows-ix86+x86_64, r-patched-linux-x86_64, r-patched-solaris-sparc, r-patched-solaris-x86, r-release-linux-ix86, r-release-linux-x86_64, r-release-osx-x86_64-mavericks, r-release-windows-ix86+x86_64, r-oldrel-windows-ix86+x86_64

Version: 0.3-8
Check: R code for possible problems
Result: NOTE
    adaptMetropGibbs: no visible global function definition for ‘mcmc’
    bayesGeostatExact: no visible global function definition for ‘mcmc’
    bayesLMConjugate: no visible global function definition for ‘mcmc’
    bayesLMRef: no visible global function definition for ‘mcmc’
    mkMisalignYX: no visible binding for global variable ‘adiag’
    parseFormula2: no visible global function definition for ‘Formula’
    spDynLM: no visible global function definition for ‘mcmc’
    spGLM: no visible global function definition for ‘mcmc’
    spLM: no visible global function definition for ‘mcmc’
    spMisalignGLM: no visible global function definition for ‘mcmc’
    spMisalignLM: no visible global function definition for ‘mcmc’
    spMvGLM: no visible global function definition for ‘mcmc’
    spMvLM: no visible global function definition for ‘mcmc’
    spPredict: no visible binding for global variable ‘adiag’
    spPredict: no visible global function definition for ‘mcmc’
    spRecover: no visible global function definition for ‘mcmc’
Flavors: r-devel-linux-x86_64-debian-clang, r-devel-linux-x86_64-debian-gcc, r-devel-linux-x86_64-fedora-clang, r-devel-linux-x86_64-fedora-gcc, r-devel-osx-x86_64-clang, r-devel-windows-ix86+x86_64, r-patched-linux-x86_64, r-patched-solaris-sparc, r-patched-solaris-x86

Version: 0.3-8
Check: package dependencies
Result: NOTE
    Package suggested but not available for checking: ‘MBA’
Flavor: r-release-osx-x86_64-mavericks