CRAN Package Check Results for Package spBayes

Last updated on 2014-12-18 17:51:40.

Flavor Version Tinstall Tcheck Ttotal Status Flags
r-devel-linux-x86_64-debian-clang 0.3-8 12.60 27.60 40.20 NOTE
r-devel-linux-x86_64-debian-gcc 0.3-8 16.74 26.72 43.46 NOTE
r-devel-linux-x86_64-fedora-clang 0.3-8 94.78 NOTE
r-devel-linux-x86_64-fedora-gcc 0.3-8 79.37 NOTE
r-devel-osx-x86_64-clang 0.3-8 66.76 NOTE
r-devel-windows-ix86+x86_64 0.3-8 98.00 50.00 148.00 NOTE
r-patched-linux-x86_64 0.3-8 16.99 27.75 44.74 NOTE
r-patched-solaris-sparc 0.3-8 501.60 NOTE
r-patched-solaris-x86 0.3-8 118.20 NOTE
r-release-linux-ix86 0.3-8 27.48 35.66 63.14 NOTE
r-release-linux-x86_64 0.3-8 16.96 28.41 45.36 NOTE
r-release-osx-x86_64-mavericks 0.3-8 NOTE
r-release-osx-x86_64-snowleopard 0.3-8 OK
r-release-windows-ix86+x86_64 0.3-8 68.00 49.00 117.00 NOTE
r-oldrel-windows-ix86+x86_64 0.3-8 68.00 56.00 124.00 NOTE

Check Details

Version: 0.3-8
Check: dependencies in R code
Result: NOTE
    Packages in Depends field not imported from:
     ‘Formula’ ‘abind’ ‘coda’ ‘magic’
     These packages need to be imported from (in the NAMESPACE file)
     for when this namespace is loaded but not attached.
    See the information on DESCRIPTION files in the chapter ‘Creating R
    packages’ of the ‘Writing R Extensions’ manual.
Flavors: r-devel-linux-x86_64-debian-clang, r-devel-linux-x86_64-debian-gcc, r-devel-linux-x86_64-fedora-clang, r-devel-linux-x86_64-fedora-gcc, r-devel-osx-x86_64-clang, r-devel-windows-ix86+x86_64, r-patched-linux-x86_64, r-patched-solaris-sparc, r-patched-solaris-x86, r-release-linux-ix86, r-release-linux-x86_64, r-release-osx-x86_64-mavericks, r-release-windows-ix86+x86_64, r-oldrel-windows-ix86+x86_64

Version: 0.3-8
Check: R code for possible problems
Result: NOTE
    adaptMetropGibbs: no visible global function definition for ‘mcmc’
    bayesGeostatExact: no visible global function definition for ‘mcmc’
    bayesLMConjugate: no visible global function definition for ‘mcmc’
    bayesLMRef: no visible global function definition for ‘mcmc’
    mkMisalignYX: no visible binding for global variable ‘adiag’
    parseFormula2: no visible global function definition for ‘Formula’
    spDynLM: no visible global function definition for ‘mcmc’
    spGLM: no visible global function definition for ‘mcmc’
    spLM: no visible global function definition for ‘mcmc’
    spMisalignGLM: no visible global function definition for ‘mcmc’
    spMisalignLM: no visible global function definition for ‘mcmc’
    spMvGLM: no visible global function definition for ‘mcmc’
    spMvLM: no visible global function definition for ‘mcmc’
    spPredict: no visible binding for global variable ‘adiag’
    spPredict: no visible global function definition for ‘mcmc’
    spRecover: no visible global function definition for ‘mcmc’
Flavors: r-devel-linux-x86_64-debian-clang, r-devel-linux-x86_64-debian-gcc, r-devel-linux-x86_64-fedora-clang, r-devel-linux-x86_64-fedora-gcc, r-devel-osx-x86_64-clang, r-devel-windows-ix86+x86_64, r-patched-linux-x86_64, r-patched-solaris-sparc, r-patched-solaris-x86, r-release-linux-ix86, r-release-linux-x86_64, r-release-windows-ix86+x86_64

Version: 0.3-8
Check: package dependencies
Result: NOTE
    Package suggested but not available for checking: ‘MBA’
Flavor: r-release-osx-x86_64-mavericks