CRAN Package Check Results for Package spBayes

Last updated on 2015-06-30 21:46:52.

Flavor Version Tinstall Tcheck Ttotal Status Flags
r-devel-linux-x86_64-debian-clang 0.3-9 12.80 24.58 37.38 NOTE
r-devel-linux-x86_64-debian-gcc 0.3-9 16.50 24.89 41.39 NOTE
r-devel-linux-x86_64-fedora-clang 0.3-9 81.10 NOTE
r-devel-linux-x86_64-fedora-gcc 0.3-9 76.08 OK
r-devel-osx-x86_64-clang 0.3-9 62.12 OK
r-devel-windows-ix86+x86_64 0.3-9 107.00 47.00 154.00 NOTE
r-patched-linux-x86_64 0.3-9 16.66 25.07 41.73 OK
r-patched-solaris-sparc 0.3-9 486.10 OK
r-patched-solaris-x86 0.3-9 111.30 OK
r-release-linux-x86_64 0.3-9 16.75 24.52 41.28 OK
r-release-osx-x86_64-mavericks 0.3-9 OK
r-release-windows-ix86+x86_64 0.3-9 93.00 49.00 142.00 OK
r-oldrel-windows-ix86+x86_64 0.3-9 72.00 78.00 150.00 OK

Check Details

Version: 0.3-9
Check: R code for possible problems
Result: NOTE
    bayesGeostatExact: no visible global function definition for ‘dist’
    bayesGeostatExact: no visible global function definition for ‘rnorm’
    bayesLMRef: no visible global function definition for ‘model.frame’
    bayesLMRef: no visible global function definition for ‘vcov’
    bayesLMRef: no visible global function definition for ‘coefficients’
    bayesLMRef: no visible global function definition for ‘rgamma’
    bayesLMRef: no visible global function definition for ‘model.matrix’
    bayesLMRef: no visible global function definition for ‘model.extract’
    bayesNormalReference: no visible global function definition for
     ‘rgamma’
    bayesNormalReference: no visible global function definition for ‘rnorm’
    normalIGammaSampler: no visible global function definition for ‘rgamma’
    parseFormula: no visible global function definition for ‘terms’
    parseFormula: no visible global function definition for
     ‘is.empty.model’
    parseFormula: no visible global function definition for ‘model.matrix’
    parseFormula: no visible binding for global variable ‘contrasts’
    parseFormula: no visible global function definition for
     ‘model.response’
    parseFormula2: no visible global function definition for
     ‘model.response’
    parseFormula2: no visible global function definition for ‘model.matrix’
    rmvn: no visible global function definition for ‘rnorm’
    spDiag : rmvn: no visible global function definition for ‘rnorm’
    spDiag : GP: no visible binding for global variable ‘var’
    spDiag : GR: no visible binding for global variable ‘var’
    spDiag: no visible global function definition for ‘rnorm’
    spGLM: no visible global function definition for ‘coefficients’
    spGLM: no visible global function definition for ‘glm’
    spLM: no visible global function definition for ‘lm’
    spLM: no visible global function definition for ‘coefficients’
    spMvGLM: no visible global function definition for ‘coefficients’
    spMvGLM: no visible global function definition for ‘glm’
    spMvLM: no visible global function definition for ‘coefficients’
    spMvLM: no visible global function definition for ‘lm’
    spPredict : <anonymous>: no visible global function definition for
     ‘rnorm’
    spPredict: no visible global function definition for ‘dist’
    spPredict: no visible global function definition for ‘rnorm’
Flavors: r-devel-linux-x86_64-debian-clang, r-devel-linux-x86_64-debian-gcc, r-devel-linux-x86_64-fedora-clang, r-devel-windows-ix86+x86_64