CRAN Package Check Results for Package spBayes

Last updated on 2014-08-29 08:49:53.

Flavor Version Tinstall Tcheck Ttotal Status Flags
r-devel-linux-x86_64-debian-clang 0.3-8 11.12 26.83 37.95 NOTE
r-devel-linux-x86_64-debian-gcc 0.3-8 16.72 26.52 43.24 NOTE
r-devel-linux-x86_64-fedora-clang 0.3-8 86.78 NOTE
r-devel-linux-x86_64-fedora-gcc 0.3-8 78.90 NOTE
r-devel-osx-x86_64-clang 0.3-8 63.35 NOTE
r-devel-windows-ix86+x86_64 0.3-8 73.00 48.00 121.00 NOTE
r-patched-linux-x86_64 0.3-8 17.06 27.72 44.79 NOTE
r-patched-solaris-sparc 0.3-8 512.70 NOTE
r-patched-solaris-x86 0.3-8 117.90 NOTE
r-release-linux-ix86 0.3-8 29.04 36.48 65.52 NOTE
r-release-linux-x86_64 0.3-8 16.63 27.88 44.52 NOTE
r-release-osx-x86_64-mavericks 0.3-8 NOTE
r-release-osx-x86_64-snowleopard 0.3-8 OK
r-release-windows-ix86+x86_64 0.3-8 67.00 53.00 120.00 NOTE
r-oldrel-windows-ix86+x86_64 0.3-8 70.00 53.00 123.00 NOTE

Check Details

Version: 0.3-8
Check: dependencies in R code
Result: NOTE
    Packages in Depends field not imported from:
     ‘Formula’ ‘abind’ ‘coda’ ‘magic’
     These packages need to be imported from (in the NAMESPACE file)
     for when this namespace is loaded but not attached.
    See the information on DESCRIPTION files in the chapter ‘Creating R
    packages’ of the ‘Writing R Extensions’ manual.
Flavors: r-devel-linux-x86_64-debian-clang, r-devel-linux-x86_64-debian-gcc, r-devel-linux-x86_64-fedora-clang, r-devel-linux-x86_64-fedora-gcc, r-devel-osx-x86_64-clang, r-devel-windows-ix86+x86_64, r-patched-linux-x86_64, r-patched-solaris-sparc, r-patched-solaris-x86, r-release-linux-ix86, r-release-linux-x86_64, r-release-osx-x86_64-mavericks, r-release-windows-ix86+x86_64, r-oldrel-windows-ix86+x86_64

Version: 0.3-8
Check: R code for possible problems
Result: NOTE
    adaptMetropGibbs: no visible global function definition for ‘mcmc’
    bayesGeostatExact: no visible global function definition for ‘mcmc’
    bayesLMConjugate: no visible global function definition for ‘mcmc’
    bayesLMRef: no visible global function definition for ‘mcmc’
    mkMisalignYX: no visible binding for global variable ‘adiag’
    parseFormula2: no visible global function definition for ‘Formula’
    spDynLM: no visible global function definition for ‘mcmc’
    spGLM: no visible global function definition for ‘mcmc’
    spLM: no visible global function definition for ‘mcmc’
    spMisalignGLM: no visible global function definition for ‘mcmc’
    spMisalignLM: no visible global function definition for ‘mcmc’
    spMvGLM: no visible global function definition for ‘mcmc’
    spMvLM: no visible global function definition for ‘mcmc’
    spPredict: no visible binding for global variable ‘adiag’
    spPredict: no visible global function definition for ‘mcmc’
    spRecover: no visible global function definition for ‘mcmc’
Flavors: r-devel-linux-x86_64-debian-clang, r-devel-linux-x86_64-debian-gcc, r-devel-linux-x86_64-fedora-clang, r-devel-linux-x86_64-fedora-gcc, r-devel-osx-x86_64-clang, r-devel-windows-ix86+x86_64

Version: 0.3-8
Check: package dependencies
Result: NOTE
    Package suggested but not available for checking: ‘MBA’
Flavor: r-release-osx-x86_64-mavericks