CRAN Package Check Results for Package spBayes

Last updated on 2017-04-28 11:53:53.

Flavor Version Tinstall Tcheck Ttotal Status Flags
r-devel-linux-x86_64-debian-clang 0.4-0 19.31 30.38 49.69 OK
r-devel-linux-x86_64-debian-gcc 0.4-0 19.81 30.10 49.90 OK
r-devel-linux-x86_64-fedora-clang 0.4-0 110.73 OK --no-stop-on-test-error
r-devel-linux-x86_64-fedora-gcc 0.4-0 90.32 OK --no-stop-on-test-error
r-devel-windows-ix86+x86_64 0.4-0 75.00 88.00 163.00 OK
r-patched-linux-x86_64 0.4-0 17.75 30.75 48.50 OK
r-patched-solaris-sparc 0.4-0 468.80 NOTE
r-patched-solaris-x86 0.4-0 129.00 NOTE
r-release-linux-x86_64 0.4-0 17.54 30.67 48.20 OK
r-release-windows-ix86+x86_64 0.4-0 149.00 68.00 217.00 OK
r-release-osx-x86_64 0.4-0 OK
r-oldrel-windows-ix86+x86_64 0.4-0 112.00 58.00 170.00 OK
r-oldrel-osx-x86_64 0.4-0 OK

Check Details

Version: 0.4-0
Check: package dependencies
Result: NOTE
    Package suggested but not available for checking: ‘geoR’
Flavors: r-patched-solaris-sparc, r-patched-solaris-x86