CRAN Package Check Results for Package spBayes

Last updated on 2017-12-14 09:47:38 CET.

Flavor Version Tinstall Tcheck Ttotal Status Flags
r-devel-linux-x86_64-debian-clang 0.4-1 23.78 37.38 61.16 FAIL
r-devel-linux-x86_64-debian-gcc 0.4-1 24.35 34.02 58.37 FAIL
r-devel-linux-x86_64-fedora-clang 0.4-1 99.68 OK
r-devel-linux-x86_64-fedora-gcc 0.4-1 90.16 OK
r-devel-windows-ix86+x86_64 0.4-1 114.00 78.00 192.00 OK
r-patched-linux-x86_64 0.4-1 26.86 48.30 75.16 OK
r-patched-solaris-x86 0.4-1 127.60 OK
r-release-linux-x86_64 0.4-1 26.46 49.65 76.11 OK
r-release-windows-ix86+x86_64 0.4-1 76.00 93.00 169.00 OK
r-release-osx-x86_64 0.4-1 OK
r-oldrel-windows-ix86+x86_64 0.4-1 117.00 79.00 196.00 OK
r-oldrel-osx-x86_64 0.4-1 OK

Check Details

Version: 0.4-1
Check: pragmas in C/C++ headers and code
Result: FAIL
    
Flavors: r-devel-linux-x86_64-debian-clang, r-devel-linux-x86_64-debian-gcc