CRAN Package Check Results for Package spBayes

Last updated on 2015-08-29 17:48:25.

Flavor Version Tinstall Tcheck Ttotal Status Flags
r-devel-linux-x86_64-debian-clang 0.3-9 12.73 24.51 37.24 NOTE
r-devel-linux-x86_64-debian-gcc 0.3-9 16.91 24.04 40.95 NOTE
r-devel-linux-x86_64-fedora-clang 0.3-9 79.56 NOTE
r-devel-linux-x86_64-fedora-gcc 0.3-9 75.32 NOTE
r-devel-osx-x86_64-clang 0.3-9 59.95 OK
r-devel-windows-ix86+x86_64 0.3-9 103.00 50.00 153.00 NOTE
r-patched-linux-x86_64 0.3-9 16.84 25.21 42.04 OK
r-patched-solaris-sparc 0.3-9 487.50 OK
r-patched-solaris-x86 0.3-9 125.00 OK
r-release-linux-x86_64 0.3-9 17.44 25.22 42.67 OK
r-release-osx-x86_64-mavericks 0.3-9 OK
r-release-windows-ix86+x86_64 0.3-9 87.00 53.00 140.00 OK
r-oldrel-windows-ix86+x86_64 0.3-9 85.00 84.00 169.00 OK

Check Details

Version: 0.3-9
Check: R code for possible problems
Result: NOTE
    bayesGeostatExact: no visible global function definition for ‘dist’
    bayesGeostatExact: no visible global function definition for ‘rnorm’
    bayesLMRef: no visible global function definition for ‘model.frame’
    bayesLMRef: no visible global function definition for ‘vcov’
    bayesLMRef: no visible global function definition for ‘coefficients’
    bayesLMRef: no visible global function definition for ‘rgamma’
    bayesLMRef: no visible global function definition for ‘model.matrix’
    bayesLMRef: no visible global function definition for ‘model.extract’
    bayesNormalReference: no visible global function definition for
     ‘rgamma’
    bayesNormalReference: no visible global function definition for ‘rnorm’
    normalIGammaSampler: no visible global function definition for ‘rgamma’
    parseFormula: no visible global function definition for ‘terms’
    parseFormula: no visible global function definition for
     ‘is.empty.model’
    parseFormula: no visible global function definition for ‘model.matrix’
    parseFormula: no visible binding for global variable ‘contrasts’
    parseFormula: no visible global function definition for
     ‘model.response’
    parseFormula2: no visible global function definition for
     ‘model.response’
    parseFormula2: no visible global function definition for ‘model.matrix’
    rmvn: no visible global function definition for ‘rnorm’
    spDiag : rmvn: no visible global function definition for ‘rnorm’
    spDiag : GP: no visible binding for global variable ‘var’
    spDiag : GR: no visible binding for global variable ‘var’
    spDiag: no visible global function definition for ‘rnorm’
    spGLM: no visible global function definition for ‘coefficients’
    spGLM: no visible global function definition for ‘glm’
    spLM: no visible global function definition for ‘lm’
    spLM: no visible global function definition for ‘coefficients’
    spMvGLM: no visible global function definition for ‘coefficients’
    spMvGLM: no visible global function definition for ‘glm’
    spMvLM: no visible global function definition for ‘coefficients’
    spMvLM: no visible global function definition for ‘lm’
    spPredict : <anonymous>: no visible global function definition for
     ‘rnorm’
    spPredict: no visible global function definition for ‘dist’
    spPredict: no visible global function definition for ‘rnorm’
    Undefined global functions or variables:
     coefficients contrasts dist glm is.empty.model lm model.extract
     model.frame model.matrix model.response rgamma rnorm terms var vcov
    Consider adding
     importFrom("stats", "coefficients", "contrasts", "dist", "glm",
     "is.empty.model", "lm", "model.extract", "model.frame",
     "model.matrix", "model.response", "rgamma", "rnorm",
     "terms", "var", "vcov")
    to your NAMESPACE.
Flavors: r-devel-linux-x86_64-debian-clang, r-devel-linux-x86_64-debian-gcc, r-devel-linux-x86_64-fedora-clang, r-devel-linux-x86_64-fedora-gcc, r-devel-windows-ix86+x86_64