CRAN Package Check Results for Package sampling

Last updated on 2017-02-19 23:48:35.

Flavor Version Tinstall Tcheck Ttotal Status Flags
r-devel-linux-x86_64-debian-clang 2.8 1.54 54.58 56.12 NOTE
r-devel-linux-x86_64-debian-gcc 2.8 1.50 57.34 58.84 NOTE
r-devel-linux-x86_64-fedora-clang 2.8 106.28 NOTE --no-stop-on-test-error
r-devel-linux-x86_64-fedora-gcc 2.8 107.73 NOTE --no-stop-on-test-error
r-devel-macos-x86_64-clang 2.8 86.96 NOTE --no-stop-on-test-error
r-devel-windows-ix86+x86_64 2.8 7.00 116.00 123.00 OK
r-patched-linux-x86_64 2.8 1.34 60.24 61.57 OK
r-patched-solaris-sparc 2.8 903.10 OK
r-patched-solaris-x86 2.8 150.80 OK
r-release-linux-x86_64 2.8 1.34 65.81 67.15 OK
r-release-osx-x86_64-mavericks 2.8 OK
r-release-windows-ix86+x86_64 2.8 7.00 121.00 128.00 OK
r-oldrel-windows-ix86+x86_64 2.8 16.00 225.00 241.00 OK

Check Details

Version: 2.8
Check: compiled code
Result: NOTE
    File ‘sampling/libs/sampling.so’:
     Found no calls to: ‘R_registerRoutines’, ‘R_useDynamicSymbols’
    
    It is good practice to register native routines and to disable symbol
    search.
    
    See ‘Writing portable packages’ in the ‘Writing R Extensions’ manual.
Flavors: r-devel-linux-x86_64-debian-clang, r-devel-linux-x86_64-debian-gcc

Version: 2.8
Flags: --no-stop-on-test-error
Check: compiled code
Result: NOTE
    File ‘sampling/libs/sampling.so’:
     Found no calls to: ‘R_registerRoutines’, ‘R_useDynamicSymbols’
    
    It is good practice to register native routines and to disable symbol
    search.
    
    See ‘Writing portable packages’ in the ‘Writing R Extensions’ manual.
Flavors: r-devel-linux-x86_64-fedora-clang, r-devel-linux-x86_64-fedora-gcc, r-devel-macos-x86_64-clang