CRAN Package Check Results for Package sampling

Last updated on 2014-12-18 17:51:39.

Flavor Version Tinstall Tcheck Ttotal Status Flags
r-devel-linux-x86_64-debian-clang 2.6 1.54 30.81 32.35 OK
r-devel-linux-x86_64-debian-gcc 2.6 1.46 30.52 31.98 OK
r-devel-linux-x86_64-fedora-clang 2.6 65.71 OK
r-devel-linux-x86_64-fedora-gcc 2.6 59.98 OK
r-devel-osx-x86_64-clang 2.6 57.99 OK
r-devel-windows-ix86+x86_64 2.6 11.00 61.00 72.00 OK
r-patched-linux-x86_64 2.6 1.44 31.65 33.09 OK
r-patched-solaris-sparc 2.6 383.70 OK
r-patched-solaris-x86 2.6 78.50 OK
r-release-linux-ix86 2.6 2.03 40.03 42.06 OK
r-release-linux-x86_64 2.6 1.52 32.44 33.96 OK
r-release-osx-x86_64-mavericks 2.6 OK
r-release-osx-x86_64-snowleopard 2.6 WARN
r-release-windows-ix86+x86_64 2.6 6.00 66.00 72.00 OK
r-oldrel-windows-ix86+x86_64 2.6 7.00 74.00 81.00 OK

Check Details

Version: 2.6
Check: examples
Result: WARN
    checking a package with encoding 'latin1' in an ASCII locale
    
     OK
Flavor: r-release-osx-x86_64-snowleopard