CRAN Package Check Results for Package sampling

Last updated on 2014-10-30 18:47:57.

Flavor Version Tinstall Tcheck Ttotal Status Flags
r-devel-linux-x86_64-debian-clang 2.6 1.52 31.31 32.83 OK
r-devel-linux-x86_64-debian-gcc 2.6 1.60 30.80 32.40 OK
r-devel-linux-x86_64-fedora-clang 2.6 62.74 OK
r-devel-linux-x86_64-fedora-gcc 2.6 53.68 OK
r-devel-osx-x86_64-clang 2.6 57.56 OK
r-devel-windows-ix86+x86_64 2.6 6.00 58.00 64.00 OK
r-patched-linux-x86_64 2.6 1.53 31.90 33.43 OK
r-patched-solaris-sparc 2.6 383.70 OK
r-patched-solaris-x86 2.6 79.60 OK
r-release-linux-ix86 2.6 2.03 44.51 46.54 OK
r-release-linux-x86_64 2.6 1.51 31.60 33.11 OK
r-release-osx-x86_64-mavericks 2.6 OK
r-release-osx-x86_64-snowleopard 2.6 WARN
r-release-windows-ix86+x86_64 2.6 6.00 60.00 66.00 OK
r-oldrel-windows-ix86+x86_64 2.6 8.00 68.00 76.00 OK

Check Details

Version: 2.6
Check: examples
Result: WARN
    checking a package with encoding 'latin1' in an ASCII locale
    
     OK
Flavor: r-release-osx-x86_64-snowleopard