CRAN Package Check Results for Package sampling

Last updated on 2014-08-01 14:47:32.

Flavor Version Tinstall Tcheck Ttotal Status Flags
r-devel-linux-x86_64-debian-clang 2.6 1.58 30.14 31.71 OK
r-devel-linux-x86_64-debian-gcc 2.6 1.53 29.78 31.31 OK
r-devel-linux-x86_64-fedora-clang 2.6 66.92 OK
r-devel-linux-x86_64-fedora-gcc 2.6 62.75 OK
r-devel-osx-x86_64-clang 2.6 56.83 OK
r-devel-windows-ix86+x86_64 2.6 6.00 59.00 65.00 OK
r-patched-linux-x86_64 2.6 1.39 31.23 32.62 OK
r-patched-solaris-sparc 2.6 383.70 OK
r-patched-solaris-x86 2.6 81.90 OK
r-release-linux-ix86 2.6 2.01 40.73 42.74 OK
r-release-linux-x86_64 2.6 1.42 30.18 31.60 OK
r-release-osx-x86_64-mavericks 2.6 OK
r-release-osx-x86_64-snowleopard 2.6 WARN
r-release-windows-ix86+x86_64 2.6 7.00 86.00 93.00 OK
r-oldrel-windows-ix86+x86_64 2.6 13.00 92.00 105.00 OK

Check Details

Version: 2.6
Check: examples
Result: WARNING
    checking a package with encoding 'latin1' in an ASCII locale
    
     OK
Flavor: r-release-osx-x86_64-snowleopard