CRAN Package Check Results for Package sampling

Last updated on 2014-07-22 15:51:57.

Flavor Version Tinstall Tcheck Ttotal Status Flags
r-devel-linux-x86_64-debian-clang 2.6 1.44 30.38 31.82 OK
r-devel-linux-x86_64-debian-gcc 2.6 1.42 29.22 30.64 OK
r-devel-linux-x86_64-fedora-clang 2.6 68.22 OK
r-devel-linux-x86_64-fedora-gcc 2.6 64.89 OK
r-devel-osx-x86_64-clang 2.6 56.38 OK
r-devel-windows-ix86+x86_64 2.6 5.00 59.00 64.00 OK
r-patched-linux-x86_64 2.6 1.38 29.54 30.92 OK
r-patched-solaris-sparc 2.6 379.00 OK
r-patched-solaris-x86 2.6 81.50 OK
r-release-linux-ix86 2.6 2.10 41.10 43.20 OK
r-release-linux-x86_64 2.6 1.44 29.65 31.09 OK
r-release-osx-x86_64-mavericks 2.6 OK
r-release-osx-x86_64-snowleopard 2.6 WARN
r-release-windows-ix86+x86_64 2.6 5.00 67.00 72.00 OK
r-oldrel-windows-ix86+x86_64 2.6 6.00 66.00 72.00 OK

Check Details

Version: 2.6
Check: examples
Result: WARNING
    checking a package with encoding 'latin1' in an ASCII locale
    
     OK
Flavor: r-release-osx-x86_64-snowleopard