CRAN Package Check Results for Package sampling

Last updated on 2017-07-21 21:48:18.

Flavor Version Tinstall Tcheck Ttotal Status Flags
r-devel-linux-x86_64-debian-clang 2.8 1.38 81.21 82.59 NOTE
r-devel-linux-x86_64-debian-gcc 2.8 1.50 79.90 81.40 NOTE
r-devel-linux-x86_64-fedora-clang 2.8 108.31 NOTE
r-devel-linux-x86_64-fedora-gcc 2.8 108.07 NOTE
r-devel-windows-ix86+x86_64 2.8 14.00 124.00 138.00 OK
r-patched-linux-x86_64 2.8 1.43 82.08 83.51 NOTE
r-patched-solaris-x86 2.8 145.30 OK
r-release-linux-x86_64 2.8 1.39 81.67 83.06 NOTE
r-release-windows-ix86+x86_64 2.8 8.00 155.00 163.00 OK
r-release-osx-x86_64 2.8 OK
r-oldrel-windows-ix86+x86_64 2.8 13.00 165.00 178.00 OK
r-oldrel-osx-x86_64 2.8 OK

Check Details

Version: 2.8
Check: compiled code
Result: NOTE
    File ‘sampling/libs/sampling.so’:
     Found no calls to: ‘R_registerRoutines’, ‘R_useDynamicSymbols’
    
    It is good practice to register native routines and to disable symbol
    search.
    
    See ‘Writing portable packages’ in the ‘Writing R Extensions’ manual.
Flavors: r-devel-linux-x86_64-debian-clang, r-devel-linux-x86_64-debian-gcc, r-devel-linux-x86_64-fedora-clang, r-devel-linux-x86_64-fedora-gcc, r-patched-linux-x86_64, r-release-linux-x86_64