CRAN Package Check Results for Package sampling

Last updated on 2018-01-22 09:49:49 CET.

Flavor Version Tinstall Tcheck Ttotal Status Flags
r-devel-linux-x86_64-debian-clang 2.8 1.94 89.21 91.15 NOTE
r-devel-linux-x86_64-debian-gcc 2.8 1.47 75.34 76.81 NOTE
r-devel-linux-x86_64-fedora-clang 2.8 116.48 NOTE
r-devel-linux-x86_64-fedora-gcc 2.8 114.99 NOTE
r-devel-windows-ix86+x86_64 2.8 12.00 123.00 135.00 OK
r-patched-linux-x86_64 2.8 1.82 99.96 101.78 NOTE
r-patched-solaris-x86 2.8 156.40 OK
r-release-linux-x86_64 2.8 1.97 100.31 102.28 NOTE
r-release-windows-ix86+x86_64 2.8 13.00 156.00 169.00 OK
r-release-osx-x86_64 2.8 OK
r-oldrel-windows-ix86+x86_64 2.8 10.00 135.00 145.00 OK
r-oldrel-osx-x86_64 2.8 OK

Check Details

Version: 2.8
Check: compiled code
Result: NOTE
    File ‘sampling/libs/sampling.so’:
     Found no calls to: ‘R_registerRoutines’, ‘R_useDynamicSymbols’
    
    It is good practice to register native routines and to disable symbol
    search.
    
    See ‘Writing portable packages’ in the ‘Writing R Extensions’ manual.
Flavors: r-devel-linux-x86_64-debian-clang, r-devel-linux-x86_64-debian-gcc, r-devel-linux-x86_64-fedora-clang, r-devel-linux-x86_64-fedora-gcc, r-patched-linux-x86_64, r-release-linux-x86_64