CRAN Package Check Results for Package sampling

Last updated on 2016-09-24 11:47:37.

Flavor Version Tinstall Tcheck Ttotal Status Flags
r-devel-linux-x86_64-debian-clang 2.7 1.40 61.81 63.22 WARN
r-devel-linux-x86_64-debian-gcc 2.7 1.28 61.57 62.85 WARN
r-devel-linux-x86_64-fedora-clang 2.7 117.28 WARN
r-devel-linux-x86_64-fedora-gcc 2.7 111.18 WARN
r-devel-macos-x86_64-clang 2.7 93.13 WARN
r-devel-windows-ix86+x86_64 2.7 11.00 130.00 141.00 WARN
r-patched-linux-x86_64 2.7 1.30 60.30 61.60 OK
r-patched-solaris-sparc 2.7 912.80 OK
r-patched-solaris-x86 2.7 149.70 OK
r-release-linux-x86_64 2.7 1.29 60.61 61.90 OK
r-release-osx-x86_64-mavericks 2.7 OK
r-release-windows-ix86+x86_64 2.7 11.00 159.00 170.00 OK
r-oldrel-windows-ix86+x86_64 2.7 11.00 225.00 236.00 OK

Check Details

Version: 2.7
Check: files in ‘vignettes’
Result: WARN
    Files in the 'vignettes' directory newer than same file in 'inst/doc':
     ‘HT_Hajek_estimators.Snw’, ‘UPexamples.Snw’, ‘calibration.Snw’
Flavors: r-devel-linux-x86_64-debian-clang, r-devel-linux-x86_64-debian-gcc, r-devel-linux-x86_64-fedora-clang, r-devel-linux-x86_64-fedora-gcc, r-devel-macos-x86_64-clang, r-devel-windows-ix86+x86_64