CRAN Package Check Results for Package sampling

Last updated on 2014-11-22 11:49:22.

Flavor Version Tinstall Tcheck Ttotal Status Flags
r-devel-linux-x86_64-debian-clang 2.6 1.44 31.21 32.65 OK
r-devel-linux-x86_64-debian-gcc 2.6 1.49 30.26 31.75 OK
r-devel-linux-x86_64-fedora-clang 2.6 61.43 OK
r-devel-linux-x86_64-fedora-gcc 2.6 60.85 OK
r-devel-osx-x86_64-clang 2.6 57.96 OK
r-devel-windows-ix86+x86_64 2.6 7.00 70.00 77.00 OK
r-patched-linux-x86_64 2.6 1.45 31.81 33.26 OK
r-patched-solaris-sparc 2.6 383.70 OK
r-patched-solaris-x86 2.6 79.80 OK
r-release-linux-ix86 2.6 2.14 40.01 42.15 OK
r-release-linux-x86_64 2.6 1.54 32.18 33.72 OK
r-release-osx-x86_64-mavericks 2.6 OK
r-release-osx-x86_64-snowleopard 2.6 WARN
r-release-windows-ix86+x86_64 2.6 10.00 64.00 74.00 OK
r-oldrel-windows-ix86+x86_64 2.6 7.00 64.00 71.00 OK

Check Details

Version: 2.6
Check: examples
Result: WARN
    checking a package with encoding 'latin1' in an ASCII locale
    
     OK
Flavor: r-release-osx-x86_64-snowleopard