CRAN Package Check Results for Package sampling

Last updated on 2017-09-24 10:48:26.

Flavor Version Tinstall Tcheck Ttotal Status Flags
r-devel-linux-x86_64-debian-clang 2.8 1.54 56.97 58.51 NOTE
r-devel-linux-x86_64-debian-gcc 2.8 1.38 57.53 58.90 NOTE
r-devel-linux-x86_64-fedora-clang 2.8 109.03 NOTE
r-devel-linux-x86_64-fedora-gcc 2.8 112.06 NOTE
r-devel-windows-ix86+x86_64 2.8 12.00 125.00 137.00 OK
r-patched-linux-x86_64 2.8 1.48 56.65 58.13 NOTE
r-patched-solaris-x86 2.8 151.00 OK
r-release-linux-x86_64 2.8 1.68 57.94 59.62 NOTE
r-release-windows-ix86+x86_64 2.8 7.00 120.00 127.00 OK
r-release-osx-x86_64 2.8 OK
r-oldrel-windows-ix86+x86_64 2.8 6.00 128.00 134.00 OK
r-oldrel-osx-x86_64 2.8 OK

Check Details

Version: 2.8
Check: compiled code
Result: NOTE
    File ‘sampling/libs/sampling.so’:
     Found no calls to: ‘R_registerRoutines’, ‘R_useDynamicSymbols’
    
    It is good practice to register native routines and to disable symbol
    search.
    
    See ‘Writing portable packages’ in the ‘Writing R Extensions’ manual.
Flavors: r-devel-linux-x86_64-debian-clang, r-devel-linux-x86_64-debian-gcc, r-devel-linux-x86_64-fedora-clang, r-devel-linux-x86_64-fedora-gcc, r-patched-linux-x86_64, r-release-linux-x86_64