CRAN Package Check Results for Package sampling

Last updated on 2017-03-26 21:48:12.

Flavor Version Tinstall Tcheck Ttotal Status Flags
r-devel-linux-x86_64-debian-clang 2.8 1.59 54.34 55.94 NOTE
r-devel-linux-x86_64-debian-gcc 2.8 1.40 57.22 58.62 NOTE
r-devel-linux-x86_64-fedora-clang 2.8 108.21 NOTE --no-stop-on-test-error
r-devel-linux-x86_64-fedora-gcc 2.8 106.45 NOTE --no-stop-on-test-error
r-devel-macos-x86_64-clang 2.8 85.39 NOTE --no-stop-on-test-error
r-devel-windows-ix86+x86_64 2.8 12.00 170.00 182.00 OK
r-patched-linux-x86_64 2.8 1.40 57.28 58.68 NOTE
r-patched-solaris-sparc 2.8 799.90 OK
r-patched-solaris-x86 2.8 147.20 OK
r-release-linux-x86_64 2.8 1.51 62.36 63.87 OK
r-release-osx-x86_64-mavericks 2.8 OK
r-release-windows-ix86+x86_64 2.8 10.00 119.00 129.00 OK
r-oldrel-windows-ix86+x86_64 2.8 15.00 172.00 187.00 OK

Check Details

Version: 2.8
Check: compiled code
Result: NOTE
    File ‘sampling/libs/sampling.so’:
     Found no calls to: ‘R_registerRoutines’, ‘R_useDynamicSymbols’
    
    It is good practice to register native routines and to disable symbol
    search.
    
    See ‘Writing portable packages’ in the ‘Writing R Extensions’ manual.
Flavors: r-devel-linux-x86_64-debian-clang, r-devel-linux-x86_64-debian-gcc, r-patched-linux-x86_64

Version: 2.8
Flags: --no-stop-on-test-error
Check: compiled code
Result: NOTE
    File ‘sampling/libs/sampling.so’:
     Found no calls to: ‘R_registerRoutines’, ‘R_useDynamicSymbols’
    
    It is good practice to register native routines and to disable symbol
    search.
    
    See ‘Writing portable packages’ in the ‘Writing R Extensions’ manual.
Flavors: r-devel-linux-x86_64-fedora-clang, r-devel-linux-x86_64-fedora-gcc, r-devel-macos-x86_64-clang