CRAN Package Check Results for Package sampling

Last updated on 2015-03-29 19:48:52.

Flavor Version Tinstall Tcheck Ttotal Status Flags
r-devel-linux-x86_64-debian-clang 2.6 1.38 28.72 30.10 OK
r-devel-linux-x86_64-debian-gcc 2.6 1.31 28.66 29.98 OK
r-devel-linux-x86_64-fedora-clang 2.6 58.65 OK
r-devel-linux-x86_64-fedora-gcc 2.6 60.04 OK
r-devel-osx-x86_64-clang 2.6 57.76 OK
r-prerel-windows-ix86+x86_64 2.6 10.00 60.00 70.00 OK
r-prerel-linux-x86_64 2.6 1.30 28.47 29.77 OK
r-prerel-solaris-sparc 2.6 367.30 OK
r-prerel-solaris-x86 2.6 74.40 OK
r-release-linux-x86_64 2.6 1.60 32.40 34.00 OK
r-release-osx-x86_64-mavericks 2.6 OK
r-release-osx-x86_64-snowleopard 2.6 WARN
r-release-windows-ix86+x86_64 2.6 6.00 62.00 68.00 OK
r-oldrel-windows-ix86+x86_64 2.6 10.00 105.00 115.00 OK

Check Details

Version: 2.6
Check: examples
Result: WARN
    checking a package with encoding 'latin1' in an ASCII locale
    
     OK
Flavor: r-release-osx-x86_64-snowleopard