CRAN Package Check Results for Package rtf

Last updated on 2015-07-02 20:47:01.

Flavor Version Tinstall Tcheck Ttotal Status Flags
r-devel-linux-x86_64-debian-clang 0.4-11 0.87 25.15 26.02 NOTE
r-devel-linux-x86_64-debian-gcc 0.4-11 0.76 24.39 25.15 NOTE
r-devel-linux-x86_64-fedora-clang 0.4-11 49.98 NOTE
r-devel-linux-x86_64-fedora-gcc 0.4-11 46.90 NOTE
r-devel-osx-x86_64-clang 0.4-11 45.34 NOTE
r-devel-windows-ix86+x86_64 0.4-11 4.00 38.00 42.00 NOTE
r-patched-linux-x86_64 0.4-11 0.76 25.62 26.38 NOTE
r-patched-solaris-sparc 0.4-11 337.90 NOTE
r-patched-solaris-x86 0.4-11 72.10 NOTE
r-release-linux-x86_64 0.4-11 0.75 25.52 26.27 NOTE
r-release-osx-x86_64-mavericks 0.4-11 OK
r-release-windows-ix86+x86_64 0.4-11 3.00 40.00 43.00 OK
r-oldrel-windows-ix86+x86_64 0.4-11 5.00 41.00 46.00 OK

Check Details

Version: 0.4-11
Check: S3 generic/method consistency
Result: NOTE
    Found the following apparent S3 methods exported but not registered:
     addHeader.RTF addNewLine.RTF addPageBreak.RTF addParagraph.RTF
     addPlot.RTF addPng.RTF addSessionInfo.RTF addTOC.RTF addTable.RTF
     addText.RTF addTrellisObject.RTF decreaseIndent.RTF done.RTF
     endParagraph.RTF increaseIndent.RTF setFontSize.RTF
     startParagraph.RTF view.RTF
    See section ‘Registering S3 methods’ in the ‘Writing R Extensions’
    manual.
Flavors: r-devel-linux-x86_64-debian-clang, r-devel-linux-x86_64-debian-gcc, r-devel-linux-x86_64-fedora-clang, r-devel-linux-x86_64-fedora-gcc, r-devel-osx-x86_64-clang, r-patched-linux-x86_64, r-patched-solaris-sparc, r-patched-solaris-x86, r-release-linux-x86_64

Version: 0.4-11
Check: R code for possible problems
Result: NOTE
    .forest.plot: no visible global function definition for ‘par’
    .forest.plot: no visible global function definition for ‘plot’
    .forest.plot: no visible global function definition for ‘abline’
    .forest.plot: no visible global function definition for ‘arrows’
    .forest.plot: no visible global function definition for ‘points’
    .forest.plot.scale: no visible global function definition for ‘par’
    .forest.plot.scale: no visible global function definition for ‘plot’
    .forest.plot.scale: no visible global function definition for ‘axTicks’
    .forest.plot.scale : <anonymous>: no visible global function definition
     for ‘lines’
    .forest.plot.scale: no visible global function definition for ‘lines’
    .forest.plot.scale: no visible global function definition for ‘text’
    .rtf.plot: no visible global function definition for ‘png’
    .rtf.plot: no visible global function definition for ‘dev.off’
    .rtf.trellis.object: no visible global function definition for ‘png’
    .rtf.trellis.object: no visible global function definition for
     ‘dev.off’
    addSessionInfo.RTF: no visible global function definition for
     ‘sessionInfo’
    Undefined global functions or variables:
     abline arrows axTicks dev.off lines par plot png points sessionInfo
     text
Flavors: r-devel-linux-x86_64-debian-clang, r-devel-linux-x86_64-fedora-clang, r-devel-linux-x86_64-fedora-gcc

Version: 0.4-11
Check: R code for possible problems
Result: NOTE
    .forest.plot: no visible global function definition for ‘par’
    .forest.plot: no visible global function definition for ‘plot’
    .forest.plot: no visible global function definition for ‘abline’
    .forest.plot: no visible global function definition for ‘arrows’
    .forest.plot: no visible global function definition for ‘points’
    .forest.plot.scale: no visible global function definition for ‘par’
    .forest.plot.scale: no visible global function definition for ‘plot’
    .forest.plot.scale: no visible global function definition for ‘axTicks’
    .forest.plot.scale : <anonymous>: no visible global function definition
     for ‘lines’
    .forest.plot.scale: no visible global function definition for ‘lines’
    .forest.plot.scale: no visible global function definition for ‘text’
    .rtf.plot: no visible global function definition for ‘png’
    .rtf.plot: no visible global function definition for ‘dev.off’
    .rtf.trellis.object: no visible global function definition for ‘png’
    .rtf.trellis.object: no visible global function definition for
     ‘dev.off’
    addSessionInfo.RTF: no visible global function definition for
     ‘sessionInfo’
Flavors: r-devel-linux-x86_64-debian-gcc, r-devel-windows-ix86+x86_64