CRAN Package Check Results for Package rtf

Last updated on 2015-01-30 17:52:04.

Flavor Version Tinstall Tcheck Ttotal Status Flags
r-devel-linux-x86_64-debian-clang 0.4-11 0.78 25.62 26.40 NOTE
r-devel-linux-x86_64-debian-gcc 0.4-11 0.78 25.26 26.04 NOTE
r-devel-linux-x86_64-fedora-clang 0.4-11 56.04 NOTE
r-devel-linux-x86_64-fedora-gcc 0.4-11 52.87 NOTE
r-devel-osx-x86_64-clang 0.4-11 59.34 NOTE
r-devel-windows-ix86+x86_64 0.4-11 4.00 37.00 41.00 OK
r-patched-linux-x86_64 0.4-11 0.90 27.59 28.49 OK
r-patched-solaris-sparc 0.4-11 349.80 OK
r-patched-solaris-x86 0.4-11 78.20 OK
r-release-linux-ix86 0.4-11 1.26 37.08 38.35 OK
r-release-linux-x86_64 0.4-11 0.90 27.32 28.22 OK
r-release-osx-x86_64-mavericks 0.4-11 OK
r-release-osx-x86_64-snowleopard 0.4-11 OK
r-release-windows-ix86+x86_64 0.4-11 3.00 43.00 46.00 OK
r-oldrel-windows-ix86+x86_64 0.4-11 4.00 43.00 47.00 OK

Check Details

Version: 0.4-11
Check: S3 generic/method consistency
Result: NOTE
    Found the following apparent S3 methods exported but not registered:
     addHeader.RTF addNewLine.RTF addPageBreak.RTF addParagraph.RTF
     addPlot.RTF addPng.RTF addSessionInfo.RTF addTOC.RTF addTable.RTF
     addText.RTF addTrellisObject.RTF decreaseIndent.RTF done.RTF
     endParagraph.RTF increaseIndent.RTF setFontSize.RTF
     startParagraph.RTF view.RTF
    See section ‘Registering S3 methods’ in the ‘Writing R Extensions’
    manual.
Flavors: r-devel-linux-x86_64-debian-clang, r-devel-linux-x86_64-debian-gcc, r-devel-linux-x86_64-fedora-clang, r-devel-linux-x86_64-fedora-gcc, r-devel-osx-x86_64-clang