CRAN Package Check Results for Package rngWELL

Last updated on 2015-04-26 17:47:50.

Flavor Version Tinstall Tcheck Ttotal Status Flags
r-devel-linux-x86_64-debian-clang 0.10-3 3.32 8.32 11.64 NOTE
r-devel-linux-x86_64-debian-gcc 0.10-3 3.90 8.94 12.84 NOTE
r-devel-linux-x86_64-fedora-clang 0.10-3 21.83 NOTE
r-devel-linux-x86_64-fedora-gcc 0.10-3 21.41 NOTE
r-devel-osx-x86_64-clang 0.10-3 28.71 NOTE
r-devel-windows-ix86+x86_64 0.10-3 27.00 20.00 47.00 NOTE
r-patched-linux-x86_64 0.10-3 3.90 8.41 12.31 NOTE
r-patched-solaris-sparc 0.10-3 160.80 NOTE
r-patched-solaris-x86 0.10-3 32.10 NOTE
r-release-linux-x86_64 0.10-3 3.84 8.56 12.39 NOTE
r-release-osx-x86_64-mavericks 0.10-3 NOTE
r-release-osx-x86_64-snowleopard 0.10-3 NOTE
r-release-windows-ix86+x86_64 0.10-3 20.00 19.00 39.00 NOTE
r-oldrel-windows-ix86+x86_64 0.10-3 38.00 21.00 59.00 OK

Check Details

Version: 0.10-3
Check: DESCRIPTION meta-information
Result: NOTE
    Malformed Title field: should not end in a period.
Flavors: r-devel-linux-x86_64-fedora-clang, r-devel-linux-x86_64-fedora-gcc, r-devel-osx-x86_64-clang, r-devel-windows-ix86+x86_64, r-patched-solaris-sparc, r-patched-solaris-x86, r-release-osx-x86_64-mavericks, r-release-osx-x86_64-snowleopard, r-release-windows-ix86+x86_64