CRAN Package Check Results for Package rngWELL

Last updated on 2017-05-23 18:48:43.

Flavor Version Tinstall Tcheck Ttotal Status Flags
r-devel-linux-x86_64-debian-clang 0.10-5 4.48 11.15 15.63 OK
r-devel-linux-x86_64-debian-gcc 0.10-4 5.10 10.44 15.54 NOTE
r-devel-linux-x86_64-fedora-clang 0.10-5 23.36 OK --no-stop-on-test-error
r-devel-linux-x86_64-fedora-gcc 0.10-5 15.24 OK --no-stop-on-test-error
r-devel-windows-ix86+x86_64 0.10-5 44.00 63.00 107.00 OK
r-patched-linux-x86_64 0.10-5 4.26 10.57 14.83 OK
r-patched-solaris-sparc 0.10-5 125.40 OK --no-stop-on-test-error
r-patched-solaris-x86 0.10-5 27.30 OK --no-stop-on-test-error
r-release-linux-x86_64 0.10-5 4.78 10.91 15.69 OK
r-release-windows-ix86+x86_64 0.10-4 30.00 28.00 58.00 OK
r-release-osx-x86_64 0.10-5 OK
r-oldrel-windows-ix86+x86_64 0.10-4 19.00 25.00 44.00 OK
r-oldrel-osx-x86_64 0.10-5 OK

Check Details

Version: 0.10-4
Check: compiled code
Result: NOTE
    File ‘rngWELL/libs/rngWELL.so’:
     Found no call to: ‘R_useDynamicSymbols’
    
    It is good practice to register native routines and to disable symbol
    search.
    
    See ‘Writing portable packages’ in the ‘Writing R Extensions’ manual.
Flavor: r-devel-linux-x86_64-debian-gcc