CRAN Package Check Results for Package rngWELL

Last updated on 2015-07-02 20:47:00.

Flavor Version Tinstall Tcheck Ttotal Status Flags
r-devel-linux-x86_64-debian-clang 0.10-3 3.39 8.44 11.84 NOTE
r-devel-linux-x86_64-debian-gcc 0.10-3 3.92 7.94 11.86 NOTE
r-devel-linux-x86_64-fedora-clang 0.10-3 20.93 NOTE
r-devel-linux-x86_64-fedora-gcc 0.10-3 19.79 NOTE
r-devel-osx-x86_64-clang 0.10-3 22.90 NOTE
r-devel-windows-ix86+x86_64 0.10-3 40.00 20.00 60.00 NOTE
r-patched-linux-x86_64 0.10-3 3.90 8.29 12.18 NOTE
r-patched-solaris-sparc 0.10-3 137.10 NOTE
r-patched-solaris-x86 0.10-3 32.20 NOTE
r-release-linux-x86_64 0.10-3 3.86 8.52 12.38 NOTE
r-release-osx-x86_64-mavericks 0.10-3 NOTE
r-release-windows-ix86+x86_64 0.10-3 25.00 21.00 46.00 NOTE
r-oldrel-windows-ix86+x86_64 0.10-3 38.00 21.00 59.00 OK

Check Details

Version: 0.10-3
Check: DESCRIPTION meta-information
Result: NOTE
    Malformed Title field: should not end in a period.
Flavors: r-devel-linux-x86_64-debian-clang, r-devel-linux-x86_64-debian-gcc, r-devel-linux-x86_64-fedora-clang, r-devel-linux-x86_64-fedora-gcc, r-devel-osx-x86_64-clang, r-devel-windows-ix86+x86_64, r-patched-linux-x86_64, r-patched-solaris-sparc, r-patched-solaris-x86, r-release-linux-x86_64, r-release-osx-x86_64-mavericks, r-release-windows-ix86+x86_64