CRAN Package Check Results for Package rneos

Last updated on 2018-01-22 09:49:46 CET.

Flavor Version Tinstall Tcheck Ttotal Status Flags
r-devel-linux-x86_64-debian-clang 0.3-2 2.11 30.44 32.55 OK
r-devel-linux-x86_64-debian-gcc 0.3-2 1.15 25.03 26.18 OK
r-devel-linux-x86_64-fedora-clang 0.3-2 39.11 NOTE
r-devel-linux-x86_64-fedora-gcc 0.3-2 39.39 OK
r-devel-windows-ix86+x86_64 0.3-2 5.00 48.00 53.00 NOTE
r-patched-linux-x86_64 0.3-2 2.37 31.54 33.91 OK
r-patched-solaris-x86 0.3-2 60.50 OK
r-release-linux-x86_64 0.3-2 1.89 31.59 33.48 OK
r-release-windows-ix86+x86_64 0.3-2 6.00 61.00 67.00 OK
r-release-osx-x86_64 0.3-2 NOTE
r-oldrel-windows-ix86+x86_64 0.3-2 9.00 52.00 61.00 OK
r-oldrel-osx-x86_64 0.3-2 OK

Check Details

Version: 0.3-2
Check: package dependencies
Result: NOTE
    Package suggested but not available for checking: ‘XMLRPC’
Flavors: r-devel-linux-x86_64-fedora-clang, r-devel-windows-ix86+x86_64, r-release-osx-x86_64