CRAN Package Check Results for Package rneos

Last updated on 2015-01-29 16:48:36.

Flavor Version Tinstall Tcheck Ttotal Status Flags
r-devel-linux-x86_64-debian-clang 0.2-8 1.61 20.58 22.19 OK
r-devel-linux-x86_64-debian-gcc 0.2-8 2.10 19.84 21.94 OK
r-devel-linux-x86_64-fedora-clang 0.2-8 50.13 OK
r-devel-linux-x86_64-fedora-gcc 0.2-8 48.28 OK
r-devel-osx-x86_64-clang 0.2-8 50.19 OK
r-devel-windows-ix86+x86_64 0.2-8 6.00 41.00 47.00 OK
r-patched-linux-x86_64 0.2-8 1.71 23.10 24.81 OK
r-patched-solaris-sparc 0.2-8 270.00 OK
r-patched-solaris-x86 0.2-8 70.70 OK
r-release-linux-ix86 0.2-8 2.06 28.98 31.04 OK
r-release-linux-x86_64 0.2-8 1.70 22.72 24.42 OK
r-release-osx-x86_64-mavericks 0.2-8 OK
r-release-osx-x86_64-snowleopard 0.2-8 NOTE
r-release-windows-ix86+x86_64 0.2-8 6.00 35.00 41.00 OK
r-oldrel-windows-ix86+x86_64 0.2-8 6.00 38.00 44.00 OK

Check Details

Version: 0.2-8
Check: package dependencies
Result: NOTE
    Package suggested but not available for checking: ‘XMLRPC’
Flavor: r-release-osx-x86_64-snowleopard