CRAN Package Check Results for Package rneos

Last updated on 2014-07-24 15:52:25.

Flavor Version Tinstall Tcheck Ttotal Status Flags
r-devel-linux-x86_64-debian-clang 0.2-7 1.94 23.42 25.36 NOTE
r-devel-linux-x86_64-debian-gcc 0.2-7 1.86 23.26 25.12 NOTE
r-devel-linux-x86_64-fedora-clang 0.2-7 58.76 NOTE
r-devel-linux-x86_64-fedora-gcc 0.2-7 55.59 NOTE
r-devel-osx-x86_64-clang 0.2-7 51.21 NOTE
r-devel-windows-ix86+x86_64 0.2-7 6.00 40.00 46.00 NOTE
r-patched-linux-x86_64 0.2-7 1.88 23.54 25.42 NOTE
r-patched-solaris-sparc 0.2-7 342.30 NOTE
r-patched-solaris-x86 0.2-7 72.30 NOTE
r-release-linux-ix86 0.2-7 2.58 31.68 34.25 NOTE
r-release-linux-x86_64 0.2-7 1.95 24.39 26.34 NOTE
r-release-osx-x86_64-mavericks 0.2-7 NOTE
r-release-osx-x86_64-snowleopard 0.2-7 ERROR
r-release-windows-ix86+x86_64 0.2-7 8.00 56.00 64.00 NOTE
r-oldrel-windows-ix86+x86_64 0.2-7 6.00 58.00 64.00 NOTE

Check Details

Version: 0.2-7
Check: dependencies in R code
Result: NOTE
    Packages in Depends field not imported from:
     ‘XMLRPC’ ‘methods’
     These packages need to be imported from (in the NAMESPACE file)
     for when this namespace is loaded but not attached.
    See the information on DESCRIPTION files in the chapter ‘Creating R
    packages’ of the ‘Writing R Extensions’ manual.
Flavors: r-devel-linux-x86_64-debian-clang, r-devel-linux-x86_64-debian-gcc, r-devel-linux-x86_64-fedora-clang, r-devel-linux-x86_64-fedora-gcc, r-devel-osx-x86_64-clang, r-devel-windows-ix86+x86_64, r-patched-linux-x86_64, r-patched-solaris-sparc, r-patched-solaris-x86, r-release-linux-ix86, r-release-linux-x86_64, r-release-osx-x86_64-mavericks, r-release-windows-ix86+x86_64, r-oldrel-windows-ix86+x86_64

Version: 0.2-7
Check: package dependencies
Result: ERROR
    Package required but not available: ‘XMLRPC’
    
    See the information on DESCRIPTION files in the chapter ‘Creating R
    packages’ of the ‘Writing R Extensions’ manual.
Flavor: r-release-osx-x86_64-snowleopard