CRAN Package Check Results for Package rneos

Last updated on 2014-11-28 17:51:44.

Flavor Version Tinstall Tcheck Ttotal Status Flags
r-devel-linux-x86_64-debian-clang 0.2-7 1.84 23.93 25.77 NOTE
r-devel-linux-x86_64-debian-gcc 0.2-7 1.77 24.07 25.84 NOTE
r-devel-linux-x86_64-fedora-clang 0.2-7 57.52 NOTE
r-devel-linux-x86_64-fedora-gcc 0.2-7 57.19 NOTE
r-devel-osx-x86_64-clang 0.2-7 52.88 NOTE
r-devel-windows-ix86+x86_64 0.2-7 6.00 37.00 43.00 NOTE
r-patched-linux-x86_64 0.2-7 2.64 24.57 27.21 NOTE
r-patched-solaris-sparc 0.2-7 307.10 NOTE
r-patched-solaris-x86 0.2-7 73.20 NOTE
r-release-linux-ix86 0.2-7 2.28 30.34 32.62 NOTE
r-release-linux-x86_64 0.2-7 1.92 24.14 26.06 NOTE
r-release-osx-x86_64-mavericks 0.2-7 NOTE
r-release-osx-x86_64-snowleopard 0.2-7 ERROR
r-release-windows-ix86+x86_64 0.2-7 6.00 53.00 59.00 NOTE
r-oldrel-windows-ix86+x86_64 0.2-7 10.00 53.00 63.00 NOTE

Check Details

Version: 0.2-7
Check: dependencies in R code
Result: NOTE
    Packages in Depends field not imported from:
     ‘XMLRPC’ ‘methods’
     These packages need to be imported from (in the NAMESPACE file)
     for when this namespace is loaded but not attached.
    See the information on DESCRIPTION files in the chapter ‘Creating R
    packages’ of the ‘Writing R Extensions’ manual.
Flavors: r-devel-linux-x86_64-debian-clang, r-devel-linux-x86_64-debian-gcc, r-devel-linux-x86_64-fedora-clang, r-devel-linux-x86_64-fedora-gcc, r-devel-osx-x86_64-clang, r-devel-windows-ix86+x86_64, r-patched-linux-x86_64, r-patched-solaris-sparc, r-patched-solaris-x86, r-release-linux-ix86, r-release-linux-x86_64, r-release-osx-x86_64-mavericks, r-release-windows-ix86+x86_64, r-oldrel-windows-ix86+x86_64

Version: 0.2-7
Check: R code for possible problems
Result: NOTE
    NemailHelp: no visible global function definition for ‘xml.rpc’
    NgetFinalResults: no visible global function definition for ‘xml.rpc’
    NgetFinalResultsNonBlocking: no visible global function definition for
     ‘xml.rpc’
    NgetIntermediateResults: no visible global function definition for
     ‘xml.rpc’
    NgetIntermediateResultsNonBlocking: no visible global function
     definition for ‘xml.rpc’
    NgetJobInfo: no visible global function definition for ‘xml.rpc’
    NgetJobStatus: no visible global function definition for ‘xml.rpc’
    NgetSolverTemplate: no visible global function definition for ‘xml.rpc’
    Nhelp: no visible global function definition for ‘xml.rpc’
    NkillJob: no visible global function definition for ‘xml.rpc’
    NlistAllSolvers: no visible global function definition for ‘xml.rpc’
    NlistCategories: no visible global function definition for ‘xml.rpc’
    NlistSolversInCategory: no visible global function definition for
     ‘xml.rpc’
    Nping: no visible global function definition for ‘xml.rpc’
    NprintQueue: no visible global function definition for ‘xml.rpc’
    NsubmitJob: no visible global function definition for ‘xml.rpc’
    Nversion: no visible global function definition for ‘xml.rpc’
    Nwelcome: no visible global function definition for ‘xml.rpc’
Flavors: r-devel-linux-x86_64-debian-clang, r-devel-linux-x86_64-debian-gcc, r-devel-linux-x86_64-fedora-clang, r-devel-linux-x86_64-fedora-gcc, r-devel-osx-x86_64-clang, r-devel-windows-ix86+x86_64, r-patched-linux-x86_64, r-patched-solaris-sparc, r-patched-solaris-x86, r-release-linux-ix86, r-release-linux-x86_64, r-release-windows-ix86+x86_64

Version: 0.2-7
Check: package dependencies
Result: ERROR
    Package required but not available: ‘XMLRPC’
    
    See the information on DESCRIPTION files in the chapter ‘Creating R
    packages’ of the ‘Writing R Extensions’ manual.
Flavor: r-release-osx-x86_64-snowleopard