CRAN Package Check Results for Package rneos

Last updated on 2018-04-23 14:50:14 CEST.

Flavor Version Tinstall Tcheck Ttotal Status Flags
r-devel-linux-x86_64-debian-clang 0.3-2 2.83 30.54 33.37 OK
r-devel-linux-x86_64-debian-gcc 0.3-2 2.11 25.67 27.78 OK
r-devel-linux-x86_64-fedora-clang 0.3-2 41.59 OK
r-devel-linux-x86_64-fedora-gcc 0.3-2 40.25 OK
r-devel-windows-ix86+x86_64 0.3-2 7.00 47.00 54.00 NOTE
r-devel-osx-x86_64 0.3-2 NOTE
r-patched-linux-x86_64 0.3-2 2.89 31.55 34.44 OK
r-patched-solaris-x86 0.3-2 63.10 OK
r-release-linux-x86_64 0.3-2 2.31 31.63 33.94 OK
r-release-windows-ix86+x86_64 0.3-2 8.00 62.00 70.00 OK
r-release-osx-x86_64 0.3-2 NOTE
r-oldrel-windows-ix86+x86_64 0.3-2 7.00 40.00 47.00 OK

Check Details

Version: 0.3-2
Check: package dependencies
Result: NOTE
    Package suggested but not available for checking: 'XMLRPC'
Flavors: r-devel-windows-ix86+x86_64, r-devel-osx-x86_64, r-release-osx-x86_64