CRAN Package Check Results for Package rneos

Last updated on 2015-05-29 19:47:54.

Flavor Version Tinstall Tcheck Ttotal Status Flags
r-devel-linux-x86_64-debian-clang 0.2-8 1.41 19.20 20.60 OK
r-devel-linux-x86_64-debian-gcc 0.2-8 1.39 18.96 20.34 OK
r-devel-linux-x86_64-fedora-clang 0.2-8 40.41 OK
r-devel-linux-x86_64-fedora-gcc 0.2-8 38.54 OK
r-devel-osx-x86_64-clang 0.2-8 41.58 OK
r-devel-windows-ix86+x86_64 0.2-8 4.00 33.00 37.00 OK
r-patched-linux-x86_64 0.2-8 1.50 19.24 20.73 OK
r-patched-solaris-sparc 0.2-8 259.70 OK
r-patched-solaris-x86 0.2-8 57.40 OK
r-release-linux-x86_64 0.2-8 1.39 19.86 21.25 OK
r-release-osx-x86_64-mavericks 0.2-8 OK
r-release-osx-x86_64-snowleopard 0.2-8 ERROR
r-release-windows-ix86+x86_64 0.2-8 5.00 32.00 37.00 OK
r-oldrel-windows-ix86+x86_64 0.2-8 6.00 40.00 46.00 OK

Check Details

Version: 0.2-8
Check: package dependencies
Result: ERROR
    Package required but not available: ‘XML’
    
    Package suggested but not available for checking: ‘XMLRPC’
    
    See section ‘The DESCRIPTION file’ in the ‘Writing R Extensions’
    manual.
Flavor: r-release-osx-x86_64-snowleopard