CRAN Package Check Results for Package rneos

Last updated on 2015-02-28 17:48:47.

Flavor Version Tinstall Tcheck Ttotal Status Flags
r-devel-linux-x86_64-debian-clang 0.2-8 1.43 19.20 20.63 OK
r-devel-linux-x86_64-debian-gcc 0.2-8 1.38 18.65 20.03 OK
r-devel-linux-x86_64-fedora-clang 0.2-8 40.87 OK
r-devel-linux-x86_64-fedora-gcc 0.2-8 39.42 OK
r-devel-osx-x86_64-clang 0.2-8 42.54 OK
r-devel-windows-ix86+x86_64 0.2-8 6.00 33.00 39.00 OK
r-patched-linux-x86_64 0.2-8 1.78 23.78 25.56 OK
r-patched-solaris-sparc 0.2-8 270.00 OK
r-patched-solaris-x86 0.2-8 71.50 OK
r-release-linux-ix86 0.2-8 2.23 30.01 32.24 OK
r-release-linux-x86_64 0.2-8 1.78 23.02 24.80 OK
r-release-osx-x86_64-mavericks 0.2-8 OK
r-release-osx-x86_64-snowleopard 0.2-8 NOTE
r-release-windows-ix86+x86_64 0.2-8 6.00 35.00 41.00 OK
r-oldrel-windows-ix86+x86_64 0.2-8 6.00 38.00 44.00 OK

Check Details

Version: 0.2-8
Check: package dependencies
Result: NOTE
    Package suggested but not available for checking: ‘XMLRPC’
Flavor: r-release-osx-x86_64-snowleopard