CRAN Package Check Results for Package rneos

Last updated on 2017-04-26 12:47:39.

Flavor Version Tinstall Tcheck Ttotal Status Flags
r-devel-linux-x86_64-debian-clang 0.3-2 1.64 21.46 23.10 OK
r-devel-linux-x86_64-debian-gcc 0.3-2 1.60 20.52 22.12 OK
r-devel-linux-x86_64-fedora-clang 0.3-2 42.89 OK --no-stop-on-test-error
r-devel-linux-x86_64-fedora-gcc 0.3-2 39.08 OK --no-stop-on-test-error
r-devel-windows-ix86+x86_64 0.3-2 8.00 48.00 56.00 OK
r-patched-linux-x86_64 0.3-2 1.46 21.99 23.45 OK
r-patched-solaris-sparc 0.3-2 236.00 OK
r-patched-solaris-x86 0.3-2 53.90 OK
r-release-linux-x86_64 0.3-2 1.41 20.86 22.27 OK
r-release-windows-ix86+x86_64 0.3-2 5.00 42.00 47.00 OK
r-release-osx-x86_64 0.3-2 NOTE
r-oldrel-windows-ix86+x86_64 0.3-2 11.00 52.00 63.00 OK
r-oldrel-osx-x86_64 0.3-2 OK

Check Details

Version: 0.3-2
Check: package dependencies
Result: NOTE
    Package suggested but not available for checking: ‘XMLRPC’
Flavor: r-release-osx-x86_64