CRAN Package Check Results for Package riskRegression

Last updated on 2015-04-19 19:52:00.

Flavor Version Tinstall Tcheck Ttotal Status Flags
r-devel-linux-x86_64-debian-clang 1.1.1 2.82 18.43 21.26 OK
r-devel-linux-x86_64-debian-gcc 1.1.1 3.29 19.68 22.97 OK
r-devel-linux-x86_64-fedora-clang 1.1.1 40.86 OK
r-devel-linux-x86_64-fedora-gcc 1.1.1 40.73 OK
r-devel-osx-x86_64-clang 1.1.1 41.22 OK
r-devel-windows-ix86+x86_64 1.1.1 18.00 59.00 77.00 OK
r-patched-linux-x86_64 1.1.1 3.27 20.41 23.68 OK
r-patched-solaris-sparc 1.1.1 251.80 OK
r-patched-solaris-x86 1.1.1 57.30 OK
r-release-linux-x86_64 1.1.1 3.32 17.53 20.86 OK
r-release-osx-x86_64-mavericks 1.1.1 ERROR
r-release-osx-x86_64-snowleopard 1.1.1 ERROR
r-release-windows-ix86+x86_64 1.1.1 10.00 37.00 47.00 OK
r-oldrel-windows-ix86+x86_64 1.1.1 13.00 48.00 61.00 OK

Memtest notes: valgrind

Check Details

Version: 1.1.1
Check: package dependencies
Result: ERROR
    Packages required but not available: ‘rms’ ‘pec’
    
    See section ‘The DESCRIPTION file’ in the ‘Writing R Extensions’
    manual.
Flavors: r-release-osx-x86_64-mavericks, r-release-osx-x86_64-snowleopard