CRAN Package Check Results for Package riskRegression

Last updated on 2017-03-24 19:49:47.

Flavor Version Tinstall Tcheck Ttotal Status Flags
r-devel-linux-x86_64-debian-clang 1.3.7 60.13 178.66 238.79 OK
r-devel-linux-x86_64-debian-gcc 1.3.7 62.90 165.68 228.58 OK
r-devel-linux-x86_64-fedora-clang 1.3.7 491.08 OK --no-stop-on-test-error
r-devel-linux-x86_64-fedora-gcc 1.3.7 445.70 OK --no-stop-on-test-error
r-devel-macos-x86_64-clang 1.3.7 321.06 OK --no-stop-on-test-error
r-patched-linux-x86_64 1.3.7 49.03 136.74 185.77 OK
r-patched-solaris-sparc 1.3.7 2604.70 OK
r-patched-solaris-x86 1.3.7 557.20 OK
r-release-linux-x86_64 1.3.7 49.94 135.90 185.84 OK
r-release-osx-x86_64-mavericks 1.3.7 ERROR
r-release-windows-ix86+x86_64 1.3.7 249.00 351.00 600.00 OK
r-oldrel-windows-ix86+x86_64 1.3.7 174.00 345.00 519.00 OK

Check Details

Version: 1.3.7
Check: package dependencies
Result: ERROR
    Package required and available but unsuitable version: ‘data.table’
    
    See section ‘The DESCRIPTION file’ in the ‘Writing R Extensions’
    manual.
Flavor: r-release-osx-x86_64-mavericks