CRAN Package Check Results for Package riskRegression

Last updated on 2017-12-16 09:51:17 CET.

Flavor Version Tinstall Tcheck Ttotal Status Flags
r-devel-linux-x86_64-debian-clang 1.4.3 105.27 422.22 527.49 OK
r-devel-linux-x86_64-debian-gcc 1.4.3 94.96 248.30 343.26 OK
r-devel-linux-x86_64-fedora-clang 1.4.3 568.29 OK
r-devel-linux-x86_64-fedora-gcc 1.4.3 517.74 NOTE
r-devel-windows-ix86+x86_64 1.4.3 243.00 509.00 752.00 OK
r-patched-linux-x86_64 1.4.3 112.03 360.37 472.40 OK
r-patched-solaris-x86 1.4.3 683.00 OK
r-release-linux-x86_64 1.4.3 111.59 355.42 467.01 OK
r-release-windows-ix86+x86_64 1.4.3 230.00 525.00 755.00 OK
r-release-osx-x86_64 1.4.3 OK
r-oldrel-windows-ix86+x86_64 1.4.3 246.00 613.00 859.00 OK
r-oldrel-osx-x86_64 1.4.3 OK

Check Details

Version: 1.4.3
Check: installed package size
Result: NOTE
     installed size is 6.0Mb
     sub-directories of 1Mb or more:
     libs 5.6Mb
Flavor: r-devel-linux-x86_64-fedora-gcc