CRAN Package Check Results for Package riskRegression

Last updated on 2015-03-05 17:49:16.

Flavor Version Tinstall Tcheck Ttotal Status Flags
r-devel-linux-x86_64-debian-clang 1.1.1 2.56 19.04 21.60 OK
r-devel-linux-x86_64-debian-gcc 1.1.1 3.29 18.62 21.90 OK
r-devel-linux-x86_64-fedora-clang 1.1.1 41.74 OK
r-devel-linux-x86_64-fedora-gcc 1.1.1 40.07 OK
r-devel-osx-x86_64-clang 1.1.1 42.92 OK
r-devel-windows-ix86+x86_64 1.1.1 14.00 44.00 58.00 OK
r-patched-linux-x86_64 1.1.1 3.53 22.69 26.22 OK
r-patched-solaris-sparc 1.1.1 310.10 OK
r-patched-solaris-x86 1.1.1 70.10 OK
r-release-linux-ix86 1.1.1 4.30 30.92 35.22 OK
r-release-linux-x86_64 1.1.1 3.94 22.64 26.57 OK
r-release-osx-x86_64-mavericks 1.1.1 ERROR
r-release-osx-x86_64-snowleopard 1.1.1 ERROR
r-release-windows-ix86+x86_64 1.1.1 14.00 53.00 67.00 OK
r-oldrel-windows-ix86+x86_64 1.1.1 15.00 1.00 16.00 ERROR

Memtest notes: valgrind

Check Details

Version: 1.1.1
Check: package dependencies
Result: ERROR
    Package required and available but unsuitable version: ‘pec’
    
    See section ‘The DESCRIPTION file’ in the ‘Writing R Extensions’
    manual.
Flavors: r-release-osx-x86_64-mavericks, r-release-osx-x86_64-snowleopard

Version: 1.1.1
Check: package dependencies
Result: ERROR
    Package required and available but unsuitable version: 'randomForestSRC'
    
    See the information on DESCRIPTION files in the chapter 'Creating R
    packages' of the 'Writing R Extensions' manual.
Flavor: r-oldrel-windows-ix86+x86_64