CRAN Package Check Results for Package riskRegression

Last updated on 2015-07-02 20:46:59.

Flavor Version Tinstall Tcheck Ttotal Status Flags
r-devel-linux-x86_64-debian-clang 1.1.1 2.86 18.86 21.72 NOTE
r-devel-linux-x86_64-debian-gcc 1.1.1 3.27 18.68 21.95 NOTE
r-devel-linux-x86_64-fedora-clang 1.1.1 39.44 NOTE
r-devel-linux-x86_64-fedora-gcc 1.1.1 40.27 NOTE
r-devel-osx-x86_64-clang 1.1.1 32.00 OK
r-devel-windows-ix86+x86_64 1.1.1 14.00 44.00 58.00 NOTE
r-patched-linux-x86_64 1.1.1 3.27 18.20 21.48 OK
r-patched-solaris-sparc 1.1.1 259.40 OK
r-patched-solaris-x86 1.1.1 59.00 OK
r-release-linux-x86_64 1.1.1 3.32 18.93 22.25 OK
r-release-osx-x86_64-mavericks 1.1.1 OK
r-release-windows-ix86+x86_64 1.1.1 14.00 40.00 54.00 OK
r-oldrel-windows-ix86+x86_64 1.1.1 16.00 51.00 67.00 OK

Memtest notes: valgrind

Check Details

Version: 1.1.1
Check: R code for possible problems
Result: NOTE
    CSC: no visible global function definition for ‘reformulate’
    CSC: no visible global function definition for ‘model.frame’
    CSC: no visible global function definition for ‘update’
    CSC: no visible binding for global variable ‘na.omit’
    CSC: no visible global function definition for ‘model.response’
    CSC : <anonymous>: no visible global function definition for
     ‘as.formula’
    CSC : <anonymous>: no visible global function definition for
     ‘delete.response’
    CSC : <anonymous>: no visible global function definition for
     ‘terms.formula’
    FGR: no visible global function definition for ‘terms’
    coef.riskRegression: no visible global function definition for ‘pnorm’
    coefTable: no visible global function definition for ‘pnorm’
    lhs: no visible global function definition for ‘update’
    plot.riskRegression: no visible global function definition for ‘update’
    plot.riskRegression: no visible global function definition for
     ‘predict’
    plot.riskRegression: no visible global function definition for ‘median’
    plot.riskRegression: no visible global function definition for
     ‘quantile’
    plot.riskRegression : <anonymous>: no visible global function
     definition for ‘lines’
    plot.riskRegression: no visible global function definition for ‘par’
    plotCoef: no visible global function definition for ‘qnorm’
    plotCoef: no visible global function definition for ‘plot’
    plotCoef: no visible global function definition for ‘abline’
    plotCoef : <anonymous>: no visible global function definition for
     ‘lines’
    plotCoef : <anonymous>: no visible binding for global variable ‘time’
    plotCoef : <anonymous>: no visible global function definition for
     ‘col2rgb’
    plotCoef : <anonymous>: no visible global function definition for
     ‘polygon’
    plotCoef: no visible global function definition for ‘lines’
    plotCoef: no visible global function definition for ‘col2rgb’
    plotCoef: no visible global function definition for ‘polygon’
    plotEffects: no visible global function definition for ‘qnorm’
    plotEffects: no visible global function definition for ‘abline’
    plotEffects : <anonymous>: no visible global function definition for
     ‘lines’
    plotEffects : <anonymous>: no visible global function definition for
     ‘col2rgb’
    plotEffects : <anonymous>: no visible global function definition for
     ‘polygon’
    plotEffects: no visible global function definition for ‘lines’
    plotEffects: no visible global function definition for ‘col2rgb’
    plotEffects: no visible global function definition for ‘polygon’
    plotEffects: no visible global function definition for ‘par’
    predict.FGR: no visible global function definition for ‘as.formula’
    predict.FGR: no visible global function definition for
     ‘delete.response’
    predict.riskRegression: no visible global function definition for
     ‘delete.response’
    predict.riskRegression: no visible global function definition for
     ‘formula’
    print.riskRegression: no visible global function definition for ‘pnorm’
    riskRegression: no visible global function definition for ‘terms’
    riskRegression: no visible global function definition for ‘update’
    riskRegression: no visible global function definition for
     ‘get_all_vars’
    subjectWeights.cox: no visible global function definition for ‘na.omit’
    subjectWeights.forest: no visible global function definition for
     ‘na.omit’
    subjectWeights.forest: no visible global function definition for
     ‘predict’
    subjectWeights.km: no visible global function definition for
     ‘update.formula’
    subjectWeights.marginal: no visible global function definition for
     ‘update.formula’
    summary.riskRegression: no visible global function definition for
     ‘quantile’
    summary.riskRegression: no visible global function definition for
     ‘pnorm’
    summary.riskRegression: no visible global function definition for
     ‘qnorm’
    timevarCoef.riskRegression: no visible global function definition for
     ‘quantile’
    timevarCoefList: no visible global function definition for ‘quantile’
    timevarCoefMatrix: no visible global function definition for ‘quantile’
    Undefined global functions or variables:
     abline as.formula col2rgb delete.response formula get_all_vars lines
     median model.frame model.response na.omit par plot pnorm polygon
     predict qnorm quantile reformulate terms terms.formula time update
     update.formula
Flavors: r-devel-linux-x86_64-debian-clang, r-devel-linux-x86_64-fedora-clang, r-devel-linux-x86_64-fedora-gcc

Version: 1.1.1
Check: R code for possible problems
Result: NOTE
    CSC: no visible global function definition for ‘reformulate’
    CSC: no visible global function definition for ‘model.frame’
    CSC: no visible global function definition for ‘update’
    CSC: no visible binding for global variable ‘na.omit’
    CSC: no visible global function definition for ‘model.response’
    CSC : <anonymous>: no visible global function definition for
     ‘as.formula’
    CSC : <anonymous>: no visible global function definition for
     ‘delete.response’
    CSC : <anonymous>: no visible global function definition for
     ‘terms.formula’
    FGR: no visible global function definition for ‘terms’
    coef.riskRegression: no visible global function definition for ‘pnorm’
    coefTable: no visible global function definition for ‘pnorm’
    lhs: no visible global function definition for ‘update’
    plot.riskRegression: no visible global function definition for ‘update’
    plot.riskRegression: no visible global function definition for
     ‘predict’
    plot.riskRegression: no visible global function definition for ‘median’
    plot.riskRegression: no visible global function definition for
     ‘quantile’
    plot.riskRegression : <anonymous>: no visible global function
     definition for ‘lines’
    plot.riskRegression: no visible global function definition for ‘par’
    plotCoef: no visible global function definition for ‘qnorm’
    plotCoef: no visible global function definition for ‘plot’
    plotCoef: no visible global function definition for ‘abline’
    plotCoef : <anonymous>: no visible global function definition for
     ‘lines’
    plotCoef : <anonymous>: no visible binding for global variable ‘time’
    plotCoef : <anonymous>: no visible global function definition for
     ‘col2rgb’
    plotCoef : <anonymous>: no visible global function definition for
     ‘polygon’
    plotCoef: no visible global function definition for ‘lines’
    plotCoef: no visible global function definition for ‘col2rgb’
    plotCoef: no visible global function definition for ‘polygon’
    plotEffects: no visible global function definition for ‘qnorm’
    plotEffects: no visible global function definition for ‘abline’
    plotEffects : <anonymous>: no visible global function definition for
     ‘lines’
    plotEffects : <anonymous>: no visible global function definition for
     ‘col2rgb’
    plotEffects : <anonymous>: no visible global function definition for
     ‘polygon’
    plotEffects: no visible global function definition for ‘lines’
    plotEffects: no visible global function definition for ‘col2rgb’
    plotEffects: no visible global function definition for ‘polygon’
    plotEffects: no visible global function definition for ‘par’
    predict.FGR: no visible global function definition for ‘as.formula’
    predict.FGR: no visible global function definition for
     ‘delete.response’
    predict.riskRegression: no visible global function definition for
     ‘delete.response’
    predict.riskRegression: no visible global function definition for
     ‘formula’
    print.riskRegression: no visible global function definition for ‘pnorm’
    riskRegression: no visible global function definition for ‘terms’
    riskRegression: no visible global function definition for ‘update’
    riskRegression: no visible global function definition for
     ‘get_all_vars’
    subjectWeights.cox: no visible global function definition for ‘na.omit’
    subjectWeights.forest: no visible global function definition for
     ‘na.omit’
    subjectWeights.forest: no visible global function definition for
     ‘predict’
    subjectWeights.km: no visible global function definition for
     ‘update.formula’
    subjectWeights.marginal: no visible global function definition for
     ‘update.formula’
    summary.riskRegression: no visible global function definition for
     ‘quantile’
    summary.riskRegression: no visible global function definition for
     ‘pnorm’
    summary.riskRegression: no visible global function definition for
     ‘qnorm’
    timevarCoef.riskRegression: no visible global function definition for
     ‘quantile’
    timevarCoefList: no visible global function definition for ‘quantile’
    timevarCoefMatrix: no visible global function definition for ‘quantile’
Flavors: r-devel-linux-x86_64-debian-gcc, r-devel-windows-ix86+x86_64