CRAN Package Check Results for Package riskRegression

Last updated on 2015-02-01 17:50:17.

Flavor Version Tinstall Tcheck Ttotal Status Flags
r-devel-linux-x86_64-debian-clang 1.1.1 2.59 17.88 20.47 OK
r-devel-linux-x86_64-debian-gcc 1.1.1 3.24 18.20 21.44 OK
r-devel-linux-x86_64-fedora-clang 1.1.1 43.24 OK
r-devel-linux-x86_64-fedora-gcc 1.1.1 39.25 OK
r-devel-osx-x86_64-clang 1.1.1 46.30 OK
r-devel-windows-ix86+x86_64 1.1.1 14.00 40.00 54.00 OK
r-patched-linux-x86_64 1.1.1 4.02 21.49 25.51 OK
r-patched-solaris-sparc 1.1.1 265.10 OK
r-patched-solaris-x86 1.1.1 65.40 OK
r-release-linux-ix86 1.1.1 4.58 30.01 34.59 OK
r-release-linux-x86_64 1.1.1 3.74 21.06 24.80 OK
r-release-osx-x86_64-mavericks 1.1.1 ERROR
r-release-osx-x86_64-snowleopard 1.1.1 ERROR
r-release-windows-ix86+x86_64 1.1.1 14.00 50.00 64.00 OK
r-oldrel-windows-ix86+x86_64 1.1.1 14.00 1.00 15.00 ERROR

Memtest notes: valgrind

Check Details

Version: 1.1.1
Check: package dependencies
Result: ERROR
    Package required and available but unsuitable version: ‘pec’
    
    See the information on DESCRIPTION files in the chapter ‘Creating R
    packages’ of the ‘Writing R Extensions’ manual.
Flavors: r-release-osx-x86_64-mavericks, r-release-osx-x86_64-snowleopard

Version: 1.1.1
Check: package dependencies
Result: ERROR
    Package required and available but unsuitable version: 'randomForestSRC'
    
    See the information on DESCRIPTION files in the chapter 'Creating R
    packages' of the 'Writing R Extensions' manual.
Flavor: r-oldrel-windows-ix86+x86_64