CRAN Package Check Results for Package rgrs

Last updated on 2014-08-11 15:49:39.

Flavor Version Tinstall Tcheck Ttotal Status Flags
r-devel-linux-x86_64-debian-clang 0.3 1.48 25.02 26.50 NOTE
r-devel-linux-x86_64-debian-gcc 0.3 1.88 23.20 25.08 NOTE
r-devel-linux-x86_64-fedora-clang 0.3 52.48 NOTE
r-devel-linux-x86_64-fedora-gcc 0.3 48.48 NOTE
r-devel-osx-x86_64-clang 0.3 47.81 NOTE
r-devel-windows-ix86+x86_64 0.3 7.00 39.00 46.00 NOTE
r-patched-linux-x86_64 0.3 1.56 23.21 24.77 NOTE
r-patched-solaris-sparc 0.3 276.50 NOTE
r-patched-solaris-x86 0.3 67.60 NOTE
r-release-linux-ix86 0.3 2.00 30.50 32.50 NOTE
r-release-linux-x86_64 0.3 1.58 24.32 25.90 NOTE
r-release-osx-x86_64-mavericks 0.3 NOTE
r-release-osx-x86_64-snowleopard 0.3 WARN
r-release-windows-ix86+x86_64 0.3 8.00 40.00 48.00 NOTE
r-oldrel-windows-ix86+x86_64 0.3 7.00 43.00 50.00 NOTE

Check Details

Version: 0.3
Check: dependencies in R code
Result: NOTE
    Package in Depends field not imported from: ‘questionr’
     These packages need to be imported from (in the NAMESPACE file)
     for when this namespace is loaded but not attached.
    See the information on DESCRIPTION files in the chapter ‘Creating R
    packages’ of the ‘Writing R Extensions’ manual.
Flavors: r-devel-linux-x86_64-debian-clang, r-devel-linux-x86_64-debian-gcc, r-devel-linux-x86_64-fedora-clang, r-devel-linux-x86_64-fedora-gcc, r-devel-osx-x86_64-clang, r-devel-windows-ix86+x86_64, r-patched-linux-x86_64, r-patched-solaris-sparc, r-patched-solaris-x86, r-release-linux-ix86, r-release-linux-x86_64, r-release-osx-x86_64-mavericks, r-release-windows-ix86+x86_64, r-oldrel-windows-ix86+x86_64

Version: 0.3
Check: examples
Result: WARNING
    checking a package with encoding 'UTF-8' in an ASCII locale
    
     OK
Flavor: r-release-osx-x86_64-snowleopard