CRAN Package Check Results for Package reweight

Last updated on 2015-09-03 18:47:19.

Flavor Version Tinstall Tcheck Ttotal Status Flags
r-devel-linux-x86_64-debian-clang 1.2.1 0.45 25.85 26.30 NOTE
r-devel-linux-x86_64-debian-gcc 1.2.1 0.52 26.68 27.21 NOTE
r-devel-linux-x86_64-fedora-clang 1.2.1 51.69 NOTE
r-devel-linux-x86_64-fedora-gcc 1.2.1 50.35 NOTE
r-devel-osx-x86_64-clang 1.2.1 32.97 OK
r-devel-windows-ix86+x86_64 1.2.1 2.00 51.00 53.00 NOTE
r-patched-linux-x86_64 1.2.1 0.54 27.18 27.72 OK
r-patched-solaris-sparc 1.2.1 307.20 OK
r-patched-solaris-x86 1.2.1 74.40 OK
r-release-linux-x86_64 1.2.1 0.51 27.66 28.16 OK
r-release-osx-x86_64-mavericks 1.2.1 OK
r-release-windows-ix86+x86_64 1.2.1 4.00 48.00 52.00 OK
r-oldrel-windows-ix86+x86_64 1.2.1 4.00 49.00 53.00 OK

Check Details

Version: 1.2.1
Check: R code for possible problems
Result: NOTE
    plot.reweight: no visible global function definition for ‘par’
    plot.reweight: no visible global function definition for ‘plot’
    plot.reweight: no visible global function definition for ‘density’
    plot.reweight: no visible global function definition for ‘rug’
    reweight: no visible global function definition for ‘aggregate’
    search.best.h: no visible global function definition for ‘quantile’
    Undefined global functions or variables:
     aggregate density par plot quantile rug
    Consider adding
     importFrom("graphics", "par", "plot", "rug")
     importFrom("stats", "aggregate", "density", "quantile")
    to your NAMESPACE.
Flavors: r-devel-linux-x86_64-debian-clang, r-devel-linux-x86_64-debian-gcc, r-devel-linux-x86_64-fedora-clang, r-devel-linux-x86_64-fedora-gcc, r-devel-windows-ix86+x86_64