CRAN Package Check Results for Package reweight

Last updated on 2016-06-24 14:48:29.

Flavor Version Tinstall Tcheck Ttotal Status Flags
r-devel-linux-x86_64-debian-gcc 1.2.1 0.60 28.24 28.84 NOTE
r-devel-linux-x86_64-fedora-clang 1.2.1 47.91 NOTE
r-devel-linux-x86_64-fedora-gcc 1.2.1 49.42 NOTE
r-devel-osx-x86_64-clang 1.2.1 30.49 NOTE
r-devel-windows-ix86+x86_64 1.2.1 2.00 54.00 56.00 NOTE
r-patched-linux-x86_64 1.2.1 0.56 26.71 27.27 NOTE
r-patched-solaris-sparc 1.2.1 274.70 NOTE
r-patched-solaris-x86 1.2.1 63.60 NOTE
r-release-linux-x86_64 1.2.1 0.53 27.11 27.64 NOTE
r-release-osx-x86_64-mavericks 1.2.1 NOTE
r-release-windows-ix86+x86_64 1.2.1 2.00 64.00 66.00 NOTE
r-oldrel-windows-ix86+x86_64 1.2.1 3.00 52.00 55.00 OK

Check Details

Version: 1.2.1
Check: R code for possible problems
Result: NOTE
    plot.reweight: no visible global function definition for ‘par’
    plot.reweight: no visible global function definition for ‘plot’
    plot.reweight: no visible global function definition for ‘density’
    plot.reweight: no visible global function definition for ‘rug’
    reweight: no visible global function definition for ‘aggregate’
    search.best.h: no visible global function definition for ‘quantile’
    Undefined global functions or variables:
     aggregate density par plot quantile rug
    Consider adding
     importFrom("graphics", "par", "plot", "rug")
     importFrom("stats", "aggregate", "density", "quantile")
    to your NAMESPACE file.
Flavors: r-devel-linux-x86_64-debian-gcc, r-devel-linux-x86_64-fedora-clang, r-devel-linux-x86_64-fedora-gcc, r-devel-osx-x86_64-clang, r-devel-windows-ix86+x86_64, r-patched-linux-x86_64, r-patched-solaris-sparc, r-patched-solaris-x86, r-release-linux-x86_64, r-release-osx-x86_64-mavericks, r-release-windows-ix86+x86_64