CRAN Package Check Results for Package reweight

Last updated on 2015-07-05 21:46:45.

Flavor Version Tinstall Tcheck Ttotal Status Flags
r-devel-linux-x86_64-debian-clang 1.2.1 0.49 26.79 27.28 NOTE
r-devel-linux-x86_64-debian-gcc 1.2.1 0.48 26.51 26.98 NOTE
r-devel-linux-x86_64-fedora-clang 1.2.1 51.55 NOTE
r-devel-linux-x86_64-fedora-gcc 1.2.1 51.39 NOTE
r-devel-osx-x86_64-clang 1.2.1 31.86 OK
r-devel-windows-ix86+x86_64 1.2.1 2.00 46.00 48.00 NOTE
r-patched-linux-x86_64 1.2.1 0.57 27.22 27.78 OK
r-patched-solaris-sparc 1.2.1 303.20 OK
r-patched-solaris-x86 1.2.1 73.60 OK
r-release-linux-x86_64 1.2.1 0.50 27.12 27.62 OK
r-release-osx-x86_64-mavericks 1.2.1 OK
r-release-windows-ix86+x86_64 1.2.1 2.00 47.00 49.00 OK
r-oldrel-windows-ix86+x86_64 1.2.1 4.00 49.00 53.00 OK

Check Details

Version: 1.2.1
Check: R code for possible problems
Result: NOTE
    plot.reweight: no visible global function definition for ‘par’
    plot.reweight: no visible global function definition for ‘plot’
    plot.reweight: no visible global function definition for ‘density’
    plot.reweight: no visible global function definition for ‘rug’
    reweight: no visible global function definition for ‘aggregate’
    search.best.h: no visible global function definition for ‘quantile’
    Undefined global functions or variables:
     aggregate density par plot quantile rug
Flavors: r-devel-linux-x86_64-debian-clang, r-devel-linux-x86_64-debian-gcc, r-devel-linux-x86_64-fedora-clang, r-devel-linux-x86_64-fedora-gcc, r-devel-windows-ix86+x86_64