CRAN Package Check Results for Package qtutils

Last updated on 2014-04-16 11:47:24.

Flavor Version Tinstall Tcheck Ttotal Status Flags
r-devel-linux-x86_64-debian-clang 0.1-3 5.42 22.75 28.17 NOTE
r-devel-linux-x86_64-debian-gcc 0.1-3 5.61 22.30 27.92 NOTE
r-devel-linux-x86_64-fedora-clang 0.1-3 44.34 NOTE
r-devel-linux-x86_64-fedora-gcc 0.1-3 43.31 NOTE
r-devel-macosx-x86_64-gcc 0.1-3 ERROR
r-patched-linux-x86_64 0.1-3 5.44 22.58 28.02 NOTE
r-release-linux-ix86 0.1-3 15.00 40.00 55.00 NOTE
r-release-linux-x86_64 0.1-3 5.59 21.98 27.56 NOTE
r-release-macosx-x86_64 0.1-3 ERROR

Check Details

Version: 0.1-3
Check: DESCRIPTION meta-information
Result: NOTE
    Package listed in more than one of Depends, Imports, Suggests, Enhances:
     ‘qtbase’
    A package should be listed in only one of these fields.
Flavors: r-devel-linux-x86_64-debian-clang, r-devel-linux-x86_64-debian-gcc, r-devel-linux-x86_64-fedora-clang, r-devel-linux-x86_64-fedora-gcc, r-patched-linux-x86_64, r-release-linux-ix86, r-release-linux-x86_64

Version: 0.1-3
Check: dependencies in R code
Result: NOTE
    Unexported object imported by a ':::' call: ‘utils:::.win32consoleCompletion’
     See the note in ?`:::` about the use of this operator.
    See the information on DESCRIPTION files in the chapter ‘Creating R
    packages’ of the ‘Writing R Extensions’ manual.
Flavors: r-devel-linux-x86_64-debian-clang, r-devel-linux-x86_64-debian-gcc, r-devel-linux-x86_64-fedora-clang, r-devel-linux-x86_64-fedora-gcc, r-patched-linux-x86_64, r-release-linux-ix86, r-release-linux-x86_64

Version: 0.1-3
Check: compiled code
Result: NOTE
    Note: information on .o files is not available
Flavors: r-devel-linux-x86_64-debian-clang, r-devel-linux-x86_64-debian-gcc, r-devel-linux-x86_64-fedora-clang, r-devel-linux-x86_64-fedora-gcc, r-patched-linux-x86_64, r-release-linux-ix86, r-release-linux-x86_64

Version: 0.1-3
Check: package dependencies
Result: ERROR
    Package required but not available: ‘qtbase’
    
    See the information on DESCRIPTION files in the chapter ‘Creating R
    packages’ of the ‘Writing R Extensions’ manual.
Flavors: r-devel-macosx-x86_64-gcc, r-release-macosx-x86_64