CRAN Package Check Results for Package pmg

Last updated on 2014-11-25 16:47:06.

Flavor Version Tinstall Tcheck Ttotal Status Flags
r-devel-linux-x86_64-debian-clang 0.9-43 3.60 53.37 56.97 OK
r-devel-linux-x86_64-debian-gcc 0.9-43 3.59 49.78 53.38 OK
r-devel-linux-x86_64-fedora-clang 0.9-43 128.61 OK
r-devel-linux-x86_64-fedora-gcc 0.9-43 121.45 OK
r-devel-osx-x86_64-clang 0.9-43 103.71 OK
r-devel-windows-ix86+x86_64 0.9-43 12.00 79.00 91.00 OK
r-patched-linux-x86_64 0.9-43 3.85 55.06 58.91 OK
r-patched-solaris-sparc 0.9-43 616.80 OK
r-patched-solaris-x86 0.9-43 165.20 OK
r-release-linux-ix86 0.9-43 4.84 63.62 68.45 OK
r-release-linux-x86_64 0.9-43 3.74 53.92 57.66 OK
r-release-osx-x86_64-mavericks 0.9-43 ERROR
r-release-osx-x86_64-snowleopard 0.9-43 OK
r-release-windows-ix86+x86_64 0.9-43 15.00 83.00 98.00 OK
r-oldrel-windows-ix86+x86_64 0.9-43 17.00 86.00 103.00 OK

Check Details

Version: 0.9-43
Check: package dependencies
Result: ERROR
    Package required but not available: ‘gWidgetsRGtk2’
    
    Package which this enhances but not available for checking: ‘cairoDevice’
    
    See the information on DESCRIPTION files in the chapter ‘Creating R
    packages’ of the ‘Writing R Extensions’ manual.
Flavor: r-release-osx-x86_64-mavericks