CRAN Package Check Results for Package pendensity

Last updated on 2016-02-06 18:50:38.

Flavor Version Tinstall Tcheck Ttotal Status Flags
r-devel-linux-x86_64-debian-gcc 0.2.8 2.70 48.17 50.87 NOTE
r-devel-linux-x86_64-fedora-clang 0.2.8 101.21 NOTE
r-devel-linux-x86_64-fedora-gcc 0.2.8 98.81 NOTE
r-devel-osx-x86_64-clang 0.2.8 107.42 NOTE
r-devel-windows-ix86+x86_64 0.2.8 11.00 85.00 96.00 NOTE
r-patched-linux-x86_64 0.2.8 2.90 61.30 64.20 OK
r-patched-solaris-sparc 0.2.8 818.00 OK
r-patched-solaris-x86 0.2.8 164.10 OK
r-release-linux-x86_64 0.2.8 3.06 61.65 64.71 OK
r-release-osx-x86_64-mavericks 0.2.8 OK
r-release-windows-ix86+x86_64 0.2.8 8.00 102.00 110.00 OK
r-oldrel-windows-ix86+x86_64 0.2.8 13.00 101.00 114.00 OK

Check Details

Version: 0.2.8
Check: R code for possible problems
Result: NOTE
    pendenForm: no visible global function definition for ‘contrasts’
    pendensity : <anonymous>: no visible global function definition for
     ‘dnorm’
    plot.pendensity : <anonymous>: no visible global function definition
     for ‘dnorm’
    plot.pendensity: no visible global function definition for ‘density’
    plot.pendensity: no visible global function definition for ‘plot’
    plot.pendensity: no visible global function definition for ‘dnorm’
    plot.pendensity: no visible global function definition for ‘lines’
    plot.pendensity: no visible global function definition for ‘legend’
    plot.pendensity: no visible global function definition for ‘points’
    plot.pendensity: no visible global function definition for ‘par’
    test.equal: no visible global function definition for ‘rnorm’
    Undefined global functions or variables:
     contrasts density dnorm legend lines par plot points rnorm
    Consider adding
     importFrom("graphics", "legend", "lines", "par", "plot", "points")
     importFrom("stats", "contrasts", "density", "dnorm", "rnorm")
    to your NAMESPACE file.
Flavors: r-devel-linux-x86_64-debian-gcc, r-devel-linux-x86_64-fedora-clang, r-devel-osx-x86_64-clang

Version: 0.2.8
Check: R code for possible problems
Result: NOTE
    pendenForm: no visible global function definition for ‘contrasts’
    pendensity : <anonymous>: no visible global function definition for
     ‘dnorm’
    plot.pendensity : <anonymous>: no visible global function definition
     for ‘dnorm’
    plot.pendensity: no visible global function definition for ‘density’
    plot.pendensity: no visible global function definition for ‘plot’
    plot.pendensity: no visible global function definition for ‘dnorm’
    plot.pendensity: no visible global function definition for ‘lines’
    plot.pendensity: no visible global function definition for ‘legend’
    plot.pendensity: no visible global function definition for ‘points’
    plot.pendensity: no visible global function definition for ‘par’
    test.equal: no visible global function definition for ‘rnorm’
    Undefined global functions or variables:
     contrasts density dnorm legend lines par plot points rnorm
    Consider adding
     importFrom("graphics", "legend", "lines", "par", "plot", "points")
     importFrom("stats", "contrasts", "density", "dnorm", "rnorm")
    to your NAMESPACE.
Flavors: r-devel-linux-x86_64-fedora-gcc, r-devel-windows-ix86+x86_64