CRAN Package Check Results for Package pendensity

Last updated on 2015-07-02 20:46:52.

Flavor Version Tinstall Tcheck Ttotal Status Flags
r-devel-linux-x86_64-debian-clang 0.2.8 3.04 59.44 62.48 NOTE
r-devel-linux-x86_64-debian-gcc 0.2.8 2.83 57.98 60.82 NOTE
r-devel-linux-x86_64-fedora-clang 0.2.8 126.03 NOTE
r-devel-linux-x86_64-fedora-gcc 0.2.8 121.60 NOTE
r-devel-osx-x86_64-clang 0.2.8 116.67 OK
r-devel-windows-ix86+x86_64 0.2.8 9.00 87.00 96.00 NOTE
r-patched-linux-x86_64 0.2.8 3.64 59.45 63.09 OK
r-patched-solaris-sparc 0.2.8 829.50 OK
r-patched-solaris-x86 0.2.8 167.10 OK
r-release-linux-x86_64 0.2.8 2.92 59.38 62.30 OK
r-release-osx-x86_64-mavericks 0.2.8 OK
r-release-windows-ix86+x86_64 0.2.8 7.00 89.00 96.00 OK
r-oldrel-windows-ix86+x86_64 0.2.8 10.00 94.00 104.00 OK

Check Details

Version: 0.2.8
Check: R code for possible problems
Result: NOTE
    pendenForm: no visible global function definition for ‘contrasts’
    pendensity : <anonymous>: no visible global function definition for
     ‘dnorm’
    plot.pendensity : <anonymous>: no visible global function definition
     for ‘dnorm’
    plot.pendensity: no visible global function definition for ‘density’
    plot.pendensity: no visible global function definition for ‘plot’
    plot.pendensity: no visible global function definition for ‘dnorm’
    plot.pendensity: no visible global function definition for ‘lines’
    plot.pendensity: no visible global function definition for ‘legend’
    plot.pendensity: no visible global function definition for ‘points’
    plot.pendensity: no visible global function definition for ‘par’
    test.equal: no visible global function definition for ‘rnorm’
    Undefined global functions or variables:
     contrasts density dnorm legend lines par plot points rnorm
Flavors: r-devel-linux-x86_64-debian-clang, r-devel-linux-x86_64-fedora-clang, r-devel-linux-x86_64-fedora-gcc

Version: 0.2.8
Check: R code for possible problems
Result: NOTE
    pendenForm: no visible global function definition for ‘contrasts’
    pendensity : <anonymous>: no visible global function definition for
     ‘dnorm’
    plot.pendensity : <anonymous>: no visible global function definition
     for ‘dnorm’
    plot.pendensity: no visible global function definition for ‘density’
    plot.pendensity: no visible global function definition for ‘plot’
    plot.pendensity: no visible global function definition for ‘dnorm’
    plot.pendensity: no visible global function definition for ‘lines’
    plot.pendensity: no visible global function definition for ‘legend’
    plot.pendensity: no visible global function definition for ‘points’
    plot.pendensity: no visible global function definition for ‘par’
    test.equal: no visible global function definition for ‘rnorm’
Flavors: r-devel-linux-x86_64-debian-gcc, r-devel-windows-ix86+x86_64