CRAN Package Check Results for Package pendensity

Last updated on 2015-05-22 17:46:45.

Flavor Version Tinstall Tcheck Ttotal Status Flags
r-devel-linux-x86_64-debian-clang 0.2.8 2.78 61.14 63.92 OK
r-devel-linux-x86_64-debian-gcc 0.2.8 2.76 61.59 64.36 OK
r-devel-linux-x86_64-fedora-clang 0.2.8 131.26 OK
r-devel-linux-x86_64-fedora-gcc 0.2.8 126.29 OK
r-devel-osx-x86_64-clang 0.2.8 113.65 OK
r-devel-windows-ix86+x86_64 0.2.8 11.00 86.00 97.00 OK
r-patched-linux-x86_64 0.2.8 2.71 60.07 62.78 OK
r-patched-solaris-sparc 0.2.8 773.70 OK
r-patched-solaris-x86 0.2.8 167.50 OK
r-release-linux-x86_64 0.2.8 2.70 61.06 63.76 OK
r-release-osx-x86_64-mavericks 0.2.8 OK
r-release-osx-x86_64-snowleopard 0.2.8 ERROR
r-release-windows-ix86+x86_64 0.2.8 8.00 88.00 96.00 OK
r-oldrel-windows-ix86+x86_64 0.2.8 9.00 134.00 143.00 OK

Check Details

Version: 0.2.8
Check: package dependencies
Result: ERROR
    Package required but not available: ‘fda’
    
    See section ‘The DESCRIPTION file’ in the ‘Writing R Extensions’
    manual.
Flavor: r-release-osx-x86_64-snowleopard