CRAN Package Check Results for Package paleotree

Last updated on 2016-12-07 03:48:07.

Flavor Version Tinstall Tcheck Ttotal Status Flags
r-devel-linux-x86_64-debian-clang 2.7 9.97 129.39 139.36 OK
r-devel-linux-x86_64-debian-gcc 2.7 9.88 121.98 131.86 OK
r-devel-linux-x86_64-fedora-clang 2.7 279.12 OK --no-stop-on-test-error
r-devel-linux-x86_64-fedora-gcc 2.7 280.34 OK --no-stop-on-test-error
r-devel-macos-x86_64-clang 2.7 213.19 OK --no-stop-on-test-error
r-devel-windows-ix86+x86_64 2.7 22.00 202.00 224.00 OK
r-patched-linux-x86_64 2.7 8.65 121.63 130.29 OK
r-patched-solaris-sparc 2.7 1684.50 OK
r-patched-solaris-x86 2.7 276.90 OK
r-release-linux-x86_64 2.7 9.21 120.59 129.80 OK
r-release-osx-x86_64-mavericks 2.7 OK
r-release-windows-ix86+x86_64 2.7 18.00 185.00 203.00 OK
r-oldrel-windows-ix86+x86_64 2.7 26.00 2.00 28.00 ERROR

Check Details

Version: 2.7
Check: whether package can be installed
Result: ERROR
    Installation failed.
Flavor: r-oldrel-windows-ix86+x86_64