CRAN Package Check Results for Package paleotree

Last updated on 2017-07-20 21:49:14.

Flavor Version Tinstall Tcheck Ttotal Status Flags
r-devel-linux-x86_64-debian-clang 2.7 9.98 134.92 144.90 OK
r-devel-linux-x86_64-debian-gcc 2.7 9.55 131.04 140.59 OK
r-devel-linux-x86_64-fedora-clang 2.7 272.77 OK
r-devel-linux-x86_64-fedora-gcc 2.7 267.58 OK
r-devel-windows-ix86+x86_64 2.7 28.00 258.00 286.00 OK
r-patched-linux-x86_64 2.7 9.58 134.52 144.10 OK
r-patched-solaris-x86 2.7 3.30 ERROR
r-release-linux-x86_64 2.7 9.79 138.64 148.43 OK
r-release-windows-ix86+x86_64 2.7 20.00 202.00 222.00 OK
r-release-osx-x86_64 2.7 OK
r-oldrel-windows-ix86+x86_64 2.7 18.00 251.00 269.00 OK
r-oldrel-osx-x86_64 2.7 OK

Check Details

Version: 2.7
Check: package dependencies
Result: ERROR
    Packages required but not available: ‘phangorn’ ‘phytools’
    
    See section ‘The DESCRIPTION file’ in the ‘Writing R Extensions’
    manual.
Flavor: r-patched-solaris-x86