CRAN Package Check Results for Package optmatch

Last updated on 2017-05-23 18:48:34.

Flavor Version Tinstall Tcheck Ttotal Status Flags
r-devel-linux-x86_64-debian-clang 0.9-7 24.48 86.09 110.57 NOTE
r-devel-linux-x86_64-debian-gcc 0.9-7 22.13 83.31 105.44 NOTE
r-devel-linux-x86_64-fedora-clang 0.9-7 227.97 NOTE --no-stop-on-test-error
r-devel-linux-x86_64-fedora-gcc 0.9-7 219.03 NOTE --no-stop-on-test-error
r-devel-windows-ix86+x86_64 0.9-7 100.00 217.00 317.00 OK
r-patched-linux-x86_64 0.9-7 20.03 83.98 104.01 NOTE
r-patched-solaris-sparc 0.9-7 1172.60 OK
r-patched-solaris-x86 0.9-7 246.00 OK --no-stop-on-test-error
r-release-linux-x86_64 0.9-7 21.01 82.73 103.73 NOTE
r-release-windows-ix86+x86_64 0.9-7 66.00 285.00 351.00 OK
r-release-osx-x86_64 0.9-7 OK
r-oldrel-windows-ix86+x86_64 0.9-7 89.00 233.00 322.00 OK
r-oldrel-osx-x86_64 0.9-7 OK

Check Details

Version: 0.9-7
Check: compiled code
Result: NOTE
    File ‘optmatch/libs/optmatch.so’:
     Found no calls to: ‘R_registerRoutines’, ‘R_useDynamicSymbols’
    
    It is good practice to register native routines and to disable symbol
    search.
    
    See ‘Writing portable packages’ in the ‘Writing R Extensions’ manual.
Flavors: r-devel-linux-x86_64-debian-clang, r-devel-linux-x86_64-debian-gcc, r-patched-linux-x86_64, r-release-linux-x86_64

Version: 0.9-7
Flags: --no-stop-on-test-error
Check: compiled code
Result: NOTE
    File ‘optmatch/libs/optmatch.so’:
     Found no calls to: ‘R_registerRoutines’, ‘R_useDynamicSymbols’
    
    It is good practice to register native routines and to disable symbol
    search.
    
    See ‘Writing portable packages’ in the ‘Writing R Extensions’ manual.
Flavors: r-devel-linux-x86_64-fedora-clang, r-devel-linux-x86_64-fedora-gcc