CRAN Package Check Results for Package optmatch

Last updated on 2017-02-18 23:49:38.

Flavor Version Tinstall Tcheck Ttotal Status Flags
r-devel-linux-x86_64-debian-clang 0.9-7 23.09 83.06 106.16 NOTE
r-devel-linux-x86_64-debian-gcc 0.9-7 22.32 83.92 106.25 NOTE
r-devel-linux-x86_64-fedora-clang 0.9-7 220.88 NOTE --no-stop-on-test-error
r-devel-linux-x86_64-fedora-gcc 0.9-7 215.18 NOTE --no-stop-on-test-error
r-devel-macos-x86_64-clang 0.9-7 165.46 NOTE --no-stop-on-test-error
r-devel-windows-ix86+x86_64 0.9-7 65.00 296.00 361.00 OK
r-patched-linux-x86_64 0.9-7 19.49 74.24 93.73 OK
r-patched-solaris-sparc 0.9-7 1004.00 OK
r-patched-solaris-x86 0.9-7 215.30 OK
r-release-linux-x86_64 0.9-7 20.05 73.84 93.89 OK
r-release-osx-x86_64-mavericks 0.9-7 OK
r-release-windows-ix86+x86_64 0.9-7 59.00 181.00 240.00 OK
r-oldrel-windows-ix86+x86_64 0.9-7 65.00 218.00 283.00 OK

Check Details

Version: 0.9-7
Check: compiled code
Result: NOTE
    File ‘optmatch/libs/optmatch.so’:
     Found no calls to: ‘R_registerRoutines’, ‘R_useDynamicSymbols’
    
    It is good practice to register native routines and to disable symbol
    search.
    
    See ‘Writing portable packages’ in the ‘Writing R Extensions’ manual.
Flavors: r-devel-linux-x86_64-debian-clang, r-devel-linux-x86_64-debian-gcc

Version: 0.9-7
Flags: --no-stop-on-test-error
Check: compiled code
Result: NOTE
    File ‘optmatch/libs/optmatch.so’:
     Found no calls to: ‘R_registerRoutines’, ‘R_useDynamicSymbols’
    
    It is good practice to register native routines and to disable symbol
    search.
    
    See ‘Writing portable packages’ in the ‘Writing R Extensions’ manual.
Flavors: r-devel-linux-x86_64-fedora-clang, r-devel-linux-x86_64-fedora-gcc, r-devel-macos-x86_64-clang