CRAN Package Check Results for Package optmatch

Last updated on 2014-07-22 15:51:54.

Flavor Version Tinstall Tcheck Ttotal Status Flags
r-devel-linux-x86_64-debian-clang 0.9-1 6.36 55.47 61.83 OK
r-devel-linux-x86_64-debian-gcc 0.9-1 6.28 51.93 58.20 OK
r-devel-linux-x86_64-fedora-clang 0.9-1 130.57 NOTE
r-devel-linux-x86_64-fedora-gcc 0.9-1 121.47 OK
r-devel-osx-x86_64-clang 0.9-1 100.69 OK
r-devel-windows-ix86+x86_64 0.9-1 26.00 108.00 134.00 OK
r-patched-linux-x86_64 0.9-1 6.50 53.67 60.17 OK
r-patched-solaris-sparc 0.9-1 703.60 OK
r-patched-solaris-x86 0.9-1 149.10 OK
r-release-linux-ix86 0.9-1 8.78 66.56 75.35 OK
r-release-linux-x86_64 0.9-1 6.36 54.68 61.03 OK
r-release-osx-x86_64-mavericks 0.9-1 OK
r-release-osx-x86_64-snowleopard 0.9-1 OK
r-release-windows-ix86+x86_64 0.9-1 28.00 116.00 144.00 OK
r-oldrel-windows-ix86+x86_64 0.9-1 26.00 106.00 132.00 OK

Memtest notes: valgrind valgrind

Check Details

Version: 0.9-1
Check: foreign function calls
Result: NOTE
    Registration problem:
     symbol ‘fortran_subroutine’ in the local frame:
     .Fortran(fortran_subroutine, as.integer(nc + nt + 2), as.integer(length(startn)),
     as.integer(startn), as.integer(endn), as.integer(dists),
     as.integer(ucap), as.integer(b), x1 = integer(length(startn)),
     crash1 = as.integer(0), large1 = as.integer(.Machine$integer.max/4),
     feasible1 = integer(1), NAOK = FALSE, DUP = TRUE, PACKAGE = "optmatch")
    See the chapter ‘System and foreign language interfaces’ of the
    ‘Writing R Extensions’ manual.
Flavor: r-devel-linux-x86_64-fedora-clang