CRAN Package Check Results for Package optmatch

Last updated on 2016-08-27 03:50:22.

Flavor Version Tinstall Tcheck Ttotal Status Flags
r-devel-linux-x86_64-debian-clang 0.9-6 22.77 79.19 101.96 ERROR
r-devel-linux-x86_64-debian-gcc 0.9-6 30.96 99.63 130.59 ERROR
r-devel-linux-x86_64-fedora-clang 0.9-6 200.76 ERROR
r-devel-linux-x86_64-fedora-gcc 0.9-6 185.44 ERROR
r-devel-osx-x86_64-clang 0.9-6 153.29 ERROR
r-devel-windows-ix86+x86_64 0.9-6 89.00 234.00 323.00 ERROR
r-patched-linux-x86_64 0.9-6 20.42 74.54 94.96 OK
r-patched-solaris-sparc 0.9-6 1052.90 OK
r-patched-solaris-x86 0.9-6 208.60 OK
r-release-linux-x86_64 0.9-6 20.34 76.05 96.39 OK
r-release-osx-x86_64-mavericks 0.9-6 OK
r-release-windows-ix86+x86_64 0.9-6 86.00 185.00 271.00 OK
r-oldrel-windows-ix86+x86_64 0.9-6 62.00 206.00 268.00 OK

Check Details

Version: 0.9-6
Check: whether package can be installed
Result: WARN
    Found the following significant warnings:
     Warning: GNU Extension: Nonstandard type declaration LOGICAL*1 at (1)
Flavors: r-devel-linux-x86_64-debian-clang, r-devel-linux-x86_64-debian-gcc, r-devel-linux-x86_64-fedora-clang, r-devel-linux-x86_64-fedora-gcc, r-devel-osx-x86_64-clang

Version: 0.9-6
Check: tests
Result: ERROR
    Running the tests in ‘tests/testthat.R’ failed.
    Last 13 lines of output:
    
     The following object is masked from 'package:base':
    
     backsolve
    
     1. Failure: New matching.failed (@test.summary.optmatch.R#83) ------------------
     is.null(summary(f)$matching.failed) isn't true.
    
    
     testthat results ================================================================
     OK: 1152 SKIPPED: 0 FAILED: 1
     1. Failure: New matching.failed (@test.summary.optmatch.R#83)
    
     Error: testthat unit tests failed
     Execution halted
Flavors: r-devel-linux-x86_64-debian-clang, r-devel-linux-x86_64-debian-gcc, r-devel-linux-x86_64-fedora-clang, r-devel-linux-x86_64-fedora-gcc, r-devel-osx-x86_64-clang

Version: 0.9-6
Check: running tests for arch ‘i386’
Result: ERROR
    Running the tests in 'tests/testthat.R' failed.
    Last 13 lines of output:
    
     The following object is masked from 'package:base':
    
     backsolve
    
     1. Failure: New matching.failed (@test.summary.optmatch.R#83) ------------------
     is.null(summary(f)$matching.failed) isn't true.
    
    
     testthat results ================================================================
     OK: 1152 SKIPPED: 0 FAILED: 1
     1. Failure: New matching.failed (@test.summary.optmatch.R#83)
    
     Error: testthat unit tests failed
     Execution halted
Flavor: r-devel-windows-ix86+x86_64

Version: 0.9-6
Check: running tests for arch ‘x64’
Result: ERROR
    Running the tests in 'tests/testthat.R' failed.
    Last 13 lines of output:
    
     The following object is masked from 'package:base':
    
     backsolve
    
     1. Failure: New matching.failed (@test.summary.optmatch.R#83) ------------------
     is.null(summary(f)$matching.failed) isn't true.
    
    
     testthat results ================================================================
     OK: 1152 SKIPPED: 0 FAILED: 1
     1. Failure: New matching.failed (@test.summary.optmatch.R#83)
    
     Error: testthat unit tests failed
     Execution halted
Flavor: r-devel-windows-ix86+x86_64