CRAN Package Check Results for Package optmatch

Last updated on 2015-06-02 22:46:36.

Flavor Version Tinstall Tcheck Ttotal Status Flags
r-devel-linux-x86_64-debian-clang 0.9-3 6.57 41.79 48.36 NOTE
r-devel-linux-x86_64-debian-gcc 0.9-3 6.34 40.96 47.31 NOTE
r-devel-linux-x86_64-fedora-clang 0.9-3 92.35 NOTE
r-devel-linux-x86_64-fedora-gcc 0.9-3 86.05 NOTE
r-devel-osx-x86_64-clang 0.9-3 81.67 NOTE
r-devel-windows-ix86+x86_64 0.9-3 29.00 94.00 123.00 NOTE
r-patched-linux-x86_64 0.9-3 6.27 41.65 47.92 NOTE
r-patched-solaris-sparc 0.9-3 572.10 NOTE
r-patched-solaris-x86 0.9-3 122.80 NOTE
r-release-linux-x86_64 0.9-3 6.31 42.43 48.74 NOTE
r-release-osx-x86_64-mavericks 0.9-3 NOTE
r-release-windows-ix86+x86_64 0.9-3 20.00 92.00 112.00 NOTE
r-oldrel-windows-ix86+x86_64 0.9-3 23.00 105.00 128.00 OK

Check Details

Version: 0.9-3
Check: DESCRIPTION meta-information
Result: NOTE
    Malformed Description field: should contain one or more complete sentences.
Flavors: r-devel-linux-x86_64-debian-clang, r-devel-linux-x86_64-debian-gcc, r-devel-linux-x86_64-fedora-clang, r-devel-linux-x86_64-fedora-gcc, r-devel-osx-x86_64-clang, r-devel-windows-ix86+x86_64, r-patched-linux-x86_64, r-patched-solaris-sparc, r-patched-solaris-x86, r-release-linux-x86_64, r-release-osx-x86_64-mavericks, r-release-windows-ix86+x86_64