CRAN Package Check Results for Package optmatch

Last updated on 2018-02-22 12:49:11 CET.

Flavor Version Tinstall Tcheck Ttotal Status Flags
r-devel-linux-x86_64-debian-clang 0.9-8 37.32 111.46 148.78 NOTE
r-devel-linux-x86_64-debian-gcc 0.9-8 29.60 98.50 128.10 NOTE
r-devel-linux-x86_64-fedora-clang 0.9-8 212.04 NOTE
r-devel-linux-x86_64-fedora-gcc 0.9-8 201.04 NOTE
r-devel-windows-ix86+x86_64 0.9-8 111.00 194.00 305.00 OK
r-patched-linux-x86_64 0.9-8 30.31 139.11 169.42 NOTE
r-patched-solaris-x86 0.9-8 264.40 NOTE
r-release-linux-x86_64 0.9-8 26.49 139.92 166.41 NOTE
r-release-windows-ix86+x86_64 0.9-8 100.00 283.00 383.00 OK
r-release-osx-x86_64 0.9-8 OK
r-oldrel-windows-ix86+x86_64 0.9-8 70.00 192.00 262.00 OK
r-oldrel-osx-x86_64 0.9-7 OK

Check Details

Version: 0.9-8
Check: package dependencies
Result: NOTE
    Package which this enhances but not available for checking: ‘CBPS’
Flavors: r-devel-linux-x86_64-debian-clang, r-devel-linux-x86_64-debian-gcc, r-devel-linux-x86_64-fedora-clang, r-devel-linux-x86_64-fedora-gcc, r-patched-linux-x86_64, r-patched-solaris-x86, r-release-linux-x86_64