CRAN Package Check Results for Package optmatch

Last updated on 2015-03-29 19:48:47.

Flavor Version Tinstall Tcheck Ttotal Status Flags
r-devel-linux-x86_64-debian-clang 0.9-3 6.52 42.10 48.63 NOTE
r-devel-linux-x86_64-debian-gcc 0.9-3 6.30 41.66 47.96 NOTE
r-devel-linux-x86_64-fedora-clang 0.9-3 94.97 NOTE
r-devel-linux-x86_64-fedora-gcc 0.9-3 99.76 NOTE
r-devel-osx-x86_64-clang 0.9-3 91.98 NOTE
r-prerel-windows-ix86+x86_64 0.9-3 33.00 97.00 130.00 NOTE
r-prerel-linux-x86_64 0.9-3 6.58 41.69 48.27 NOTE
r-prerel-solaris-sparc 0.9-3 576.60 NOTE
r-prerel-solaris-x86 0.9-3 119.30 NOTE
r-release-linux-x86_64 0.9-3 7.05 51.38 58.43 OK
r-release-osx-x86_64-mavericks 0.9-3 OK
r-release-osx-x86_64-snowleopard 0.9-3 OK
r-release-windows-ix86+x86_64 0.9-3 24.00 112.00 136.00 OK
r-oldrel-windows-ix86+x86_64 0.9-3 25.00 182.00 207.00 OK

Check Details

Version: 0.9-3
Check: DESCRIPTION meta-information
Result: NOTE
    Malformed Description field: should contain one or more complete sentences.
Flavors: r-devel-linux-x86_64-debian-clang, r-devel-linux-x86_64-debian-gcc, r-devel-linux-x86_64-fedora-clang, r-devel-linux-x86_64-fedora-gcc, r-devel-osx-x86_64-clang, r-prerel-windows-ix86+x86_64, r-prerel-linux-x86_64, r-prerel-solaris-sparc, r-prerel-solaris-x86