CRAN Package Check Results for Package odfWeave

Last updated on 2015-04-19 19:51:55.

Flavor Version Tinstall Tcheck Ttotal Status Flags
r-devel-linux-x86_64-debian-clang 0.8.4 1.38 25.37 26.75 NOTE
r-devel-linux-x86_64-debian-gcc 0.8.4 1.31 25.60 26.90 NOTE
r-devel-linux-x86_64-fedora-clang 0.8.4 50.38 NOTE
r-devel-linux-x86_64-fedora-gcc 0.8.4 47.06 NOTE
r-devel-osx-x86_64-clang 0.8.4 48.74 NOTE
r-devel-windows-ix86+x86_64 0.8.4 7.00 48.00 55.00 NOTE
r-patched-linux-x86_64 0.8.4 1.29 24.12 25.41 NOTE
r-patched-solaris-sparc 0.8.4 304.90 NOTE
r-patched-solaris-x86 0.8.4 64.60 NOTE
r-release-linux-x86_64 0.8.4 1.32 24.70 26.01 NOTE
r-release-osx-x86_64-mavericks 0.8.4 NOTE
r-release-osx-x86_64-snowleopard 0.8.4 ERROR
r-release-windows-ix86+x86_64 0.8.4 3.00 36.00 39.00 NOTE
r-oldrel-windows-ix86+x86_64 0.8.4 5.00 40.00 45.00 OK

Check Details

Version: 0.8.4
Check: DESCRIPTION meta-information
Result: NOTE
    Malformed Description field: should contain one or more complete sentences.
Flavors: r-devel-linux-x86_64-debian-clang, r-devel-linux-x86_64-debian-gcc, r-devel-linux-x86_64-fedora-clang, r-devel-linux-x86_64-fedora-gcc, r-devel-osx-x86_64-clang, r-devel-windows-ix86+x86_64, r-patched-linux-x86_64, r-patched-solaris-sparc, r-patched-solaris-x86, r-release-linux-x86_64, r-release-osx-x86_64-mavericks, r-release-windows-ix86+x86_64

Version: 0.8.4
Check: package dependencies
Result: ERROR
    Package required but not available: ‘XML’
    
    See section ‘The DESCRIPTION file’ in the ‘Writing R Extensions’
    manual.
Flavor: r-release-osx-x86_64-snowleopard