CRAN Package Check Results for Package odfWeave

Last updated on 2015-03-27 17:50:26.

Flavor Version Tinstall Tcheck Ttotal Status Flags
r-devel-linux-x86_64-debian-clang 0.8.4 1.40 24.66 26.06 NOTE
r-devel-linux-x86_64-debian-gcc 0.8.4 1.29 23.90 25.20 NOTE
r-devel-linux-x86_64-fedora-clang 0.8.4 50.61 NOTE
r-devel-linux-x86_64-fedora-gcc 0.8.4 47.62 NOTE
r-devel-osx-x86_64-clang 0.8.4 53.37 NOTE
r-prerel-windows-ix86+x86_64 0.8.4 7.00 37.00 44.00 NOTE
r-prerel-linux-x86_64 0.8.4 1.30 23.96 25.26 NOTE
r-prerel-solaris-sparc 0.8.4 304.90 NOTE
r-prerel-solaris-x86 0.8.4 64.50 NOTE
r-release-linux-x86_64 0.8.4 1.54 27.02 28.56 OK
r-release-osx-x86_64-mavericks 0.8.4 OK
r-release-osx-x86_64-snowleopard 0.8.4 OK
r-release-windows-ix86+x86_64 0.8.4 5.00 43.00 48.00 OK
r-oldrel-windows-ix86+x86_64 0.8.4 5.00 44.00 49.00 OK

Check Details

Version: 0.8.4
Check: DESCRIPTION meta-information
Result: NOTE
    Malformed Description field: should contain one or more complete sentences.
Flavors: r-devel-linux-x86_64-debian-clang, r-devel-linux-x86_64-debian-gcc, r-devel-linux-x86_64-fedora-clang, r-devel-linux-x86_64-fedora-gcc, r-devel-osx-x86_64-clang, r-prerel-windows-ix86+x86_64, r-prerel-linux-x86_64, r-prerel-solaris-sparc, r-prerel-solaris-x86