CRAN Package Check Results for Package odfWeave

Last updated on 2015-02-26 17:48:25.

Flavor Version Tinstall Tcheck Ttotal Status Flags
r-devel-linux-x86_64-debian-clang 0.8.4 1.36 24.48 25.83 NOTE
r-devel-linux-x86_64-debian-gcc 0.8.4 1.28 24.00 25.28 NOTE
r-devel-linux-x86_64-fedora-clang 0.8.4 50.43 NOTE
r-devel-linux-x86_64-fedora-gcc 0.8.4 47.20 NOTE
r-devel-osx-x86_64-clang 0.8.4 49.67 NOTE
r-devel-windows-ix86+x86_64 0.8.4 6.00 37.00 43.00 NOTE
r-patched-linux-x86_64 0.8.4 1.55 29.25 30.80 OK
r-patched-solaris-sparc 0.8.4 319.30 OK
r-patched-solaris-x86 0.8.4 75.40 OK
r-release-linux-ix86 0.8.4 2.12 37.82 39.94 OK
r-release-linux-x86_64 0.8.4 1.56 0.27 1.83 OK
r-release-osx-x86_64-mavericks 0.8.4 OK
r-release-osx-x86_64-snowleopard 0.8.4 OK
r-release-windows-ix86+x86_64 0.8.4 7.00 43.00 50.00 OK
r-oldrel-windows-ix86+x86_64 0.8.4 6.00 44.00 50.00 OK

Check Details

Version: 0.8.4
Check: DESCRIPTION meta-information
Result: NOTE
    Malformed Description field: should contain one or more complete sentences.
Flavors: r-devel-linux-x86_64-debian-clang, r-devel-linux-x86_64-debian-gcc, r-devel-linux-x86_64-fedora-clang, r-devel-linux-x86_64-fedora-gcc, r-devel-osx-x86_64-clang, r-devel-windows-ix86+x86_64