CRAN Package Check Results for Package odfWeave

Last updated on 2017-05-22 18:51:58.

Flavor Version Tinstall Tcheck Ttotal Status Flags
r-devel-linux-x86_64-debian-clang 0.8.4 1.48 31.33 32.81 NOTE
r-devel-linux-x86_64-debian-gcc 0.8.4 1.58 30.88 32.45 NOTE
r-devel-linux-x86_64-fedora-clang 0.8.4 51.61 NOTE --no-stop-on-test-error
r-devel-linux-x86_64-fedora-gcc 0.8.4 49.83 NOTE --no-stop-on-test-error
r-devel-windows-ix86+x86_64 0.8.4 10.00 58.00 68.00 NOTE
r-patched-linux-x86_64 0.8.4 1.50 30.12 31.62 NOTE
r-patched-solaris-sparc 0.8.4 307.30 NOTE
r-patched-solaris-x86 0.8.4 65.40 NOTE
r-release-linux-x86_64 0.8.4 1.62 30.36 31.98 NOTE
r-release-windows-ix86+x86_64 0.8.4 5.00 84.00 89.00 NOTE
r-release-osx-x86_64 0.8.4 NOTE
r-oldrel-windows-ix86+x86_64 0.8.4 8.00 68.00 76.00 NOTE
r-oldrel-osx-x86_64 0.8.4 NOTE

Check Details

Version: 0.8.4
Check: DESCRIPTION meta-information
Result: NOTE
    Malformed Description field: should contain one or more complete sentences.
Flavors: r-devel-linux-x86_64-debian-clang, r-devel-linux-x86_64-debian-gcc, r-devel-windows-ix86+x86_64, r-patched-linux-x86_64, r-patched-solaris-sparc, r-patched-solaris-x86, r-release-linux-x86_64, r-release-windows-ix86+x86_64, r-release-osx-x86_64, r-oldrel-windows-ix86+x86_64, r-oldrel-osx-x86_64

Version: 0.8.4
Check: R code for possible problems
Result: NOTE
    RweaveOdfRuncode: no visible global function definition for
     ‘RweaveChunkPrefix’
    RweaveOdfRuncode: no visible global function definition for
     ‘SweaveHooks’
    RweaveOdfRuncode: no visible global function definition for
     ‘RweaveTryStop’
    RweaveOdfRuncode: no visible global function definition for
     ‘RweaveEvalWithOpt’
    RweaveOdfRuncode: no visible global function definition for ‘dev.off’
    announce: no visible global function definition for ‘flush.console’
    canonicalDirPath: no visible global function definition for ‘file_test’
    canonicalFilePath: no visible global function definition for
     ‘file_test’
    debug: no visible global function definition for ‘flush.console’
    figGen: no visible global function definition for ‘runif’
    listString: no visible global function definition for ‘flush.console’
    odfInsertPlot: no visible global function definition for ‘runif’
    odfTable.character: no visible global function definition for ‘runif’
    odfTable.data.frame: no visible global function definition for ‘runif’
    odfTable.factor: no visible global function definition for ‘runif’
    odfTable.matrix: no visible global function definition for ‘runif’
    odfTable.numeric: no visible global function definition for ‘runif’
    odfTmpDir: no visible global function definition for ‘runif’
    odfWeave: no visible global function definition for ‘Sweave’
    pkgVersions: no visible binding for global variable
     ‘packageDescription’
    setImageDefs: no visible global function definition for ‘flush.console’
    withCaptionXML: no visible global function definition for ‘runif’
    Undefined global functions or variables:
     RweaveChunkPrefix RweaveEvalWithOpt RweaveTryStop Sweave SweaveHooks
     dev.off file_test flush.console packageDescription runif
    Consider adding
     importFrom("grDevices", "dev.off")
     importFrom("stats", "runif")
     importFrom("utils", "RweaveChunkPrefix", "RweaveEvalWithOpt",
     "RweaveTryStop", "Sweave", "SweaveHooks", "file_test",
     "flush.console", "packageDescription")
    to your NAMESPACE file.
Flavors: r-devel-linux-x86_64-debian-clang, r-devel-linux-x86_64-debian-gcc, r-devel-windows-ix86+x86_64, r-patched-linux-x86_64, r-patched-solaris-sparc, r-patched-solaris-x86, r-release-linux-x86_64, r-release-windows-ix86+x86_64, r-release-osx-x86_64, r-oldrel-windows-ix86+x86_64, r-oldrel-osx-x86_64

Version: 0.8.4
Flags: --no-stop-on-test-error
Check: DESCRIPTION meta-information
Result: NOTE
    Malformed Description field: should contain one or more complete sentences.
Flavors: r-devel-linux-x86_64-fedora-clang, r-devel-linux-x86_64-fedora-gcc

Version: 0.8.4
Flags: --no-stop-on-test-error
Check: R code for possible problems
Result: NOTE
    RweaveOdfRuncode: no visible global function definition for
     ‘RweaveChunkPrefix’
    RweaveOdfRuncode: no visible global function definition for
     ‘SweaveHooks’
    RweaveOdfRuncode: no visible global function definition for
     ‘RweaveTryStop’
    RweaveOdfRuncode: no visible global function definition for
     ‘RweaveEvalWithOpt’
    RweaveOdfRuncode: no visible global function definition for ‘dev.off’
    announce: no visible global function definition for ‘flush.console’
    canonicalDirPath: no visible global function definition for ‘file_test’
    canonicalFilePath: no visible global function definition for
     ‘file_test’
    debug: no visible global function definition for ‘flush.console’
    figGen: no visible global function definition for ‘runif’
    listString: no visible global function definition for ‘flush.console’
    odfInsertPlot: no visible global function definition for ‘runif’
    odfTable.character: no visible global function definition for ‘runif’
    odfTable.data.frame: no visible global function definition for ‘runif’
    odfTable.factor: no visible global function definition for ‘runif’
    odfTable.matrix: no visible global function definition for ‘runif’
    odfTable.numeric: no visible global function definition for ‘runif’
    odfTmpDir: no visible global function definition for ‘runif’
    odfWeave: no visible global function definition for ‘Sweave’
    pkgVersions: no visible binding for global variable
     ‘packageDescription’
    setImageDefs: no visible global function definition for ‘flush.console’
    withCaptionXML: no visible global function definition for ‘runif’
    Undefined global functions or variables:
     RweaveChunkPrefix RweaveEvalWithOpt RweaveTryStop Sweave SweaveHooks
     dev.off file_test flush.console packageDescription runif
    Consider adding
     importFrom("grDevices", "dev.off")
     importFrom("stats", "runif")
     importFrom("utils", "RweaveChunkPrefix", "RweaveEvalWithOpt",
     "RweaveTryStop", "Sweave", "SweaveHooks", "file_test",
     "flush.console", "packageDescription")
    to your NAMESPACE file.
Flavors: r-devel-linux-x86_64-fedora-clang, r-devel-linux-x86_64-fedora-gcc

Version: 0.8.4
Check: re-building of vignette outputs
Result: NOTE
    Error in re-building vignettes:
     ...
    Loading required package: lattice
    Loading required package: XML
    
    Attaching package: ‘XML’
    
    The following object is masked from ‘package:tools’:
    
     toHTML
    
    Error in texi2dvi(file = file, pdf = TRUE, clean = clean, quiet = quiet, :
     Running 'texi2dvi' on 'odfWeave.tex' failed.
    LaTeX errors:
    ! LaTeX Error: File `lastpage.sty' not found.
    
    Type X to quit or <RETURN> to proceed,
    or enter new name. (Default extension: sty)
    
    ! Emergency stop.
    <read *>
    
    l.13 \usepackage
     {algorithm2e}^^M
    ! ==> Fatal error occurred, no output PDF file produced!
    Calls: buildVignettes -> texi2pdf -> texi2dvi
    Execution halted
Flavor: r-release-osx-x86_64