CRAN Package Check Results for Package odfWeave

Last updated on 2015-07-01 17:47:46.

Flavor Version Tinstall Tcheck Ttotal Status Flags
r-devel-linux-x86_64-debian-clang 0.8.4 1.32 23.87 25.19 NOTE
r-devel-linux-x86_64-debian-gcc 0.8.4 1.27 23.55 24.82 NOTE
r-devel-linux-x86_64-fedora-clang 0.8.4 50.51 NOTE
r-devel-linux-x86_64-fedora-gcc 0.8.4 49.15 NOTE
r-devel-osx-x86_64-clang 0.8.4 47.17 NOTE
r-devel-windows-ix86+x86_64 0.8.4 9.00 38.00 47.00 NOTE
r-patched-linux-x86_64 0.8.4 1.27 24.64 25.91 NOTE
r-patched-solaris-sparc 0.8.4 308.10 NOTE
r-patched-solaris-x86 0.8.4 65.80 NOTE
r-release-linux-x86_64 0.8.4 1.29 23.82 25.11 NOTE
r-release-osx-x86_64-mavericks 0.8.4 NOTE
r-release-windows-ix86+x86_64 0.8.4 5.00 45.00 50.00 NOTE
r-oldrel-windows-ix86+x86_64 0.8.4 9.00 44.00 53.00 OK

Check Details

Version: 0.8.4
Check: DESCRIPTION meta-information
Result: NOTE
    Malformed Description field: should contain one or more complete sentences.
Flavors: r-devel-linux-x86_64-debian-clang, r-devel-linux-x86_64-debian-gcc, r-devel-linux-x86_64-fedora-clang, r-devel-linux-x86_64-fedora-gcc, r-devel-osx-x86_64-clang, r-devel-windows-ix86+x86_64, r-patched-linux-x86_64, r-patched-solaris-sparc, r-patched-solaris-x86, r-release-linux-x86_64, r-release-osx-x86_64-mavericks, r-release-windows-ix86+x86_64

Version: 0.8.4
Check: R code for possible problems
Result: NOTE
    RweaveOdfRuncode: no visible global function definition for
     ‘RweaveChunkPrefix’
    RweaveOdfRuncode: no visible global function definition for
     ‘SweaveHooks’
    RweaveOdfRuncode: no visible global function definition for
     ‘RweaveTryStop’
    RweaveOdfRuncode: no visible global function definition for
     ‘RweaveEvalWithOpt’
    RweaveOdfRuncode: no visible global function definition for ‘dev.off’
    announce: no visible global function definition for ‘flush.console’
    canonicalDirPath: no visible global function definition for ‘file_test’
    canonicalFilePath: no visible global function definition for
     ‘file_test’
    debug: no visible global function definition for ‘flush.console’
    figGen: no visible global function definition for ‘runif’
    listString: no visible global function definition for ‘flush.console’
    odfInsertPlot: no visible global function definition for ‘runif’
    odfTable.character: no visible global function definition for ‘runif’
    odfTable.data.frame: no visible global function definition for ‘runif’
    odfTable.factor: no visible global function definition for ‘runif’
    odfTable.matrix: no visible global function definition for ‘runif’
    odfTable.numeric: no visible global function definition for ‘runif’
    odfTmpDir: no visible global function definition for ‘runif’
    odfWeave: no visible global function definition for ‘Sweave’
    pkgVersions: no visible binding for global variable
     ‘packageDescription’
    setImageDefs: no visible global function definition for ‘flush.console’
    withCaptionXML: no visible global function definition for ‘runif’
Flavors: r-devel-linux-x86_64-debian-clang, r-devel-linux-x86_64-debian-gcc, r-devel-linux-x86_64-fedora-clang, r-devel-linux-x86_64-fedora-gcc, r-devel-windows-ix86+x86_64