CRAN Package Check Results for Package odfWeave

Last updated on 2014-12-21 17:49:07.

Flavor Version Tinstall Tcheck Ttotal Status Flags
r-devel-linux-x86_64-debian-clang 0.8.4 1.52 27.33 28.85 OK
r-devel-linux-x86_64-debian-gcc 0.8.4 1.44 26.50 27.94 OK
r-devel-linux-x86_64-fedora-clang 0.8.4 63.22 OK
r-devel-linux-x86_64-fedora-gcc 0.8.4 52.51 OK
r-devel-osx-x86_64-clang 0.8.4 53.98 OK
r-devel-windows-ix86+x86_64 0.8.4 6.00 43.00 49.00 OK
r-patched-linux-x86_64 0.8.4 1.59 27.29 28.88 OK
r-patched-solaris-sparc 0.8.4 349.90 OK
r-patched-solaris-x86 0.8.4 75.60 OK
r-release-linux-ix86 0.8.4 1.98 34.78 36.76 OK
r-release-linux-x86_64 0.8.4 1.71 29.88 31.60 OK
r-release-osx-x86_64-mavericks 0.8.4 NOTE
r-release-osx-x86_64-snowleopard 0.8.4 OK
r-release-windows-ix86+x86_64 0.8.4 7.00 45.00 52.00 OK
r-oldrel-windows-ix86+x86_64 0.8.4 6.00 41.00 47.00 OK

Check Details

Version: 0.8.4
Check: re-building of vignette outputs
Result: NOTE
    Error in re-building vignettes:
     ...
    Loading required package: lattice
    Loading required package: XML
    
    Attaching package: ‘XML’
    
    The following object is masked from ‘package:tools’:
    
     toHTML
    
    Error in texi2dvi(file = file, pdf = TRUE, clean = clean, quiet = quiet, :
     Running 'texi2dvi' on 'odfWeave.tex' failed.
    LaTeX errors:
    ! LaTeX Error: File `lastpage.sty' not found.
    
    Type X to quit or <RETURN> to proceed,
    or enter new name. (Default extension: sty)
    
    n_test/odfWeave/vignettes/odfWeave.tex:13: ==> Fatal error occurred, no output
     PDF file produced!
    Calls: buildVignettes -> texi2pdf -> texi2dvi
    Execution halted
Flavor: r-release-osx-x86_64-mavericks