CRAN Package Check Results for Package lmSupport

Last updated on 2015-05-26 18:47:22.

Flavor Version Tinstall Tcheck Ttotal Status Flags
r-devel-linux-x86_64-debian-clang 2.9.1 4.56 49.26 53.83 OK
r-devel-linux-x86_64-debian-gcc 2.9.1 4.53 47.97 52.50 OK
r-devel-linux-x86_64-fedora-clang 2.9.1 114.23 OK
r-devel-linux-x86_64-fedora-gcc 2.9.1 107.46 OK
r-devel-osx-x86_64-clang 2.9.1 96.59 OK
r-devel-windows-ix86+x86_64 2.9.1 12.00 69.00 81.00 OK
r-patched-linux-x86_64 2.9.1 4.43 47.19 51.62 OK
r-patched-solaris-sparc 2.9.1 669.50 OK
r-patched-solaris-x86 2.9.1 154.10 OK
r-release-linux-x86_64 2.9.1 4.54 47.92 52.47 OK
r-release-osx-x86_64-mavericks 2.9.1 OK
r-release-osx-x86_64-snowleopard 2.9.1 ERROR
r-release-windows-ix86+x86_64 2.9.1 15.00 79.00 94.00 OK
r-oldrel-windows-ix86+x86_64 2.9.1 22.00 107.00 129.00 OK

Check Details

Version: 2.9.1
Check: package dependencies
Result: ERROR
    Package required but not available: ‘car’
    
    See section ‘The DESCRIPTION file’ in the ‘Writing R Extensions’
    manual.
Flavor: r-release-osx-x86_64-snowleopard