CRAN Package Check Results for Package lmSupport

Last updated on 2014-09-16 11:49:18.

Flavor Version Tinstall Tcheck Ttotal Status Flags
r-devel-linux-x86_64-debian-clang 2.09 5.26 50.90 56.17 OK
r-devel-linux-x86_64-debian-gcc 2.09 4.93 50.25 55.18 OK
r-devel-linux-x86_64-fedora-clang 2.09 131.27 OK
r-devel-linux-x86_64-fedora-gcc 2.09 121.21 OK
r-devel-osx-x86_64-clang 2.09 103.10 OK
r-devel-windows-ix86+x86_64 2.09 13.00 73.00 86.00 OK
r-patched-linux-x86_64 2.09 5.18 52.20 57.39 OK
r-patched-solaris-sparc 2.09 696.80 OK
r-patched-solaris-x86 2.09 170.70 OK
r-release-linux-ix86 2.09 0.51 1.64 2.16 ERROR
r-release-linux-x86_64 2.09 5.30 53.27 58.57 OK
r-release-osx-x86_64-mavericks 2.09 OK
r-release-osx-x86_64-snowleopard 2.09 OK
r-release-windows-ix86+x86_64 2.09 13.00 73.00 86.00 OK
r-oldrel-windows-ix86+x86_64 2.09 14.00 76.00 90.00 OK

Check Details

Version: 2.09
Check: package dependencies
Result: ERROR
    Package required but not available: ‘pbkrtest’
    
    See the information on DESCRIPTION files in the chapter ‘Creating R
    packages’ of the ‘Writing R Extensions’ manual.
Flavor: r-release-linux-ix86