CRAN Package Check Results for Package lmSupport

Last updated on 2015-04-21 19:11:49.

Flavor Version Tinstall Tcheck Ttotal Status Flags
r-devel-linux-x86_64-debian-clang 2.9.1 4.90 48.98 53.88 OK
r-devel-linux-x86_64-debian-gcc 2.9.1 4.41 47.96 52.37 OK
r-devel-linux-x86_64-fedora-clang 2.9.1 114.06 OK
r-devel-linux-x86_64-fedora-gcc 2.9.1 109.28 OK
r-devel-osx-x86_64-clang 2.9.1 96.53 OK
r-devel-windows-ix86+x86_64 2.9.1 10.00 71.00 81.00 OK
r-patched-linux-x86_64 2.9.1 4.88 47.87 52.76 OK
r-patched-solaris-sparc 2.9.1 684.40 OK
r-patched-solaris-x86 2.9.1 145.80 OK
r-release-linux-x86_64 2.9.1 4.38 48.58 52.96 OK
r-release-osx-x86_64-mavericks 2.9.1 OK
r-release-osx-x86_64-snowleopard 2.9.1 ERROR
r-release-windows-ix86+x86_64 2.9.1 9.00 64.00 73.00 OK
r-oldrel-windows-ix86+x86_64 2.9.1 16.00 102.00 118.00 OK

Check Details

Version: 2.9.1
Check: package dependencies
Result: ERROR
    Package required but not available: ‘car’
    
    See section ‘The DESCRIPTION file’ in the ‘Writing R Extensions’
    manual.
Flavor: r-release-osx-x86_64-snowleopard