CRAN Package Check Results for Package lisp

Last updated on 2015-03-06 14:46:59.

Flavor Version Tinstall Tcheck Ttotal Status Flags
r-devel-linux-x86_64-debian-clang 0.1 0.62 8.79 9.41 NOTE
r-devel-linux-x86_64-debian-gcc 0.1 0.61 8.82 9.43 NOTE
r-devel-linux-x86_64-fedora-clang 0.1 18.13 NOTE
r-devel-linux-x86_64-fedora-gcc 0.1 17.30 NOTE
r-devel-osx-x86_64-clang 0.1 21.86 OK
r-devel-windows-ix86+x86_64 0.1 3.00 17.00 20.00 OK
r-patched-linux-x86_64 0.1 0.65 9.59 10.24 NOTE
r-patched-solaris-sparc 0.1 142.20 OK
r-patched-solaris-x86 0.1 30.20 OK
r-release-linux-ix86 0.1 0.91 15.34 16.25 NOTE
r-release-linux-x86_64 0.1 0.63 9.51 10.14 NOTE
r-release-osx-x86_64-mavericks 0.1 OK
r-release-windows-ix86+x86_64 0.1 3.00 17.00 20.00 OK
r-oldrel-windows-ix86+x86_64 0.1 3.00 17.00 20.00 OK

Check Details

Version: 0.1
Check: top-level files
Result: NOTE
    Non-standard file/directory found at top level:
     ‘package.R’
Flavors: r-devel-linux-x86_64-debian-clang, r-devel-linux-x86_64-debian-gcc, r-devel-linux-x86_64-fedora-clang, r-devel-linux-x86_64-fedora-gcc, r-patched-linux-x86_64, r-release-linux-ix86, r-release-linux-x86_64