CRAN Package Check Results for Package lisp

Last updated on 2016-02-06 18:50:31.

Flavor Version Tinstall Tcheck Ttotal Status Flags
r-devel-linux-x86_64-debian-gcc 0.1 0.59 7.85 8.44 NOTE
r-devel-linux-x86_64-fedora-clang 0.1 14.98 NOTE
r-devel-linux-x86_64-fedora-gcc 0.1 14.11 NOTE
r-devel-osx-x86_64-clang 0.1 19.09 NOTE
r-devel-windows-ix86+x86_64 0.1 5.00 19.00 24.00 NOTE
r-patched-linux-x86_64 0.1 0.67 8.73 9.40 NOTE
r-patched-solaris-sparc 0.1 99.30 OK
r-patched-solaris-x86 0.1 22.60 OK
r-release-linux-x86_64 0.1 0.67 8.66 9.33 NOTE
r-release-osx-x86_64-mavericks 0.1 OK
r-release-windows-ix86+x86_64 0.1 4.00 17.00 21.00 OK
r-oldrel-windows-ix86+x86_64 0.1 5.00 19.00 24.00 OK

Check Details

Version: 0.1
Check: top-level files
Result: NOTE
    Non-standard file/directory found at top level:
     ‘package.R’
Flavors: r-devel-linux-x86_64-debian-gcc, r-devel-linux-x86_64-fedora-clang, r-devel-linux-x86_64-fedora-gcc, r-patched-linux-x86_64, r-release-linux-x86_64

Version: 0.1
Check: R code for possible problems
Result: NOTE
    last: no visible global function definition for ‘tail’
    Undefined global functions or variables:
     tail
    Consider adding
     importFrom("utils", "tail")
    to your NAMESPACE file.
Flavors: r-devel-linux-x86_64-debian-gcc, r-devel-linux-x86_64-fedora-clang, r-devel-osx-x86_64-clang

Version: 0.1
Check: R code for possible problems
Result: NOTE
    last: no visible global function definition for ‘tail’
    Undefined global functions or variables:
     tail
    Consider adding
     importFrom("utils", "tail")
    to your NAMESPACE.
Flavors: r-devel-linux-x86_64-fedora-gcc, r-devel-windows-ix86+x86_64