CRAN Package Check Results for Package lisp

Last updated on 2014-11-27 17:47:34.

Flavor Version Tinstall Tcheck Ttotal Status Flags
r-devel-linux-x86_64-debian-clang 0.1 0.64 9.54 10.18 NOTE
r-devel-linux-x86_64-debian-gcc 0.1 0.66 9.64 10.30 NOTE
r-devel-linux-x86_64-fedora-clang 0.1 21.05 NOTE
r-devel-linux-x86_64-fedora-gcc 0.1 21.20 NOTE
r-devel-osx-x86_64-clang 0.1 23.44 OK
r-devel-windows-ix86+x86_64 0.1 2.00 16.00 18.00 OK
r-patched-linux-x86_64 0.1 0.86 9.16 10.01 NOTE
r-patched-solaris-sparc 0.1 126.80 OK
r-patched-solaris-x86 0.1 29.50 OK
r-release-linux-ix86 0.1 0.93 14.74 15.68 OK
r-release-linux-x86_64 0.1 0.64 10.08 10.72 NOTE
r-release-osx-x86_64-mavericks 0.1 OK
r-release-windows-ix86+x86_64 0.1 2.00 22.00 24.00 OK
r-oldrel-windows-ix86+x86_64 0.1 2.00 17.00 19.00 OK

Check Details

Version: 0.1
Check: top-level files
Result: NOTE
    Non-standard file/directory found at top level:
     ‘package.R’
Flavors: r-devel-linux-x86_64-debian-clang, r-devel-linux-x86_64-debian-gcc, r-devel-linux-x86_64-fedora-clang, r-devel-linux-x86_64-fedora-gcc, r-patched-linux-x86_64, r-release-linux-x86_64