CRAN Package Check Results for Package lisp

Last updated on 2015-09-04 22:46:52.

Flavor Version Tinstall Tcheck Ttotal Status Flags
r-devel-linux-x86_64-debian-clang 0.1 0.62 8.29 8.91 NOTE
r-devel-linux-x86_64-debian-gcc 0.1 0.64 8.86 9.50 NOTE
r-devel-linux-x86_64-fedora-clang 0.1 16.39 NOTE
r-devel-linux-x86_64-fedora-gcc 0.1 15.85 NOTE
r-devel-osx-x86_64-clang 0.1 17.88 OK
r-devel-windows-ix86+x86_64 0.1 3.00 26.00 29.00 NOTE
r-patched-linux-x86_64 0.1 0.62 9.05 9.67 NOTE
r-patched-solaris-sparc 0.1 119.40 OK
r-patched-solaris-x86 0.1 26.90 OK
r-release-linux-x86_64 0.1 0.64 8.96 9.60 NOTE
r-release-osx-x86_64-mavericks 0.1 OK
r-release-windows-ix86+x86_64 0.1 3.00 17.00 20.00 OK
r-oldrel-windows-ix86+x86_64 0.1 5.00 19.00 24.00 OK

Check Details

Version: 0.1
Check: top-level files
Result: NOTE
    Non-standard file/directory found at top level:
     ‘package.R’
Flavors: r-devel-linux-x86_64-debian-clang, r-devel-linux-x86_64-debian-gcc, r-devel-linux-x86_64-fedora-clang, r-devel-linux-x86_64-fedora-gcc, r-patched-linux-x86_64, r-release-linux-x86_64

Version: 0.1
Check: R code for possible problems
Result: NOTE
    last: no visible global function definition for ‘tail’
    Undefined global functions or variables:
     tail
    Consider adding
     importFrom("utils", "tail")
    to your NAMESPACE.
Flavors: r-devel-linux-x86_64-debian-clang, r-devel-linux-x86_64-debian-gcc, r-devel-linux-x86_64-fedora-clang, r-devel-linux-x86_64-fedora-gcc, r-devel-windows-ix86+x86_64