CRAN Package Check Results for Package lisp

Last updated on 2016-12-07 03:48:00.

Flavor Version Tinstall Tcheck Ttotal Status Flags
r-devel-linux-x86_64-debian-clang 0.1 0.64 10.63 11.28 NOTE
r-devel-linux-x86_64-debian-gcc 0.1 0.70 10.49 11.19 NOTE
r-devel-linux-x86_64-fedora-clang 0.1 19.26 NOTE --no-stop-on-test-error
r-devel-linux-x86_64-fedora-gcc 0.1 18.37 NOTE --no-stop-on-test-error
r-devel-macos-x86_64-clang 0.1 17.42 NOTE --no-stop-on-test-error
r-devel-windows-ix86+x86_64 0.1 6.00 28.00 34.00 NOTE
r-patched-linux-x86_64 0.1 0.61 9.11 9.71 NOTE
r-patched-solaris-sparc 0.1 103.60 NOTE
r-patched-solaris-x86 0.1 23.50 NOTE
r-release-linux-x86_64 0.1 0.70 9.01 9.71 NOTE
r-release-osx-x86_64-mavericks 0.1 NOTE
r-release-windows-ix86+x86_64 0.1 5.00 28.00 33.00 NOTE
r-oldrel-windows-ix86+x86_64 0.1 7.00 43.00 50.00 OK

Check Details

Version: 0.1
Check: top-level files
Result: NOTE
    Non-standard file/directory found at top level:
     ‘package.R’
Flavors: r-devel-linux-x86_64-debian-clang, r-devel-linux-x86_64-debian-gcc, r-patched-linux-x86_64, r-release-linux-x86_64

Version: 0.1
Check: R code for possible problems
Result: NOTE
    last: no visible global function definition for ‘tail’
    Undefined global functions or variables:
     tail
    Consider adding
     importFrom("utils", "tail")
    to your NAMESPACE file.
Flavors: r-devel-linux-x86_64-debian-clang, r-devel-linux-x86_64-debian-gcc, r-devel-windows-ix86+x86_64, r-patched-linux-x86_64, r-patched-solaris-sparc, r-patched-solaris-x86, r-release-linux-x86_64, r-release-osx-x86_64-mavericks, r-release-windows-ix86+x86_64

Version: 0.1
Flags: --no-stop-on-test-error
Check: top-level files
Result: NOTE
    Non-standard file/directory found at top level:
     ‘package.R’
Flavors: r-devel-linux-x86_64-fedora-clang, r-devel-linux-x86_64-fedora-gcc

Version: 0.1
Flags: --no-stop-on-test-error
Check: R code for possible problems
Result: NOTE
    last: no visible global function definition for ‘tail’
    Undefined global functions or variables:
     tail
    Consider adding
     importFrom("utils", "tail")
    to your NAMESPACE file.
Flavors: r-devel-linux-x86_64-fedora-clang, r-devel-linux-x86_64-fedora-gcc, r-devel-macos-x86_64-clang