CRAN Package Check Results for Package lisp

Last updated on 2016-06-29 15:47:54.

Flavor Version Tinstall Tcheck Ttotal Status Flags
r-devel-linux-x86_64-debian-gcc 0.1 0.68 9.90 10.58 NOTE
r-devel-linux-x86_64-fedora-clang 0.1 15.23 NOTE
r-devel-linux-x86_64-fedora-gcc 0.1 14.42 NOTE
r-devel-osx-x86_64-clang 0.1 14.90 NOTE
r-devel-windows-ix86+x86_64 0.1 3.00 24.00 27.00 NOTE
r-patched-linux-x86_64 0.1 0.80 9.14 9.93 NOTE
r-patched-solaris-sparc 0.1 103.60 NOTE
r-patched-solaris-x86 0.1 24.50 NOTE
r-release-linux-x86_64 0.1 0.60 8.86 9.46 NOTE
r-release-osx-x86_64-mavericks 0.1 NOTE
r-release-windows-ix86+x86_64 0.1 3.00 30.00 33.00 NOTE
r-oldrel-windows-ix86+x86_64 0.1 2.00 21.00 23.00 OK

Check Details

Version: 0.1
Check: top-level files
Result: NOTE
    Non-standard file/directory found at top level:
     ‘package.R’
Flavors: r-devel-linux-x86_64-debian-gcc, r-devel-linux-x86_64-fedora-clang, r-devel-linux-x86_64-fedora-gcc, r-patched-linux-x86_64, r-release-linux-x86_64

Version: 0.1
Check: R code for possible problems
Result: NOTE
    last: no visible global function definition for ‘tail’
    Undefined global functions or variables:
     tail
    Consider adding
     importFrom("utils", "tail")
    to your NAMESPACE file.
Flavors: r-devel-linux-x86_64-debian-gcc, r-devel-linux-x86_64-fedora-clang, r-devel-linux-x86_64-fedora-gcc, r-devel-osx-x86_64-clang, r-devel-windows-ix86+x86_64, r-patched-linux-x86_64, r-patched-solaris-sparc, r-patched-solaris-x86, r-release-linux-x86_64, r-release-osx-x86_64-mavericks, r-release-windows-ix86+x86_64