CRAN Package Check Results for Package lisp

Last updated on 2015-06-30 21:46:36.

Flavor Version Tinstall Tcheck Ttotal Status Flags
r-devel-linux-x86_64-debian-clang 0.1 0.58 8.78 9.36 NOTE
r-devel-linux-x86_64-debian-gcc 0.1 0.57 8.49 9.06 NOTE
r-devel-linux-x86_64-fedora-clang 0.1 16.66 NOTE
r-devel-linux-x86_64-fedora-gcc 0.1 15.68 NOTE
r-devel-osx-x86_64-clang 0.1 19.10 OK
r-devel-windows-ix86+x86_64 0.1 6.00 27.00 33.00 OK
r-patched-linux-x86_64 0.1 0.66 9.36 10.02 NOTE
r-patched-solaris-sparc 0.1 124.50 OK
r-patched-solaris-x86 0.1 26.70 OK
r-release-linux-x86_64 0.1 0.61 8.90 9.51 NOTE
r-release-osx-x86_64-mavericks 0.1 OK
r-release-windows-ix86+x86_64 0.1 2.00 18.00 20.00 OK
r-oldrel-windows-ix86+x86_64 0.1 5.00 16.00 21.00 OK

Check Details

Version: 0.1
Check: top-level files
Result: NOTE
    Non-standard file/directory found at top level:
     ‘package.R’
Flavors: r-devel-linux-x86_64-debian-clang, r-devel-linux-x86_64-debian-gcc, r-devel-linux-x86_64-fedora-clang, r-devel-linux-x86_64-fedora-gcc, r-patched-linux-x86_64, r-release-linux-x86_64

Version: 0.1
Check: R code for possible problems
Result: NOTE
    last: no visible global function definition for ‘tail’
Flavors: r-devel-linux-x86_64-debian-clang, r-devel-linux-x86_64-debian-gcc, r-devel-linux-x86_64-fedora-clang