CRAN Package Check Results for Package lisp

Last updated on 2015-01-31 17:49:40.

Flavor Version Tinstall Tcheck Ttotal Status Flags
r-devel-linux-x86_64-debian-clang 0.1 0.66 8.78 9.44 NOTE
r-devel-linux-x86_64-debian-gcc 0.1 0.60 8.97 9.57 NOTE
r-devel-linux-x86_64-fedora-clang 0.1 20.49 NOTE
r-devel-linux-x86_64-fedora-gcc 0.1 19.27 NOTE
r-devel-osx-x86_64-clang 0.1 23.55 OK
r-devel-windows-ix86+x86_64 0.1 2.00 18.00 20.00 OK
r-patched-linux-x86_64 0.1 0.65 10.02 10.67 NOTE
r-patched-solaris-sparc 0.1 149.50 OK
r-patched-solaris-x86 0.1 29.70 OK
r-release-linux-ix86 0.1 0.93 15.29 16.22 NOTE
r-release-linux-x86_64 0.1 0.69 9.21 9.90 NOTE
r-release-osx-x86_64-mavericks 0.1 OK
r-release-windows-ix86+x86_64 0.1 3.00 17.00 20.00 OK
r-oldrel-windows-ix86+x86_64 0.1 3.00 17.00 20.00 OK

Check Details

Version: 0.1
Check: top-level files
Result: NOTE
    Non-standard file/directory found at top level:
     ‘package.R’
Flavors: r-devel-linux-x86_64-debian-clang, r-devel-linux-x86_64-debian-gcc, r-devel-linux-x86_64-fedora-clang, r-devel-linux-x86_64-fedora-gcc, r-patched-linux-x86_64, r-release-linux-ix86, r-release-linux-x86_64