CRAN Package Check Results for Package lisp

Last updated on 2016-04-28 06:47:29.

Flavor Version Tinstall Tcheck Ttotal Status Flags
r-devel-linux-x86_64-debian-gcc 0.1 0.60 8.90 9.49 NOTE
r-devel-linux-x86_64-fedora-clang 0.1 15.36 NOTE
r-devel-linux-x86_64-fedora-gcc 0.1 14.22 NOTE
r-devel-osx-x86_64-clang 0.1 19.16 NOTE
r-devel-windows-ix86+x86_64 0.1 3.00 25.00 28.00 NOTE
r-patched-linux-x86_64 0.1 0.62 8.57 9.20 NOTE
r-patched-solaris-sparc 0.1 102.50 NOTE
r-patched-solaris-x86 0.1 23.90 NOTE
r-release-linux-x86_64 0.1 0.70 9.09 9.78 NOTE
r-release-osx-x86_64-mavericks 0.1 OK
r-release-windows-ix86+x86_64 0.1 2.00 21.00 23.00 OK
r-oldrel-windows-ix86+x86_64 0.1 4.00 21.00 25.00 OK

Check Details

Version: 0.1
Check: top-level files
Result: NOTE
    Non-standard file/directory found at top level:
     ‘package.R’
Flavors: r-devel-linux-x86_64-debian-gcc, r-devel-linux-x86_64-fedora-clang, r-devel-linux-x86_64-fedora-gcc, r-patched-linux-x86_64, r-release-linux-x86_64

Version: 0.1
Check: R code for possible problems
Result: NOTE
    last: no visible global function definition for ‘tail’
    Undefined global functions or variables:
     tail
    Consider adding
     importFrom("utils", "tail")
    to your NAMESPACE file.
Flavors: r-devel-linux-x86_64-debian-gcc, r-devel-linux-x86_64-fedora-clang, r-devel-linux-x86_64-fedora-gcc, r-devel-osx-x86_64-clang, r-devel-windows-ix86+x86_64, r-patched-linux-x86_64, r-patched-solaris-sparc, r-patched-solaris-x86