CRAN Package Check Results for Package lisp

Last updated on 2014-12-20 17:51:09.

Flavor Version Tinstall Tcheck Ttotal Status Flags
r-devel-linux-x86_64-debian-clang 0.1 0.64 10.00 10.64 NOTE
r-devel-linux-x86_64-debian-gcc 0.1 0.66 9.21 9.87 NOTE
r-devel-linux-x86_64-fedora-clang 0.1 20.55 NOTE
r-devel-linux-x86_64-fedora-gcc 0.1 19.01 NOTE
r-devel-osx-x86_64-clang 0.1 22.28 OK
r-devel-windows-ix86+x86_64 0.1 3.00 37.00 40.00 OK
r-patched-linux-x86_64 0.1 0.68 9.93 10.61 NOTE
r-patched-solaris-sparc 0.1 126.80 OK
r-patched-solaris-x86 0.1 29.70 OK
r-release-linux-ix86 0.1 0.93 14.77 15.70 OK
r-release-linux-x86_64 0.1 0.65 9.97 10.62 NOTE
r-release-osx-x86_64-mavericks 0.1 OK
r-release-windows-ix86+x86_64 0.1 2.00 22.00 24.00 OK
r-oldrel-windows-ix86+x86_64 0.1 2.00 17.00 19.00 OK

Check Details

Version: 0.1
Check: top-level files
Result: NOTE
    Non-standard file/directory found at top level:
     ‘package.R’
Flavors: r-devel-linux-x86_64-debian-clang, r-devel-linux-x86_64-debian-gcc, r-devel-linux-x86_64-fedora-clang, r-devel-linux-x86_64-fedora-gcc, r-patched-linux-x86_64, r-release-linux-x86_64