CRAN Package Check Results for Package lisp

Last updated on 2014-07-23 15:47:47.

Flavor Version Tinstall Tcheck Ttotal Status Flags
r-devel-linux-x86_64-debian-clang 0.1 0.60 8.63 9.23 OK
r-devel-linux-x86_64-debian-gcc 0.1 0.59 8.53 9.12 OK
r-devel-linux-x86_64-fedora-clang 0.1 19.32 NOTE
r-devel-linux-x86_64-fedora-gcc 0.1 18.04 NOTE
r-devel-osx-x86_64-clang 0.1 21.58 OK
r-devel-windows-ix86+x86_64 0.1 3.00 15.00 18.00 OK
r-patched-linux-x86_64 0.1 0.59 8.52 9.11 OK
r-patched-solaris-sparc 0.1 110.00 OK
r-patched-solaris-x86 0.1 27.70 OK
r-release-linux-ix86 0.1 0.89 14.91 15.80 OK
r-release-linux-x86_64 0.1 0.60 9.06 9.66 OK
r-release-osx-x86_64-mavericks 0.1 OK
r-release-windows-ix86+x86_64 0.1 4.00 16.00 20.00 OK
r-oldrel-windows-ix86+x86_64 0.1 2.00 17.00 19.00 OK

Check Details

Version: 0.1
Check: top-level files
Result: NOTE
    Non-standard file/directory found at top level:
     ‘package.R’
Flavors: r-devel-linux-x86_64-fedora-clang, r-devel-linux-x86_64-fedora-gcc