CRAN Package Check Results for Package libamtrack

Last updated on 2016-12-08 03:54:22.

Flavor Version Tinstall Tcheck Ttotal Status Flags
r-devel-linux-x86_64-debian-clang 0.6.3 12.46 26.23 38.69 OK
r-devel-linux-x86_64-debian-gcc 0.6.3 21.60 25.87 47.47 OK
r-devel-linux-x86_64-fedora-clang 0.6.3 63.98 OK --no-stop-on-test-error
r-devel-linux-x86_64-fedora-gcc 0.6.3 79.33 NOTE --no-stop-on-test-error
r-devel-macos-x86_64-clang 0.6.3 53.48 OK
r-devel-windows-ix86+x86_64 0.6.3 49.00 72.00 121.00 NOTE
r-patched-linux-x86_64 0.6.3 19.15 22.79 41.95 OK
r-patched-solaris-sparc 0.6.3 440.80 NOTE
r-patched-solaris-x86 0.6.3 89.50 NOTE
r-release-linux-x86_64 0.6.3 19.47 22.22 41.69 OK
r-release-osx-x86_64-mavericks 0.6.3 OK
r-release-windows-ix86+x86_64 0.6.3 52.00 75.00 127.00 NOTE
r-oldrel-windows-ix86+x86_64 0.6.3 90.00 56.00 146.00 NOTE

Check Details

Version: 0.6.3
Flags: --no-stop-on-test-error
Check: installed package size
Result: NOTE
     installed size is 26.1Mb
     sub-directories of 1Mb or more:
     extdata 1.7Mb
     libs 24.0Mb
Flavor: r-devel-linux-x86_64-fedora-gcc

Version: 0.6.3
Check: installed package size
Result: NOTE
     installed size is 5.9Mb
     sub-directories of 1Mb or more:
     extdata 1.7Mb
     libs 3.8Mb
Flavors: r-devel-windows-ix86+x86_64, r-patched-solaris-sparc, r-patched-solaris-x86, r-release-windows-ix86+x86_64, r-oldrel-windows-ix86+x86_64