CRAN Package Check Results for Package libamtrack

Last updated on 2015-05-21 17:48:17.

Flavor Version Tinstall Tcheck Ttotal Status Flags
r-devel-linux-x86_64-debian-clang 0.5.5 8.71 21.72 30.43 WARN
r-devel-linux-x86_64-debian-gcc 0.5.5 19.89 22.58 42.47 NOTE
r-devel-linux-x86_64-fedora-clang 0.6.0 35.88 WARN
r-devel-linux-x86_64-fedora-gcc 0.6.0 50.58 NOTE
r-devel-osx-x86_64-clang 0.6.0 42.14 WARN
r-devel-windows-ix86+x86_64 0.5.5 61.00 47.00 108.00 NOTE
r-patched-linux-x86_64 0.5.5 19.99 23.03 43.02 NOTE
r-patched-solaris-sparc 0.5.5 462.80 NOTE
r-patched-solaris-x86 0.6.0 81.90 NOTE
r-release-linux-x86_64 0.5.5 19.93 21.18 41.11 NOTE
r-release-osx-x86_64-mavericks 0.5.5 NOTE
r-release-osx-x86_64-snowleopard 0.5.5 NOTE
r-release-windows-ix86+x86_64 0.5.5 52.00 50.00 102.00 NOTE
r-oldrel-windows-ix86+x86_64 0.5.5 50.00 68.00 118.00 NOTE

Check Details

Version: 0.5.5
Check: whether package can be installed
Result: WARN
    Found the following significant warnings:
     ./AT_DataStoppingPower.h:334:3: warning: flexible array initialization is a GNU extension [-Wgnu-flexible-array-initializer]
     ./AT_DataStoppingPower.h:475:3: warning: flexible array initialization is a GNU extension [-Wgnu-flexible-array-initializer]
     ./AT_DataStoppingPower.h:616:3: warning: flexible array initialization is a GNU extension [-Wgnu-flexible-array-initializer]
     ./AT_DataStoppingPower.h:757:3: warning: flexible array initialization is a GNU extension [-Wgnu-flexible-array-initializer]
     ./AT_DataStoppingPower.h:898:3: warning: flexible array initialization is a GNU extension [-Wgnu-flexible-array-initializer]
     ./AT_DataStoppingPower.h:1039:3: warning: flexible array initialization is a GNU extension [-Wgnu-flexible-array-initializer]
     ./AT_DataStoppingPower.h:1180:3: warning: flexible array initialization is a GNU extension [-Wgnu-flexible-array-initializer]
     ./AT_DataStoppingPower.h:1320:3: warning: flexible array initialization is a GNU extension [-Wgnu-flexible-array-initializer]
     ./AT_DataStoppingPower.h:1460:3: warning: flexible array initialization is a GNU extension [-Wgnu-flexible-array-initializer]
     ./AT_DataStoppingPower.h:2700:3: warning: flexible array initialization is a GNU extension [-Wgnu-flexible-array-initializer]
     ./AT_DataStoppingPower.h:2707:3: warning: flexible array initialization is a GNU extension [-Wgnu-flexible-array-initializer]
Flavor: r-devel-linux-x86_64-debian-clang

Version: 0.5.5
Check: dependencies in R code
Result: NOTE
    'library' or 'require' call to ‘lattice’ in package code.
     Please use :: or requireNamespace() instead.
     See section 'Suggested packages' in the 'Writing R Extensions' manual.
Flavors: r-devel-linux-x86_64-debian-clang, r-devel-linux-x86_64-debian-gcc, r-devel-windows-ix86+x86_64, r-patched-linux-x86_64, r-patched-solaris-sparc, r-release-linux-x86_64, r-release-osx-x86_64-mavericks, r-release-osx-x86_64-snowleopard, r-release-windows-ix86+x86_64, r-oldrel-windows-ix86+x86_64

Version: 0.5.5
Check: R code for possible problems
Result: NOTE
    AT.SPC.convert.to.DDD: no visible global function definition for
     ‘xyplot’
    AT.SPC.export.DEDX: no visible global function definition for ‘xyplot’
Flavors: r-devel-linux-x86_64-debian-clang, r-devel-linux-x86_64-debian-gcc, r-devel-windows-ix86+x86_64, r-patched-linux-x86_64, r-patched-solaris-sparc, r-release-linux-x86_64, r-release-osx-x86_64-mavericks, r-release-osx-x86_64-snowleopard, r-release-windows-ix86+x86_64, r-oldrel-windows-ix86+x86_64

Version: 0.5.5
Check: installed package size
Result: NOTE
     installed size is 27.2Mb
     sub-directories of 1Mb or more:
     extdata 1.6Mb
     libs 25.3Mb
Flavors: r-devel-linux-x86_64-debian-gcc, r-devel-windows-ix86+x86_64, r-patched-linux-x86_64, r-patched-solaris-sparc, r-release-linux-x86_64, r-release-windows-ix86+x86_64, r-oldrel-windows-ix86+x86_64

Version: 0.6.0
Check: whether package can be installed
Result: WARN
    Found the following significant warnings:
     AT_StoppingPowerDataPSTAR.c:7:3: warning: flexible array initialization is a GNU extension [-Wgnu-flexible-array-initializer]
     AT_StoppingPowerDataPSTAR.c:148:3: warning: flexible array initialization is a GNU extension [-Wgnu-flexible-array-initializer]
     AT_StoppingPowerDataPSTAR.c:289:3: warning: flexible array initialization is a GNU extension [-Wgnu-flexible-array-initializer]
     AT_StoppingPowerDataPSTAR.c:430:5: warning: flexible array initialization is a GNU extension [-Wgnu-flexible-array-initializer]
     AT_StoppingPowerDataPSTAR.c:571:5: warning: flexible array initialization is a GNU extension [-Wgnu-flexible-array-initializer]
     AT_StoppingPowerDataPSTAR.c:712:5: warning: flexible array initialization is a GNU extension [-Wgnu-flexible-array-initializer]
     AT_StoppingPowerDataPSTAR.c:853:5: warning: flexible array initialization is a GNU extension [-Wgnu-flexible-array-initializer]
     AT_StoppingPowerDataPSTAR.c:993:5: warning: flexible array initialization is a GNU extension [-Wgnu-flexible-array-initializer]
     AT_StoppingPowerDataPSTAR.c:1134:5: warning: flexible array initialization is a GNU extension [-Wgnu-flexible-array-initializer]
     AT_StoppingPowerDataPSTAR.c:1284:5: warning: flexible array initialization is a GNU extension [-Wgnu-flexible-array-initializer]
Flavors: r-devel-linux-x86_64-fedora-clang, r-devel-osx-x86_64-clang

Version: 0.6.0
Check: installed package size
Result: NOTE
     installed size is 25.9Mb
     sub-directories of 1Mb or more:
     extdata 1.7Mb
     libs 23.9Mb
Flavors: r-devel-linux-x86_64-fedora-gcc, r-patched-solaris-x86