CRAN Package Check Results for Package libamtrack

Last updated on 2016-07-24 19:48:55.

Flavor Version Tinstall Tcheck Ttotal Status Flags
r-devel-linux-x86_64-debian-clang 0.6.3 14.51 26.38 40.89 OK
r-devel-linux-x86_64-debian-gcc 0.6.3 24.90 27.10 52.00 NOTE
r-devel-linux-x86_64-fedora-gcc 0.6.3 71.08 NOTE
r-devel-osx-x86_64-clang 0.6.3 50.39 OK
r-devel-windows-ix86+x86_64 0.6.3 48.00 52.00 100.00 NOTE
r-patched-linux-x86_64 0.6.3 22.22 25.24 47.46 NOTE
r-patched-solaris-sparc 0.6.3 440.80 NOTE
r-patched-solaris-x86 0.6.3 89.80 NOTE
r-release-linux-x86_64 0.6.3 23.07 25.74 48.81 NOTE
r-release-osx-x86_64-mavericks 0.6.3 OK
r-release-windows-ix86+x86_64 0.6.3 63.00 64.00 127.00 NOTE
r-oldrel-windows-ix86+x86_64 0.6.3 78.00 55.00 133.00 NOTE

Check Details

Version: 0.6.3
Check: installed package size
Result: NOTE
     installed size is 26.2Mb
     sub-directories of 1Mb or more:
     extdata 1.7Mb
     libs 24.1Mb
Flavors: r-devel-linux-x86_64-debian-gcc, r-devel-linux-x86_64-fedora-gcc, r-devel-windows-ix86+x86_64, r-patched-linux-x86_64, r-patched-solaris-sparc, r-patched-solaris-x86, r-release-linux-x86_64, r-release-windows-ix86+x86_64, r-oldrel-windows-ix86+x86_64