CRAN Package Check Results for Package libamtrack

Last updated on 2014-10-30 18:47:49.

Flavor Version Tinstall Tcheck Ttotal Status Flags
r-devel-linux-x86_64-debian-clang 0.5.5 8.34 24.14 32.48 WARN
r-devel-linux-x86_64-debian-gcc 0.5.5 19.74 22.47 42.21 NOTE
r-devel-linux-x86_64-fedora-clang 0.5.5 58.33 WARN
r-devel-linux-x86_64-fedora-gcc 0.5.5 74.50 NOTE
r-devel-osx-x86_64-clang 0.5.5 32.87 WARN
r-devel-windows-ix86+x86_64 0.5.5 48.00 46.00 94.00 NOTE
r-patched-linux-x86_64 0.5.5 19.96 23.12 43.08 NOTE
r-patched-solaris-sparc 0.5.5 462.20 NOTE
r-patched-solaris-x86 0.5.5 104.40 NOTE
r-release-linux-ix86 0.5.5 27.14 32.65 59.79 NOTE
r-release-linux-x86_64 0.5.5 19.83 23.32 43.16 NOTE
r-release-osx-x86_64-mavericks 0.5.5 ERROR
r-release-osx-x86_64-snowleopard 0.5.5 OK
r-release-windows-ix86+x86_64 0.5.5 47.00 46.00 93.00 NOTE
r-oldrel-windows-ix86+x86_64 0.5.5 50.00 53.00 103.00 NOTE

Check Details

Version: 0.5.5
Check: whether package can be installed
Result: WARN
    Found the following significant warnings:
     ./AT_DataStoppingPower.h:334:3: warning: flexible array initialization is a GNU extension [-Wgnu-flexible-array-initializer]
     ./AT_DataStoppingPower.h:475:3: warning: flexible array initialization is a GNU extension [-Wgnu-flexible-array-initializer]
     ./AT_DataStoppingPower.h:616:3: warning: flexible array initialization is a GNU extension [-Wgnu-flexible-array-initializer]
     ./AT_DataStoppingPower.h:757:3: warning: flexible array initialization is a GNU extension [-Wgnu-flexible-array-initializer]
     ./AT_DataStoppingPower.h:898:3: warning: flexible array initialization is a GNU extension [-Wgnu-flexible-array-initializer]
     ./AT_DataStoppingPower.h:1039:3: warning: flexible array initialization is a GNU extension [-Wgnu-flexible-array-initializer]
     ./AT_DataStoppingPower.h:1180:3: warning: flexible array initialization is a GNU extension [-Wgnu-flexible-array-initializer]
     ./AT_DataStoppingPower.h:1320:3: warning: flexible array initialization is a GNU extension [-Wgnu-flexible-array-initializer]
     ./AT_DataStoppingPower.h:1460:3: warning: flexible array initialization is a GNU extension [-Wgnu-flexible-array-initializer]
     ./AT_DataStoppingPower.h:2700:3: warning: flexible array initialization is a GNU extension [-Wgnu-flexible-array-initializer]
     ./AT_DataStoppingPower.h:2707:3: warning: flexible array initialization is a GNU extension [-Wgnu-flexible-array-initializer]
Flavors: r-devel-linux-x86_64-debian-clang, r-devel-linux-x86_64-fedora-clang, r-devel-osx-x86_64-clang

Version: 0.5.5
Check: R code for possible problems
Result: NOTE
    AT.SPC.convert.to.DDD: no visible global function definition for
     ‘xyplot’
    AT.SPC.export.DEDX: no visible global function definition for ‘xyplot’
Flavors: r-devel-linux-x86_64-debian-clang, r-devel-linux-x86_64-debian-gcc, r-devel-linux-x86_64-fedora-clang, r-devel-linux-x86_64-fedora-gcc, r-devel-osx-x86_64-clang, r-devel-windows-ix86+x86_64, r-patched-linux-x86_64, r-patched-solaris-sparc, r-patched-solaris-x86

Version: 0.5.5
Check: installed package size
Result: NOTE
     installed size is 27.2Mb
     sub-directories of 1Mb or more:
     extdata 1.6Mb
     libs 25.3Mb
Flavors: r-devel-linux-x86_64-debian-gcc, r-devel-linux-x86_64-fedora-gcc, r-devel-windows-ix86+x86_64, r-patched-linux-x86_64, r-patched-solaris-sparc, r-patched-solaris-x86, r-release-linux-ix86, r-release-linux-x86_64, r-release-windows-ix86+x86_64, r-oldrel-windows-ix86+x86_64

Version: 0.5.5
Check: whether package can be installed
Result: ERROR
    Installation failed.
Flavor: r-release-osx-x86_64-mavericks