CRAN Package Check Results for Package libamtrack

Last updated on 2016-08-27 03:50:18.

Flavor Version Tinstall Tcheck Ttotal Status Flags
r-devel-linux-x86_64-debian-clang 0.6.3 11.65 22.36 34.01 OK
r-devel-linux-x86_64-debian-gcc 0.6.3 27.44 29.65 57.09 NOTE
r-devel-linux-x86_64-fedora-clang 0.6.3 59.65 OK
r-devel-linux-x86_64-fedora-gcc 0.6.3 73.88 NOTE
r-devel-osx-x86_64-clang 0.6.3 50.52 OK
r-devel-windows-ix86+x86_64 0.6.3 76.00 49.00 125.00 NOTE
r-patched-linux-x86_64 0.6.3 19.44 21.76 41.20 NOTE
r-patched-solaris-sparc 0.6.3 440.80 NOTE
r-patched-solaris-x86 0.6.3 90.50 NOTE
r-release-linux-x86_64 0.6.3 20.03 22.39 42.42 NOTE
r-release-osx-x86_64-mavericks 0.6.3 OK
r-release-windows-ix86+x86_64 0.6.3 60.00 50.00 110.00 NOTE
r-oldrel-windows-ix86+x86_64 0.6.3 54.00 69.00 123.00 NOTE

Check Details

Version: 0.6.3
Check: installed package size
Result: NOTE
     installed size is 26.2Mb
     sub-directories of 1Mb or more:
     extdata 1.7Mb
     libs 24.1Mb
Flavors: r-devel-linux-x86_64-debian-gcc, r-devel-linux-x86_64-fedora-gcc, r-devel-windows-ix86+x86_64, r-patched-linux-x86_64, r-patched-solaris-sparc, r-patched-solaris-x86, r-release-linux-x86_64, r-release-windows-ix86+x86_64, r-oldrel-windows-ix86+x86_64