CRAN Package Check Results for Package libamtrack

Last updated on 2017-02-24 23:52:34.

Flavor Version Tinstall Tcheck Ttotal Status Flags
r-devel-linux-x86_64-debian-clang 0.6.3 12.46 26.07 38.53 NOTE
r-devel-linux-x86_64-debian-gcc 0.6.3 21.58 25.55 47.13 NOTE
r-devel-linux-x86_64-fedora-clang 0.6.3 64.14 NOTE --no-stop-on-test-error
r-devel-linux-x86_64-fedora-gcc 0.6.3 77.16 NOTE --no-stop-on-test-error
r-devel-macos-x86_64-clang 0.6.3 54.70 NOTE --no-stop-on-test-error
r-devel-windows-ix86+x86_64 0.6.3 118.00 85.00 203.00 NOTE
r-patched-linux-x86_64 0.6.3 19.54 21.70 41.24 OK
r-patched-solaris-sparc 0.6.3 450.90 NOTE
r-patched-solaris-x86 0.6.3 94.00 NOTE
r-release-linux-x86_64 0.6.3 19.96 21.78 41.74 OK
r-release-osx-x86_64-mavericks 0.6.3 OK
r-release-windows-ix86+x86_64 0.6.3 91.00 69.00 160.00 NOTE
r-oldrel-windows-ix86+x86_64 0.6.3 112.00 111.00 223.00 NOTE

Check Details

Version: 0.6.3
Check: compiled code
Result: NOTE
    File ‘libamtrack/libs/libamtrack.so’:
     Found no calls to: ‘R_registerRoutines’, ‘R_useDynamicSymbols’
    
    It is good practice to register native routines and to disable symbol
    search.
    
    See ‘Writing portable packages’ in the ‘Writing R Extensions’ manual.
Flavors: r-devel-linux-x86_64-debian-clang, r-devel-linux-x86_64-debian-gcc

Version: 0.6.3
Flags: --no-stop-on-test-error
Check: compiled code
Result: NOTE
    File ‘libamtrack/libs/libamtrack.so’:
     Found no calls to: ‘R_registerRoutines’, ‘R_useDynamicSymbols’
    
    It is good practice to register native routines and to disable symbol
    search.
    
    See ‘Writing portable packages’ in the ‘Writing R Extensions’ manual.
Flavors: r-devel-linux-x86_64-fedora-clang, r-devel-linux-x86_64-fedora-gcc, r-devel-macos-x86_64-clang

Version: 0.6.3
Flags: --no-stop-on-test-error
Check: installed package size
Result: NOTE
     installed size is 26.1Mb
     sub-directories of 1Mb or more:
     extdata 1.7Mb
     libs 24.0Mb
Flavor: r-devel-linux-x86_64-fedora-gcc

Version: 0.6.3
Check: installed package size
Result: NOTE
     installed size is 5.9Mb
     sub-directories of 1Mb or more:
     extdata 1.7Mb
     libs 3.9Mb
Flavors: r-devel-windows-ix86+x86_64, r-patched-solaris-sparc, r-patched-solaris-x86, r-release-windows-ix86+x86_64, r-oldrel-windows-ix86+x86_64