CRAN Package Check Results for Package libamtrack

Last updated on 2016-04-29 06:47:28.

Flavor Version Tinstall Tcheck Ttotal Status Flags
r-devel-linux-x86_64-debian-gcc 0.6.3 19.31 22.37 41.68 NOTE
r-devel-linux-x86_64-fedora-clang 0.6.3 57.64 OK
r-devel-linux-x86_64-fedora-gcc 0.6.3 70.39 NOTE
r-devel-osx-x86_64-clang 0.6.3 64.70 OK
r-devel-windows-ix86+x86_64 0.6.3 51.00 64.00 115.00 NOTE
r-patched-linux-x86_64 0.6.3 19.81 21.60 41.41 NOTE
r-patched-solaris-sparc 0.6.3 439.20 NOTE
r-patched-solaris-x86 0.6.3 92.70 NOTE
r-release-linux-x86_64 0.6.3 20.04 23.03 43.07 NOTE
r-release-osx-x86_64-mavericks 0.6.3 OK
r-release-windows-ix86+x86_64 0.6.3 60.00 57.00 117.00 NOTE
r-oldrel-windows-ix86+x86_64 0.6.3 83.00 55.00 138.00 NOTE

Check Details

Version: 0.6.3
Check: installed package size
Result: NOTE
     installed size is 26.1Mb
     sub-directories of 1Mb or more:
     extdata 1.7Mb
     libs 24.1Mb
Flavors: r-devel-linux-x86_64-debian-gcc, r-devel-linux-x86_64-fedora-gcc, r-devel-windows-ix86+x86_64, r-patched-linux-x86_64, r-patched-solaris-sparc, r-patched-solaris-x86, r-release-linux-x86_64, r-release-windows-ix86+x86_64, r-oldrel-windows-ix86+x86_64