CRAN Package Check Results for Package libamtrack

Last updated on 2015-07-02 20:46:44.

Flavor Version Tinstall Tcheck Ttotal Status Flags
r-devel-linux-x86_64-debian-clang 0.6.2 8.69 21.98 30.67 NOTE
r-devel-linux-x86_64-debian-gcc 0.6.2 19.26 20.97 40.23 NOTE
r-devel-linux-x86_64-fedora-clang 0.6.2 56.53 NOTE
r-devel-linux-x86_64-fedora-gcc 0.6.2 70.97 NOTE
r-devel-osx-x86_64-clang 0.6.2 55.44 OK
r-devel-windows-ix86+x86_64 0.6.2 64.00 50.00 114.00 NOTE
r-patched-linux-x86_64 0.6.2 19.35 21.24 40.58 NOTE
r-patched-solaris-sparc 0.6.2 469.00 NOTE
r-patched-solaris-x86 0.6.2 96.60 NOTE
r-release-linux-x86_64 0.6.2 19.59 22.78 42.37 NOTE
r-release-osx-x86_64-mavericks 0.6.2 OK
r-release-windows-ix86+x86_64 0.6.2 61.00 49.00 110.00 NOTE
r-oldrel-windows-ix86+x86_64 0.6.2 61.00 54.00 115.00 NOTE

Check Details

Version: 0.6.2
Check: R code for possible problems
Result: NOTE
    AT.CPPSC.alpha.and.beta: no visible global function definition for
     ‘nls’
    AT.CPPSC.alpha.and.beta: no visible global function definition for
     ‘coef’
    AT.SPC.get: no visible global function definition for ‘head’
    AT.SPC.get.list: no visible global function definition for ‘tail’
    AT.SPC.read: no visible global function definition for ‘unzip’
    AT.SPC.spectrum.at.depth.g.cm2: no visible global function definition
     for ‘approx’
    Undefined global functions or variables:
     approx coef head nls tail unzip
Flavors: r-devel-linux-x86_64-debian-clang, r-devel-linux-x86_64-fedora-clang, r-devel-linux-x86_64-fedora-gcc

Version: 0.6.2
Check: installed package size
Result: NOTE
     installed size is 26.1Mb
     sub-directories of 1Mb or more:
     extdata 1.7Mb
     libs 24.1Mb
Flavors: r-devel-linux-x86_64-debian-gcc, r-devel-linux-x86_64-fedora-gcc, r-devel-windows-ix86+x86_64, r-patched-linux-x86_64, r-patched-solaris-sparc, r-patched-solaris-x86, r-release-linux-x86_64, r-release-windows-ix86+x86_64, r-oldrel-windows-ix86+x86_64

Version: 0.6.2
Check: R code for possible problems
Result: NOTE
    AT.CPPSC.alpha.and.beta: no visible global function definition for
     ‘nls’
    AT.CPPSC.alpha.and.beta: no visible global function definition for
     ‘coef’
    AT.SPC.get: no visible global function definition for ‘head’
    AT.SPC.get.list: no visible global function definition for ‘tail’
    AT.SPC.read: no visible global function definition for ‘unzip’
    AT.SPC.spectrum.at.depth.g.cm2: no visible global function definition
     for ‘approx’
Flavors: r-devel-linux-x86_64-debian-gcc, r-devel-windows-ix86+x86_64