CRAN Package Check Results for Package libamtrack

Last updated on 2017-06-26 08:47:47.

Flavor Version Tinstall Tcheck Ttotal Status Flags
r-devel-linux-x86_64-debian-clang 0.6.3 12.99 26.10 39.09 NOTE
r-devel-linux-x86_64-debian-gcc 0.6.3 21.07 26.09 47.16 NOTE
r-devel-linux-x86_64-fedora-clang 0.6.3 63.14 NOTE
r-devel-linux-x86_64-fedora-gcc 0.6.3 77.21 NOTE
r-devel-windows-ix86+x86_64 0.6.3 76.00 62.00 138.00 NOTE
r-patched-linux-x86_64 0.6.3 19.34 26.58 45.92 NOTE
r-patched-solaris-sparc 0.6.3 475.00 OK
r-patched-solaris-x86 0.6.3 94.10 NOTE
r-release-linux-x86_64 0.6.3 21.99 26.83 48.83 NOTE
r-release-windows-ix86+x86_64 0.6.3 103.00 83.00 186.00 NOTE
r-release-osx-x86_64 0.6.3 OK
r-oldrel-windows-ix86+x86_64 0.6.3 57.00 69.00 126.00 NOTE
r-oldrel-osx-x86_64 0.6.3 OK

Check Details

Version: 0.6.3
Check: compiled code
Result: NOTE
    File ‘libamtrack/libs/libamtrack.so’:
     Found no calls to: ‘R_registerRoutines’, ‘R_useDynamicSymbols’
    
    It is good practice to register native routines and to disable symbol
    search.
    
    See ‘Writing portable packages’ in the ‘Writing R Extensions’ manual.
Flavors: r-devel-linux-x86_64-debian-clang, r-devel-linux-x86_64-debian-gcc, r-devel-linux-x86_64-fedora-clang, r-devel-linux-x86_64-fedora-gcc, r-patched-linux-x86_64, r-release-linux-x86_64

Version: 0.6.3
Check: installed package size
Result: NOTE
     installed size is 26.1Mb
     sub-directories of 1Mb or more:
     extdata 1.7Mb
     libs 24.0Mb
Flavors: r-devel-linux-x86_64-fedora-gcc, r-devel-windows-ix86+x86_64, r-patched-solaris-x86, r-release-windows-ix86+x86_64, r-oldrel-windows-ix86+x86_64