CRAN Package Check Results for Package knitr

Last updated on 2014-08-29 08:49:42.

Flavor Version Tinstall Tcheck Ttotal Status Flags
r-devel-linux-x86_64-debian-clang 1.6 1.69 32.13 33.82 NOTE
r-devel-linux-x86_64-debian-gcc 1.6 1.64 31.97 33.62 NOTE
r-devel-linux-x86_64-fedora-clang 1.6 73.01 NOTE
r-devel-linux-x86_64-fedora-gcc 1.6 67.59 NOTE
r-devel-osx-x86_64-clang 1.6 77.58 NOTE
r-devel-windows-ix86+x86_64 1.6 14.00 56.00 70.00 NOTE
r-patched-linux-x86_64 1.6 1.91 33.32 35.23 OK
r-patched-solaris-sparc 1.6 408.90 OK
r-patched-solaris-x86 1.6 93.90 OK
r-release-linux-ix86 1.6 2.40 44.42 46.82 OK
r-release-linux-x86_64 1.6 2.05 33.63 35.68 OK
r-release-osx-x86_64-mavericks 1.6 OK
r-release-osx-x86_64-snowleopard 1.6 OK
r-release-windows-ix86+x86_64 1.6 19.00 61.00 80.00 OK
r-oldrel-windows-ix86+x86_64 1.6 22.00 58.00 80.00 OK

Check Details

Version: 1.6
Check: R code for possible problems
Result: NOTE
    eclipse_theme: no visible global function definition for ‘xmlParse’
    eclipse_theme: no visible global function definition for ‘xmlAttrs’
    eclipse_theme: no visible global function definition for ‘xmlRoot’
    eclipse_theme: no visible global function definition for ‘xmlToList’
    hook_rgl: no visible global function definition for ‘rgl.cur’
    hook_rgl: no visible global function definition for ‘par3d’
    hook_rgl: no visible global function definition for ‘rgl.postscript’
    hook_rgl: no visible global function definition for ‘rgl.snapshot’
    hook_webgl: no visible global function definition for ‘rgl.cur’
    hook_webgl: no visible global function definition for ‘par3d’
    hook_webgl: no visible global function definition for ‘writeWebGL’
Flavors: r-devel-linux-x86_64-debian-clang, r-devel-linux-x86_64-debian-gcc, r-devel-linux-x86_64-fedora-clang, r-devel-linux-x86_64-fedora-gcc, r-devel-osx-x86_64-clang, r-devel-windows-ix86+x86_64