CRAN Package Check Results for Package knitr

Last updated on 2015-08-30 17:48:16.

Flavor Version Tinstall Tcheck Ttotal Status Flags
r-devel-linux-x86_64-debian-clang 1.11 2.70 32.86 35.56 OK
r-devel-linux-x86_64-debian-gcc 1.11 2.73 32.19 34.92 OK
r-devel-linux-x86_64-fedora-clang 1.11 70.06 OK
r-devel-linux-x86_64-fedora-gcc 1.11 68.30 OK
r-devel-osx-x86_64-clang 1.11 76.57 OK
r-devel-windows-ix86+x86_64 1.11 43.00 62.00 105.00 OK
r-patched-linux-x86_64 1.11 2.70 33.83 36.53 OK
r-patched-solaris-sparc 1.11 22.10 OK
r-patched-solaris-x86 1.11 91.20 OK
r-release-linux-x86_64 1.11 3.04 34.00 37.05 OK
r-release-osx-x86_64-mavericks 1.11 ERROR
r-release-windows-ix86+x86_64 1.11 29.00 103.00 132.00 OK
r-oldrel-windows-ix86+x86_64 1.11 42.00 100.00 142.00 OK

Check Details

Version: 1.11
Check: Rd cross-references
Result: WARN
    Missing link or links in documentation object 'chunk_hook.Rd':
     ‘[rgl]{hook_rgl}’ ‘[rgl]{hook_webgl}’
    
    See section 'Cross-references' in the 'Writing R Extensions' manual.
Flavor: r-release-osx-x86_64-mavericks

Version: 1.11
Check: examples
Result: ERROR
    Running examples in ‘knitr-Ex.R’ failed
    The error most likely occurred in:
    
    > ### Name: hook_pdfcrop
    > ### Title: Built-in chunk hooks to extend knitr
    > ### Aliases: hook_optipng hook_pdfcrop hook_plot_custom hook_purl
    >
    > ### ** Examples
    >
    > if (require("rgl")) knit_hooks$set(rgl = hook_rgl)
    Loading required package: rgl
    Warning in rgl.init(initValue, onlyNULL) :
     RGL: unable to open X11 display
    Warning in fun(libname, pkgname) : error in rgl_init
    Error in knit_hooks$set(rgl = hook_rgl) : object 'hook_rgl' not found
    Execution halted
Flavor: r-release-osx-x86_64-mavericks