CRAN Package Check Results for Package klin

Last updated on 2017-05-23 18:48:26.

Flavor Version Tinstall Tcheck Ttotal Status Flags
r-devel-linux-x86_64-debian-clang 2007-02-05 2.39 28.34 30.73 NOTE
r-devel-linux-x86_64-debian-gcc 2007-02-05 2.19 28.09 30.28 NOTE
r-devel-linux-x86_64-fedora-clang 2007-02-05 70.68 NOTE --no-stop-on-test-error
r-devel-linux-x86_64-fedora-gcc 2007-02-05 68.10 NOTE --no-stop-on-test-error
r-devel-windows-ix86+x86_64 2007-02-05 10.00 56.00 66.00 NOTE
r-patched-linux-x86_64 2007-02-05 2.22 27.95 30.16 NOTE
r-patched-solaris-sparc 2007-02-05 403.40 NOTE
r-patched-solaris-x86 2007-02-05 95.40 NOTE
r-release-linux-x86_64 2007-02-05 2.30 27.68 29.98 NOTE
r-release-windows-ix86+x86_64 2007-02-05 6.00 73.00 79.00 NOTE
r-release-osx-x86_64 2007-02-05 NOTE
r-oldrel-windows-ix86+x86_64 2007-02-05 7.00 73.00 80.00 NOTE
r-oldrel-osx-x86_64 2007-02-05 NOTE

Check Details

Version: 2007-02-05
Check: R code for possible problems
Result: NOTE
    klin.solve : <anonymous>: no visible global function definition for
     ‘is’
    Undefined global functions or variables:
     is
    Consider adding
     importFrom("methods", "is")
    to your NAMESPACE file (and ensure that your DESCRIPTION Imports field
    contains 'methods').
Flavors: r-devel-linux-x86_64-debian-clang, r-devel-linux-x86_64-debian-gcc, r-devel-windows-ix86+x86_64, r-patched-linux-x86_64, r-patched-solaris-sparc, r-patched-solaris-x86, r-release-linux-x86_64, r-release-windows-ix86+x86_64, r-release-osx-x86_64, r-oldrel-windows-ix86+x86_64, r-oldrel-osx-x86_64

Version: 2007-02-05
Flags: --no-stop-on-test-error
Check: R code for possible problems
Result: NOTE
    klin.solve : <anonymous>: no visible global function definition for
     ‘is’
    Undefined global functions or variables:
     is
    Consider adding
     importFrom("methods", "is")
    to your NAMESPACE file (and ensure that your DESCRIPTION Imports field
    contains 'methods').
Flavors: r-devel-linux-x86_64-fedora-clang, r-devel-linux-x86_64-fedora-gcc