CRAN Package Check Results for Package klin

Last updated on 2016-02-07 18:48:52.

Flavor Version Tinstall Tcheck Ttotal Status Flags
r-devel-linux-x86_64-debian-gcc 2007-02-05 2.44 27.01 29.45 NOTE
r-devel-linux-x86_64-fedora-clang 2007-02-05 62.42 NOTE
r-devel-linux-x86_64-fedora-gcc 2007-02-05 57.88 NOTE
r-devel-osx-x86_64-clang 2007-02-05 62.88 NOTE
r-devel-windows-ix86+x86_64 2007-02-05 8.00 48.00 56.00 NOTE
r-patched-linux-x86_64 2007-02-05 2.60 29.74 32.34 OK
r-patched-solaris-sparc 2007-02-05 379.90 OK
r-patched-solaris-x86 2007-02-05 87.50 OK
r-release-linux-x86_64 2007-02-05 2.56 29.56 32.12 OK
r-release-osx-x86_64-mavericks 2007-02-05 OK
r-release-windows-ix86+x86_64 2007-02-05 9.00 52.00 61.00 OK
r-oldrel-windows-ix86+x86_64 2007-02-05 12.00 75.00 87.00 OK

Check Details

Version: 2007-02-05
Check: R code for possible problems
Result: NOTE
    klin.solve : <anonymous>: no visible global function definition for
     ‘is’
    Undefined global functions or variables:
     is
    Consider adding
     importFrom("methods", "is")
    to your NAMESPACE file (and ensure that your DESCRIPTION Imports field
    contains 'methods').
Flavors: r-devel-linux-x86_64-debian-gcc, r-devel-linux-x86_64-fedora-clang, r-devel-linux-x86_64-fedora-gcc, r-devel-osx-x86_64-clang, r-devel-windows-ix86+x86_64