CRAN Package Check Results for Package klin

Last updated on 2016-09-25 11:47:12.

Flavor Version Tinstall Tcheck Ttotal Status Flags
r-devel-linux-x86_64-debian-clang 2007-02-05 2.05 24.20 26.25 NOTE
r-devel-linux-x86_64-debian-gcc 2007-02-05 2.11 24.03 26.14 NOTE
r-devel-linux-x86_64-fedora-clang 2007-02-05 61.77 NOTE
r-devel-linux-x86_64-fedora-gcc 2007-02-05 55.22 NOTE
r-devel-macos-x86_64-clang 2007-02-05 44.49 NOTE
r-devel-windows-ix86+x86_64 2007-02-05 6.00 59.00 65.00 NOTE
r-patched-linux-x86_64 2007-02-05 2.29 24.55 26.84 NOTE
r-patched-solaris-sparc 2007-02-05 362.30 NOTE
r-patched-solaris-x86 2007-02-05 82.00 NOTE
r-release-linux-x86_64 2007-02-05 2.13 25.02 27.15 NOTE
r-release-osx-x86_64-mavericks 2007-02-05 NOTE
r-release-windows-ix86+x86_64 2007-02-05 6.00 72.00 78.00 NOTE
r-oldrel-windows-ix86+x86_64 2007-02-05 8.00 61.00 69.00 OK

Check Details

Version: 2007-02-05
Check: R code for possible problems
Result: NOTE
    klin.solve : <anonymous>: no visible global function definition for
     ‘is’
    Undefined global functions or variables:
     is
    Consider adding
     importFrom("methods", "is")
    to your NAMESPACE file (and ensure that your DESCRIPTION Imports field
    contains 'methods').
Flavors: r-devel-linux-x86_64-debian-clang, r-devel-linux-x86_64-debian-gcc, r-devel-linux-x86_64-fedora-clang, r-devel-linux-x86_64-fedora-gcc, r-devel-macos-x86_64-clang, r-devel-windows-ix86+x86_64, r-patched-linux-x86_64, r-patched-solaris-sparc, r-patched-solaris-x86, r-release-linux-x86_64, r-release-osx-x86_64-mavericks, r-release-windows-ix86+x86_64