CRAN Package Check Results for Package klin

Last updated on 2015-09-02 19:47:37.

Flavor Version Tinstall Tcheck Ttotal Status Flags
r-devel-linux-x86_64-debian-clang 2007-02-05 2.37 28.34 30.71 NOTE
r-devel-linux-x86_64-debian-gcc 2007-02-05 2.33 27.99 30.32 NOTE
r-devel-linux-x86_64-fedora-clang 2007-02-05 65.73 NOTE
r-devel-linux-x86_64-fedora-gcc 2007-02-05 63.00 NOTE
r-devel-osx-x86_64-clang 2007-02-05 52.59 OK
r-devel-windows-ix86+x86_64 2007-02-05 9.00 55.00 64.00 NOTE
r-patched-linux-x86_64 2007-02-05 2.50 30.28 32.78 OK
r-patched-solaris-sparc 2007-02-05 415.30 OK
r-patched-solaris-x86 2007-02-05 96.60 OK
r-release-linux-x86_64 2007-02-05 2.49 29.74 32.23 OK
r-release-osx-x86_64-mavericks 2007-02-05 OK
r-release-windows-ix86+x86_64 2007-02-05 9.00 49.00 58.00 OK
r-oldrel-windows-ix86+x86_64 2007-02-05 11.00 65.00 76.00 OK

Check Details

Version: 2007-02-05
Check: R code for possible problems
Result: NOTE
    klin.solve : <anonymous>: no visible global function definition for
     ‘is’
    Undefined global functions or variables:
     is
    Consider adding
     importFrom("methods", "is")
    to your NAMESPACE (and ensure that your DESCRIPTION Imports field
    contains 'methods').
Flavors: r-devel-linux-x86_64-debian-clang, r-devel-linux-x86_64-debian-gcc, r-devel-linux-x86_64-fedora-clang, r-devel-linux-x86_64-fedora-gcc, r-devel-windows-ix86+x86_64