CRAN Package Check Results for Package klin

Last updated on 2015-07-02 20:46:43.

Flavor Version Tinstall Tcheck Ttotal Status Flags
r-devel-linux-x86_64-debian-clang 2007-02-05 2.62 30.48 33.10 NOTE
r-devel-linux-x86_64-debian-gcc 2007-02-05 2.41 28.77 31.18 NOTE
r-devel-linux-x86_64-fedora-clang 2007-02-05 67.49 NOTE
r-devel-linux-x86_64-fedora-gcc 2007-02-05 64.57 NOTE
r-devel-osx-x86_64-clang 2007-02-05 61.00 OK
r-devel-windows-ix86+x86_64 2007-02-05 7.00 42.00 49.00 NOTE
r-patched-linux-x86_64 2007-02-05 2.41 29.42 31.83 OK
r-patched-solaris-sparc 2007-02-05 408.00 OK
r-patched-solaris-x86 2007-02-05 97.60 OK
r-release-linux-x86_64 2007-02-05 3.15 29.53 32.68 OK
r-release-osx-x86_64-mavericks 2007-02-05 OK
r-release-windows-ix86+x86_64 2007-02-05 7.00 44.00 51.00 OK
r-oldrel-windows-ix86+x86_64 2007-02-05 10.00 55.00 65.00 OK

Check Details

Version: 2007-02-05
Check: R code for possible problems
Result: NOTE
    klin.solve : <anonymous>: no visible global function definition for
     ‘is’
    Undefined global functions or variables:
     is
Flavors: r-devel-linux-x86_64-debian-clang, r-devel-linux-x86_64-fedora-clang, r-devel-linux-x86_64-fedora-gcc

Version: 2007-02-05
Check: R code for possible problems
Result: NOTE
    klin.solve : <anonymous>: no visible global function definition for
     ‘is’
Flavors: r-devel-linux-x86_64-debian-gcc, r-devel-windows-ix86+x86_64