CRAN Package Check Results for Package klin

Last updated on 2016-07-27 21:51:38.

Flavor Version Tinstall Tcheck Ttotal Status Flags
r-devel-linux-x86_64-debian-clang 2007-02-05 2.90 31.76 34.65 NOTE
r-devel-linux-x86_64-debian-gcc 2007-02-05 2.96 32.41 35.37 NOTE
r-devel-linux-x86_64-fedora-clang 2007-02-05 65.15 NOTE
r-devel-linux-x86_64-fedora-gcc 2007-02-05 60.35 NOTE
r-devel-osx-x86_64-clang 2007-02-05 49.40 NOTE
r-devel-windows-ix86+x86_64 2007-02-05 9.00 69.00 78.00 NOTE
r-patched-linux-x86_64 2007-02-05 2.80 32.04 34.85 NOTE
r-patched-solaris-sparc 2007-02-05 362.30 NOTE
r-patched-solaris-x86 2007-02-05 82.40 NOTE
r-release-linux-x86_64 2007-02-05 2.60 31.80 34.40 NOTE
r-release-osx-x86_64-mavericks 2007-02-05 NOTE
r-release-windows-ix86+x86_64 2007-02-05 9.00 66.00 75.00 NOTE
r-oldrel-windows-ix86+x86_64 2007-02-05 10.00 69.00 79.00 OK

Check Details

Version: 2007-02-05
Check: R code for possible problems
Result: NOTE
    klin.solve : <anonymous>: no visible global function definition for
     ‘is’
    Undefined global functions or variables:
     is
    Consider adding
     importFrom("methods", "is")
    to your NAMESPACE file (and ensure that your DESCRIPTION Imports field
    contains 'methods').
Flavors: r-devel-linux-x86_64-debian-clang, r-devel-linux-x86_64-debian-gcc, r-devel-linux-x86_64-fedora-clang, r-devel-linux-x86_64-fedora-gcc, r-devel-osx-x86_64-clang, r-devel-windows-ix86+x86_64, r-patched-linux-x86_64, r-patched-solaris-sparc, r-patched-solaris-x86, r-release-linux-x86_64, r-release-osx-x86_64-mavericks, r-release-windows-ix86+x86_64