CRAN Package Check Results for Package klin

Last updated on 2017-03-26 21:47:54.

Flavor Version Tinstall Tcheck Ttotal Status Flags
r-devel-linux-x86_64-debian-clang 2007-02-05 2.14 29.00 31.14 NOTE
r-devel-linux-x86_64-debian-gcc 2007-02-05 2.21 29.57 31.78 NOTE
r-devel-linux-x86_64-fedora-clang 2007-02-05 92.11 NOTE --no-stop-on-test-error
r-devel-linux-x86_64-fedora-gcc 2007-02-05 68.83 NOTE --no-stop-on-test-error
r-devel-macos-x86_64-clang 2007-02-05 52.37 NOTE --no-stop-on-test-error
r-devel-windows-ix86+x86_64 2007-02-05 7.00 72.00 79.00 NOTE
r-patched-linux-x86_64 2007-02-05 2.20 28.26 30.46 NOTE
r-patched-solaris-sparc 2007-02-05 403.40 NOTE
r-patched-solaris-x86 2007-02-05 99.40 NOTE
r-release-linux-x86_64 2007-02-05 2.24 24.84 27.08 NOTE
r-release-osx-x86_64-mavericks 2007-02-05 NOTE
r-release-windows-ix86+x86_64 2007-02-05 8.00 50.00 58.00 NOTE
r-oldrel-windows-ix86+x86_64 2007-02-05 7.00 50.00 57.00 OK

Check Details

Version: 2007-02-05
Check: R code for possible problems
Result: NOTE
    klin.solve : <anonymous>: no visible global function definition for
     ‘is’
    Undefined global functions or variables:
     is
    Consider adding
     importFrom("methods", "is")
    to your NAMESPACE file (and ensure that your DESCRIPTION Imports field
    contains 'methods').
Flavors: r-devel-linux-x86_64-debian-clang, r-devel-linux-x86_64-debian-gcc, r-devel-windows-ix86+x86_64, r-patched-linux-x86_64, r-patched-solaris-sparc, r-patched-solaris-x86, r-release-linux-x86_64, r-release-osx-x86_64-mavericks, r-release-windows-ix86+x86_64

Version: 2007-02-05
Flags: --no-stop-on-test-error
Check: R code for possible problems
Result: NOTE
    klin.solve : <anonymous>: no visible global function definition for
     ‘is’
    Undefined global functions or variables:
     is
    Consider adding
     importFrom("methods", "is")
    to your NAMESPACE file (and ensure that your DESCRIPTION Imports field
    contains 'methods').
Flavors: r-devel-linux-x86_64-fedora-clang, r-devel-linux-x86_64-fedora-gcc, r-devel-macos-x86_64-clang