CRAN Package Check Results for Package klin

Last updated on 2016-08-26 03:47:10.

Flavor Version Tinstall Tcheck Ttotal Status Flags
r-devel-linux-x86_64-debian-clang 2007-02-05 2.48 28.20 30.68 NOTE
r-devel-linux-x86_64-debian-gcc 2007-02-05 3.37 34.84 38.21 NOTE
r-devel-linux-x86_64-fedora-clang 2007-02-05 62.70 NOTE
r-devel-linux-x86_64-fedora-gcc 2007-02-05 60.11 NOTE
r-devel-osx-x86_64-clang 2007-02-05 48.99 NOTE
r-devel-windows-ix86+x86_64 2007-02-05 8.00 51.00 59.00 NOTE
r-patched-linux-x86_64 2007-02-05 2.35 27.77 30.12 NOTE
r-patched-solaris-sparc 2007-02-05 362.30 NOTE
r-patched-solaris-x86 2007-02-05 82.80 NOTE
r-release-linux-x86_64 2007-02-05 2.43 27.98 30.41 NOTE
r-release-osx-x86_64-mavericks 2007-02-05 NOTE
r-release-windows-ix86+x86_64 2007-02-05 6.00 52.00 58.00 NOTE
r-oldrel-windows-ix86+x86_64 2007-02-05 6.00 68.00 74.00 OK

Check Details

Version: 2007-02-05
Check: R code for possible problems
Result: NOTE
    klin.solve : <anonymous>: no visible global function definition for
     ‘is’
    Undefined global functions or variables:
     is
    Consider adding
     importFrom("methods", "is")
    to your NAMESPACE file (and ensure that your DESCRIPTION Imports field
    contains 'methods').
Flavors: r-devel-linux-x86_64-debian-clang, r-devel-linux-x86_64-debian-gcc, r-devel-linux-x86_64-fedora-clang, r-devel-linux-x86_64-fedora-gcc, r-devel-osx-x86_64-clang, r-devel-windows-ix86+x86_64, r-patched-linux-x86_64, r-patched-solaris-sparc, r-patched-solaris-x86, r-release-linux-x86_64, r-release-osx-x86_64-mavericks, r-release-windows-ix86+x86_64