CRAN Package Check Results for Package infoDecompuTE

Last updated on 2014-07-21 14:48:29.

Flavor Version Tinstall Tcheck Ttotal Status Flags
r-devel-linux-x86_64-debian-clang 0.5.1 0.76 13.45 14.22 NOTE
r-devel-linux-x86_64-debian-gcc 0.5.1 0.82 14.39 15.21 NOTE
r-devel-linux-x86_64-fedora-clang 0.5.1 28.97 NOTE
r-devel-linux-x86_64-fedora-gcc 0.5.1 27.87 NOTE
r-devel-osx-x86_64-clang 0.5.1 31.57 NOTE
r-devel-windows-ix86+x86_64 0.5.1 3.00 22.00 25.00 NOTE
r-patched-linux-x86_64 0.5.1 0.74 13.32 14.06 NOTE
r-patched-solaris-sparc 0.5.1 161.50 NOTE
r-patched-solaris-x86 0.5.1 38.50 NOTE
r-release-linux-ix86 0.5.1 1.24 19.98 21.22 NOTE
r-release-linux-x86_64 0.5.1 0.81 13.59 14.40 NOTE
r-release-osx-x86_64-mavericks 0.5.1 NOTE
r-release-osx-x86_64-snowleopard 0.5.1 OK
r-release-windows-ix86+x86_64 0.5.1 3.00 23.00 26.00 NOTE
r-oldrel-windows-ix86+x86_64 0.5.1 3.00 22.00 25.00 NOTE

Check Details

Version: 0.5.1
Check: dependencies in R code
Result: NOTE
    Package in Depends field not imported from: ‘MASS’
     These packages need to be imported from (in the NAMESPACE file)
     for when this namespace is loaded but not attached.
    See the information on DESCRIPTION files in the chapter ‘Creating R
    packages’ of the ‘Writing R Extensions’ manual.
Flavors: r-devel-linux-x86_64-debian-clang, r-devel-linux-x86_64-debian-gcc, r-devel-linux-x86_64-fedora-clang, r-devel-linux-x86_64-fedora-gcc, r-devel-osx-x86_64-clang, r-devel-windows-ix86+x86_64, r-patched-linux-x86_64, r-patched-solaris-sparc, r-patched-solaris-x86, r-release-linux-ix86, r-release-linux-x86_64, r-release-osx-x86_64-mavericks, r-release-windows-ix86+x86_64, r-oldrel-windows-ix86+x86_64

Version: 0.5.1
Check: Rd line widths
Result: NOTE
    Rd file 'getVMat.twoPhase.Rd':
     \examples lines wider than 100 characters:
     rT1 = terms(as.formula(paste("~", blk.str1, sep = "")), keep.order = TRUE) #random terms phase 1
     rT2 = terms(as.formula(paste("~", blk.str2, sep = "")), keep.order = TRUE) #random terms phase 2
    
    Rd file 'makeBlockProjectors.Rd':
     \usage lines wider than 90 characters:
     makeBlockProjectors(BlkDesignMatrixList, initial = diag(nrow(BlkDesignMatrixList[[1]])) - mK(nrow(BlkDesignMatrixList[[1]])))
    
    Rd file 'makeTreatProjectors.Rd':
     \examples lines wider than 100 characters:
     T = makeTreatProjectors(design1, trtTerm, effectsMatrix, trt.contr = NA , contr.matrix = TRUE)
    
    Rd file 'summaryAovTwoPhase.Rd':
     \examples lines wider than 100 characters:
     trt.str = "Trt + Tag", latex = TRUE, fixed.names = c("\\tau", "\\gamma"))
    
    These lines will be truncated in the PDF manual.
Flavors: r-devel-linux-x86_64-fedora-clang, r-devel-linux-x86_64-fedora-gcc