CRAN Package Check Results for Package gputools

Last updated on 2017-08-14 18:46:22.

Flavor Version Tinstall Tcheck Ttotal Status Flags
r-devel-linux-x86_64-debian-clang 1.1 0.77 13.93 14.69 WARN --install=fake
r-devel-linux-x86_64-debian-gcc 1.1 WARN --install=fake
r-devel-linux-x86_64-fedora-clang 1.1 23.13 WARN --install=fake
r-devel-linux-x86_64-fedora-gcc 1.1 21.85 WARN --install=fake
r-patched-linux-x86_64 1.1 0.78 13.96 14.74 WARN --install=fake
r-release-linux-x86_64 1.1 0.87 13.88 14.75 OK --install=fake
r-release-osx-x86_64 1.1 ERROR
r-oldrel-windows-ix86+x86_64 1.0 1.00 2.00 3.00 ERROR
r-oldrel-osx-x86_64 1.1 ERROR

Check Details

Version: 1.1
Flags: --install=fake
Check: line endings in shell scripts
Result: WARN
    Found the following shell script(s) with CR or CRLF line endings:
     configure
    Non-Windows OSes require LF line endings.
Flavors: r-devel-linux-x86_64-debian-clang, r-devel-linux-x86_64-debian-gcc, r-devel-linux-x86_64-fedora-clang, r-devel-linux-x86_64-fedora-gcc, r-patched-linux-x86_64

Version: 1.1
Check: whether package can be installed
Result: ERROR
    Installation failed.
Flavors: r-release-osx-x86_64, r-oldrel-osx-x86_64

Version: 1.0
Check: whether package can be installed
Result: ERROR
    Installation failed.
Flavor: r-oldrel-windows-ix86+x86_64