CRAN Package Check Results for Package gputools

Last updated on 2015-03-02 16:50:06.

Flavor Version Tinstall Tcheck Ttotal Status Flags
r-devel-linux-x86_64-debian-clang 0.28 0.78 12.00 12.78 WARN --install=fake
r-devel-linux-x86_64-debian-gcc 0.28 0.70 12.00 12.69 WARN --install=fake
r-devel-linux-x86_64-fedora-clang 0.28 23.70 WARN --install=fake
r-devel-linux-x86_64-fedora-gcc 0.28 23.87 WARN --install=fake
r-patched-linux-x86_64 0.28 0.78 12.89 13.67 WARN --install=fake
r-release-linux-ix86 0.28 1.09 18.99 20.08 OK --install=fake
r-release-linux-x86_64 0.28 0.79 12.82 13.60 OK --install=fake
r-release-osx-x86_64-mavericks 0.28 ERROR
r-release-osx-x86_64-snowleopard 0.28 ERROR

Check Details

Version: 0.28
Flags: --install=fake
Check: for GNU extensions in Makefiles
Result: WARN
    Found the following file(s) containing GNU extensions:
     src/Makefile
    Portable Makefiles do not use GNU extensions such as +=, :=, $(shell),
    $(wildcard), ifeq ... endif. See section ‘Writing portable packages’ in
    the ‘Writing R Extensions’ manual.
Flavors: r-devel-linux-x86_64-debian-clang, r-devel-linux-x86_64-debian-gcc, r-devel-linux-x86_64-fedora-clang, r-devel-linux-x86_64-fedora-gcc, r-patched-linux-x86_64

Version: 0.28
Check: whether package can be installed
Result: ERROR
    Installation failed.
Flavors: r-release-osx-x86_64-mavericks, r-release-osx-x86_64-snowleopard