CRAN Package Check Results for Package gputools

Last updated on 2014-09-16 11:49:16.

Flavor Version Tinstall Tcheck Ttotal Status Flags
r-devel-linux-x86_64-debian-clang 0.28 0.73 12.55 13.28 OK --install=fake
r-devel-linux-x86_64-debian-gcc 0.28 0.71 12.12 12.83 OK --install=fake
r-devel-linux-x86_64-fedora-clang 0.28 23.91 OK --install=fake
r-devel-linux-x86_64-fedora-gcc 0.28 22.41 OK --install=fake
r-patched-linux-x86_64 0.28 0.76 12.06 12.81 OK --install=fake
r-release-linux-ix86 0.28 1.11 18.70 19.81 OK --install=fake
r-release-linux-x86_64 0.28 0.78 12.62 13.40 OK --install=fake
r-release-osx-x86_64-mavericks 0.28 ERROR
r-release-osx-x86_64-snowleopard 0.28 ERROR

Check Details

Version: 0.28
Check: whether package can be installed
Result: ERROR
    Installation failed.
Flavors: r-release-osx-x86_64-mavericks, r-release-osx-x86_64-snowleopard