CRAN Package Check Results for Package gputools

Last updated on 2017-02-24 23:52:30.

Flavor Version Tinstall Tcheck Ttotal Status Flags
r-devel-linux-x86_64-debian-clang 1.1 0.76 14.13 14.89 OK --install=fake
r-devel-linux-x86_64-debian-gcc 1.1 0.87 14.03 14.91 OK --install=fake
r-devel-linux-x86_64-fedora-clang 1.1 23.32 OK --install=fake --no-stop-on-test-error
r-devel-linux-x86_64-fedora-gcc 1.1 21.62 OK --install=fake --no-stop-on-test-error
r-patched-linux-x86_64 1.1 0.76 12.16 12.92 OK --install=fake
r-release-linux-x86_64 1.1 0.75 12.09 12.84 OK --install=fake
r-release-osx-x86_64-mavericks 1.1 ERROR
r-release-windows-ix86+x86_64 1.0 1.00 2.00 3.00 ERROR

Check Details

Version: 1.1
Check: whether package can be installed
Result: ERROR
    Installation failed.
Flavor: r-release-osx-x86_64-mavericks

Version: 1.0
Check: whether package can be installed
Result: ERROR
    Installation failed.
Flavor: r-release-windows-ix86+x86_64