CRAN Package Check Results for Package gputools

Last updated on 2016-09-26 12:47:03.

Flavor Version Tinstall Tcheck Ttotal Status Flags
r-devel-linux-x86_64-debian-clang 1.0 0.73 12.60 13.33 OK --install=fake
r-devel-linux-x86_64-debian-gcc 1.0 0.73 12.59 13.33 OK --install=fake
r-devel-linux-x86_64-fedora-clang 1.0 21.04 OK --install=fake
r-devel-linux-x86_64-fedora-gcc 1.0 20.32 OK --install=fake
r-patched-linux-x86_64 1.0 0.80 12.23 13.03 OK --install=fake
r-release-linux-x86_64 1.0 0.80 12.32 13.13 OK --install=fake
r-release-osx-x86_64-mavericks 1.0 ERROR
r-release-windows-ix86+x86_64 1.0 1.00 2.00 3.00 ERROR

Check Details

Version: 1.0
Check: whether package can be installed
Result: ERROR
    Installation failed.
Flavors: r-release-osx-x86_64-mavericks, r-release-windows-ix86+x86_64