CRAN Package Check Results for Package gputools

Last updated on 2015-06-02 21:46:24.

Flavor Version Tinstall Tcheck Ttotal Status Flags
r-devel-linux-x86_64-debian-clang 0.28 0.99 11.99 12.98 WARN --install=fake
r-devel-linux-x86_64-debian-gcc 0.28 0.70 12.14 12.84 WARN --install=fake
r-devel-linux-x86_64-fedora-clang 0.28 22.89 WARN --install=fake
r-devel-linux-x86_64-fedora-gcc 0.28 21.61 WARN --install=fake
r-patched-linux-x86_64 0.28 0.77 12.37 13.14 WARN --install=fake
r-release-linux-x86_64 0.28 0.71 12.16 12.87 WARN --install=fake
r-release-osx-x86_64-mavericks 0.28 ERROR

Check Details

Version: 0.28
Flags: --install=fake
Check: for GNU extensions in Makefiles
Result: WARN
    Found the following file(s) containing GNU extensions:
     src/Makefile
    Portable Makefiles do not use GNU extensions such as +=, :=, $(shell),
    $(wildcard), ifeq ... endif. See section ‘Writing portable packages’ in
    the ‘Writing R Extensions’ manual.
Flavors: r-devel-linux-x86_64-debian-clang, r-devel-linux-x86_64-debian-gcc, r-devel-linux-x86_64-fedora-clang, r-devel-linux-x86_64-fedora-gcc, r-patched-linux-x86_64, r-release-linux-x86_64

Version: 0.28
Check: whether package can be installed
Result: ERROR
    Installation failed.
Flavor: r-release-osx-x86_64-mavericks