CRAN Package Check Results for Package gputools

Last updated on 2014-12-18 17:51:30.

Flavor Version Tinstall Tcheck Ttotal Status Flags
r-devel-linux-x86_64-debian-clang 0.28 1.11 12.78 13.89 OK --install=fake
r-devel-linux-x86_64-debian-gcc 0.28 0.73 12.46 13.18 OK --install=fake
r-devel-linux-x86_64-fedora-clang 0.28 26.50 OK --install=fake
r-devel-linux-x86_64-fedora-gcc 0.28 24.48 OK --install=fake
r-patched-linux-x86_64 0.28 0.84 13.13 13.97 OK --install=fake
r-release-linux-ix86 0.28 1.11 18.22 19.33 OK --install=fake
r-release-linux-x86_64 0.28 0.78 12.52 13.30 OK --install=fake
r-release-osx-x86_64-mavericks 0.28 ERROR
r-release-osx-x86_64-snowleopard 0.28 ERROR

Check Details

Version: 0.28
Check: whether package can be installed
Result: ERROR
    Installation failed.
Flavors: r-release-osx-x86_64-mavericks, r-release-osx-x86_64-snowleopard