CRAN Package Check Results for Package gputools

Last updated on 2014-08-11 15:49:32.

Flavor Version Tinstall Tcheck Ttotal Status Flags
r-devel-linux-x86_64-debian-clang 0.28 0.84 13.34 14.18 OK --install=fake
r-devel-linux-x86_64-debian-gcc 0.28 0.74 11.92 12.66 OK --install=fake
r-devel-linux-x86_64-fedora-clang 0.28 24.38 OK --install=fake
r-devel-linux-x86_64-fedora-gcc 0.28 22.91 OK --install=fake
r-patched-linux-x86_64 0.28 0.83 12.42 13.25 OK --install=fake
r-release-linux-ix86 0.28 1.09 18.09 19.18 OK --install=fake
r-release-linux-x86_64 0.28 0.78 12.70 13.48 OK --install=fake
r-release-osx-x86_64-mavericks 0.28 ERROR
r-release-osx-x86_64-snowleopard 0.28 ERROR

Check Details

Version: 0.28
Check: whether package can be installed
Result: ERROR
    Installation failed.
Flavors: r-release-osx-x86_64-mavericks, r-release-osx-x86_64-snowleopard