CRAN Package Check Results for Package gputools

Last updated on 2017-12-14 09:47:14 CET.

Flavor Version Tinstall Tcheck Ttotal Status Flags
r-devel-linux-x86_64-debian-clang 1.1 0.92 15.80 16.72 FAIL --install=fake
r-devel-linux-x86_64-debian-gcc 1.1 0.67 14.80 15.47 FAIL --install=fake
r-devel-linux-x86_64-fedora-clang 1.1 24.83 WARN --install=fake
r-devel-linux-x86_64-fedora-gcc 1.1 23.85 WARN --install=fake
r-patched-linux-x86_64 1.1 0.95 20.38 21.33 WARN --install=fake
r-release-linux-x86_64 1.1 1.02 21.89 22.91 WARN --install=fake
r-release-osx-x86_64 1.1 ERROR
r-oldrel-windows-ix86+x86_64 1.0 1.00 2.00 3.00 ERROR
r-oldrel-osx-x86_64 1.1 ERROR

Check Details

Version: 1.1
Flags: --install=fake
Check: line endings in shell scripts
Result: WARN
    Found the following shell script(s) with CR or CRLF line endings:
     configure
    Non-Windows OSes require LF line endings.
Flavors: r-devel-linux-x86_64-debian-clang, r-devel-linux-x86_64-debian-gcc, r-devel-linux-x86_64-fedora-clang, r-devel-linux-x86_64-fedora-gcc, r-patched-linux-x86_64, r-release-linux-x86_64

Version: 1.1
Flags: --install=fake
Check: pragmas in C/C++ headers and code
Result: FAIL
    
Flavors: r-devel-linux-x86_64-debian-clang, r-devel-linux-x86_64-debian-gcc

Version: 1.1
Check: whether package can be installed
Result: ERROR
    Installation failed.
Flavors: r-release-osx-x86_64, r-oldrel-osx-x86_64

Version: 1.0
Check: whether package can be installed
Result: ERROR
    Installation failed.
Flavor: r-oldrel-windows-ix86+x86_64