CRAN Package Check Results for Package gptk

Last updated on 2014-11-23 17:49:28.

Flavor Version Tinstall Tcheck Ttotal Status Flags
r-devel-linux-x86_64-debian-clang 1.08 5.25 64.44 69.69 NOTE
r-devel-linux-x86_64-debian-gcc 1.08 5.05 62.24 67.30 NOTE
r-devel-linux-x86_64-fedora-clang 1.08 161.06 NOTE
r-devel-linux-x86_64-fedora-gcc 1.08 154.02 NOTE
r-devel-osx-x86_64-clang 1.08 131.98 NOTE
r-devel-windows-ix86+x86_64 1.08 12.00 88.00 100.00 NOTE
r-patched-linux-x86_64 1.08 5.38 66.28 71.66 NOTE
r-patched-solaris-sparc 1.08 900.90 NOTE
r-patched-solaris-x86 1.08 199.40 NOTE
r-release-linux-ix86 1.08 6.20 76.55 82.75 NOTE
r-release-linux-x86_64 1.08 5.39 66.22 71.61 NOTE
r-release-osx-x86_64-mavericks 1.08 OK
r-release-osx-x86_64-snowleopard 1.08 OK
r-release-windows-ix86+x86_64 1.08 15.00 93.00 108.00 NOTE
r-oldrel-windows-ix86+x86_64 1.08 14.00 87.00 101.00 OK

Check Details

Version: 1.08
Check: R code for possible problems
Result: NOTE
    gpCovGrads: no visible global function definition for ‘diag.spam’
    gpUpdateAD: no visible global function definition for ‘diag.spam’
    gpUpdateKernels: no visible global function definition for ‘diag.spam’
Flavors: r-devel-linux-x86_64-debian-clang, r-devel-linux-x86_64-debian-gcc, r-devel-linux-x86_64-fedora-clang, r-devel-linux-x86_64-fedora-gcc, r-devel-osx-x86_64-clang, r-devel-windows-ix86+x86_64, r-patched-linux-x86_64, r-patched-solaris-sparc, r-patched-solaris-x86, r-release-linux-ix86, r-release-linux-x86_64, r-release-windows-ix86+x86_64