CRAN Package Check Results for Package gptk

Last updated on 2014-08-31 17:48:16.

Flavor Version Tinstall Tcheck Ttotal Status Flags
r-devel-linux-x86_64-debian-clang 1.08 4.90 61.02 65.92 NOTE
r-devel-linux-x86_64-debian-gcc 1.08 4.71 60.18 64.89 NOTE
r-devel-linux-x86_64-fedora-clang 1.08 157.07 NOTE
r-devel-linux-x86_64-fedora-gcc 1.08 148.32 NOTE
r-devel-osx-x86_64-clang 1.08 116.84 NOTE
r-devel-windows-ix86+x86_64 1.08 13.00 82.00 95.00 NOTE
r-patched-linux-x86_64 1.08 4.98 65.54 70.51 OK
r-patched-solaris-sparc 1.08 853.30 OK
r-patched-solaris-x86 1.08 195.50 OK
r-release-linux-ix86 1.08 5.99 75.80 81.78 OK
r-release-linux-x86_64 1.08 5.10 63.19 68.28 OK
r-release-osx-x86_64-mavericks 1.08 OK
r-release-osx-x86_64-snowleopard 1.08 OK
r-release-windows-ix86+x86_64 1.08 14.00 91.00 105.00 OK
r-oldrel-windows-ix86+x86_64 1.08 13.00 76.00 89.00 OK

Check Details

Version: 1.08
Check: R code for possible problems
Result: NOTE
    gpCovGrads: no visible global function definition for ‘diag.spam’
    gpUpdateAD: no visible global function definition for ‘diag.spam’
    gpUpdateKernels: no visible global function definition for ‘diag.spam’
Flavors: r-devel-linux-x86_64-debian-clang, r-devel-linux-x86_64-debian-gcc, r-devel-linux-x86_64-fedora-clang, r-devel-linux-x86_64-fedora-gcc, r-devel-osx-x86_64-clang, r-devel-windows-ix86+x86_64