CRAN Package Check Results for Package gptk

Last updated on 2015-01-27 16:48:24.

Flavor Version Tinstall Tcheck Ttotal Status Flags
r-devel-linux-x86_64-debian-clang 1.08 5.06 60.97 66.03 NOTE
r-devel-linux-x86_64-debian-gcc 1.08 4.80 57.88 62.68 NOTE
r-devel-linux-x86_64-fedora-clang 1.08 162.16 NOTE
r-devel-linux-x86_64-fedora-gcc 1.08 153.08 NOTE
r-devel-osx-x86_64-clang 1.08 130.98 NOTE
r-devel-windows-ix86+x86_64 1.08 15.00 75.00 90.00 NOTE
r-patched-linux-x86_64 1.08 5.44 66.51 71.95 NOTE
r-patched-solaris-sparc 1.08 888.40 NOTE
r-patched-solaris-x86 1.08 202.70 NOTE
r-release-linux-ix86 1.08 6.28 76.74 83.02 NOTE
r-release-linux-x86_64 1.08 5.48 66.58 72.06 NOTE
r-release-osx-x86_64-mavericks 1.08 NOTE
r-release-osx-x86_64-snowleopard 1.08 OK
r-release-windows-ix86+x86_64 1.08 16.00 104.00 120.00 NOTE
r-oldrel-windows-ix86+x86_64 1.08 19.00 123.00 142.00 OK

Check Details

Version: 1.08
Check: R code for possible problems
Result: NOTE
    gpCovGrads: no visible global function definition for ‘diag.spam’
    gpUpdateAD: no visible global function definition for ‘diag.spam’
    gpUpdateKernels: no visible global function definition for ‘diag.spam’
Flavors: r-devel-linux-x86_64-debian-clang, r-devel-linux-x86_64-debian-gcc, r-devel-linux-x86_64-fedora-clang, r-devel-linux-x86_64-fedora-gcc, r-devel-osx-x86_64-clang, r-devel-windows-ix86+x86_64, r-patched-linux-x86_64, r-patched-solaris-sparc, r-patched-solaris-x86, r-release-linux-ix86, r-release-linux-x86_64, r-release-osx-x86_64-mavericks, r-release-windows-ix86+x86_64