CRAN Package Check Results for Package gptk

Last updated on 2015-04-20 18:57:45.

Flavor Version Tinstall Tcheck Ttotal Status Flags
r-devel-linux-x86_64-debian-clang 1.08 4.16 53.71 57.88 NOTE
r-devel-linux-x86_64-debian-gcc 1.08 4.42 52.50 56.92 NOTE
r-devel-linux-x86_64-fedora-clang 1.08 118.66 NOTE
r-devel-linux-x86_64-fedora-gcc 1.08 113.27 NOTE
r-devel-osx-x86_64-clang 1.08 96.80 NOTE
r-devel-windows-ix86+x86_64 1.08 15.00 70.00 85.00 NOTE
r-patched-linux-x86_64 1.08 4.04 53.59 57.62 NOTE
r-patched-solaris-sparc 1.08 679.90 NOTE
r-patched-solaris-x86 1.08 146.30 NOTE
r-release-linux-x86_64 1.08 4.07 52.31 56.38 NOTE
r-release-osx-x86_64-mavericks 1.08 NOTE
r-release-osx-x86_64-snowleopard 1.08 ERROR
r-release-windows-ix86+x86_64 1.08 11.00 74.00 85.00 NOTE
r-oldrel-windows-ix86+x86_64 1.08 15.00 112.00 127.00 NOTE

Check Details

Version: 1.08
Check: R code for possible problems
Result: NOTE
    gpCovGrads: no visible global function definition for ‘diag.spam’
    gpUpdateAD: no visible global function definition for ‘diag.spam’
    gpUpdateKernels: no visible global function definition for ‘diag.spam’
Flavors: r-devel-linux-x86_64-debian-clang, r-devel-linux-x86_64-debian-gcc, r-devel-linux-x86_64-fedora-clang, r-devel-linux-x86_64-fedora-gcc, r-devel-osx-x86_64-clang, r-devel-windows-ix86+x86_64, r-patched-linux-x86_64, r-patched-solaris-sparc, r-patched-solaris-x86, r-release-linux-x86_64, r-release-osx-x86_64-mavericks, r-release-windows-ix86+x86_64, r-oldrel-windows-ix86+x86_64

Version: 1.08
Check: package dependencies
Result: ERROR
    Package required but not available: ‘fields’
    
    Package suggested but not available for checking: ‘spam’
    
    See section ‘The DESCRIPTION file’ in the ‘Writing R Extensions’
    manual.
Flavor: r-release-osx-x86_64-snowleopard