CRAN Package Check Results for Package ggplot2

Last updated on 2015-01-26 17:47:41.

Flavor Version Tinstall Tcheck Ttotal Status Flags
r-devel-linux-x86_64-debian-clang 1.0.0 4.52 111.68 116.20 WARN
r-devel-linux-x86_64-debian-gcc 1.0.0 4.40 110.38 114.79 WARN
r-devel-linux-x86_64-fedora-clang 1.0.0 238.11 WARN
r-devel-linux-x86_64-fedora-gcc 1.0.0 226.96 WARN
r-devel-osx-x86_64-clang 1.0.0 198.70 WARN
r-devel-windows-ix86+x86_64 1.0.0 19.00 178.00 197.00 WARN
r-patched-linux-x86_64 1.0.0 5.16 122.69 127.84 WARN
r-patched-solaris-sparc 1.0.0 1389.90 WARN
r-patched-solaris-x86 1.0.0 288.10 WARN
r-release-linux-ix86 1.0.0 6.52 135.07 141.60 NOTE
r-release-linux-x86_64 1.0.0 5.44 119.01 124.44 NOTE
r-release-osx-x86_64-mavericks 1.0.0 WARN
r-release-osx-x86_64-snowleopard 1.0.0 OK
r-release-windows-ix86+x86_64 1.0.0 13.00 189.00 202.00 NOTE
r-oldrel-windows-ix86+x86_64 1.0.0 19.00 269.00 288.00 OK

Check Details

Version: 1.0.0
Check: R code for possible problems
Result: NOTE
    fortify.SpatialPolygonsDataFrame: no visible global function definition
     for ‘unionSpatialPolygons’
    hexBin: no visible global function definition for ‘hexbin’
    hexBin: no visible global function definition for ‘hcell2xy’
    hexGrob: no visible global function definition for ‘hexcoords’
    mproject: no visible global function definition for ‘mapproject’
Flavors: r-devel-linux-x86_64-debian-clang, r-devel-linux-x86_64-debian-gcc, r-devel-linux-x86_64-fedora-clang, r-devel-linux-x86_64-fedora-gcc, r-devel-osx-x86_64-clang, r-devel-windows-ix86+x86_64, r-patched-linux-x86_64, r-patched-solaris-sparc, r-patched-solaris-x86, r-release-linux-ix86, r-release-linux-x86_64, r-release-osx-x86_64-mavericks, r-release-windows-ix86+x86_64

Version: 1.0.0
Check: for unstated dependencies in examples
Result: WARN
    'library' or 'require' calls not declared from:
     ‘gridExtra’ ‘igraph’ ‘lattice’
    'data(package=)' call not declared from: ‘rpart’
Flavors: r-devel-linux-x86_64-debian-clang, r-devel-linux-x86_64-debian-gcc, r-devel-linux-x86_64-fedora-clang, r-devel-linux-x86_64-fedora-gcc, r-devel-osx-x86_64-clang, r-devel-windows-ix86+x86_64, r-patched-linux-x86_64, r-patched-solaris-sparc, r-patched-solaris-x86, r-release-osx-x86_64-mavericks