CRAN Package Check Results for Package ggplot2

Last updated on 2017-08-19 06:48:41.

Flavor Version Tinstall Tcheck Ttotal Status Flags
r-devel-linux-x86_64-debian-clang 2.2.1 3.84 184.92 188.76 OK
r-devel-linux-x86_64-debian-gcc 2.2.1 3.90 169.00 172.90 OK
r-devel-linux-x86_64-fedora-clang 2.2.1 329.93 NOTE
r-devel-linux-x86_64-fedora-gcc 2.2.1 327.79 NOTE
r-devel-windows-ix86+x86_64 2.2.1 19.00 266.00 285.00 OK
r-patched-linux-x86_64 2.2.1 4.18 182.35 186.52 OK
r-patched-solaris-x86 2.2.1 412.20 ERROR
r-release-linux-x86_64 2.2.1 4.16 187.35 191.50 OK
r-release-windows-ix86+x86_64 2.2.1 23.00 298.00 321.00 OK
r-release-osx-x86_64 2.2.1 NOTE
r-oldrel-windows-ix86+x86_64 2.2.1 13.00 261.00 274.00 OK
r-oldrel-osx-x86_64 2.2.1 NOTE

Check Details

Version: 2.2.1
Check: dependencies in R code
Result: NOTE
    Namespace in Imports field not imported from: ‘reshape2’
     All declared Imports should be used.
Flavors: r-devel-linux-x86_64-fedora-clang, r-devel-linux-x86_64-fedora-gcc, r-patched-solaris-x86, r-release-osx-x86_64, r-oldrel-osx-x86_64

Version: 2.2.1
Check: tests
Result: ERROR
     Running ‘testthat.R’ [32s/33s]
    Running the tests in ‘tests/testthat.R’ failed.
    Complete output:
     > library(testthat)
     > library(ggplot2)
     >
     > test_check("ggplot2")
     1. Failure: inherits timezone from data (@test-scale-date.R#18) ----------------
     sc$timezone not equal to NULL.
     Types not compatible: character vs NULL
    
    
     testthat results ================================================================
     OK: 804 SKIPPED: 0 FAILED: 1
     1. Failure: inherits timezone from data (@test-scale-date.R#18)
    
     Error: testthat unit tests failed
     Execution halted
Flavor: r-patched-solaris-x86