CRAN Package Check Results for Package ggplot2

Last updated on 2015-07-27 17:47:57.

Flavor Version Tinstall Tcheck Ttotal Status Flags
r-devel-linux-x86_64-debian-clang 1.0.1 4.34 104.87 109.20 NOTE
r-devel-linux-x86_64-debian-gcc 1.0.1 4.63 100.06 104.69 NOTE
r-devel-linux-x86_64-fedora-clang 1.0.1 209.99 NOTE
r-devel-linux-x86_64-fedora-gcc 1.0.1 199.76 NOTE
r-devel-osx-x86_64-clang 1.0.1 161.78 OK
r-devel-windows-ix86+x86_64 1.0.1 22.00 172.00 194.00 NOTE
r-patched-linux-x86_64 1.0.1 4.21 99.78 103.99 OK
r-patched-solaris-sparc 1.0.1 1231.50 OK
r-patched-solaris-x86 1.0.1 251.00 OK
r-release-linux-x86_64 1.0.1 4.29 101.11 105.40 OK
r-release-osx-x86_64-mavericks 1.0.1 NOTE
r-release-windows-ix86+x86_64 1.0.1 21.00 162.00 183.00 OK
r-oldrel-windows-ix86+x86_64 1.0.1 20.00 188.00 208.00 OK

Check Details

Version: 1.0.1
Check: R code for possible problems
Result: NOTE
    Scales: no visible global function definition for ‘new’
    aesdefaults: no visible global function definition for ‘modifyList’
    annotation_raster: no visible global function definition for
     ‘as.raster’
    bin: no visible global function definition for ‘na.omit’
    breaks: no visible global function definition for ‘quantile’
    calculate_ellipse: no visible global function definition for ‘cov.wt’
    calculate_ellipse: no visible global function definition for ‘qf’
    contour_lines: no visible global function definition for ‘contourLines’
    coord_range.polar: no visible global function definition for ‘setNames’
    densitybin: no visible global function definition for ‘na.omit’
    element_grob.element_line: no visible global function definition for
     ‘modifyList’
    element_grob.element_rect: no visible global function definition for
     ‘modifyList’
    element_grob.element_text: no visible global function definition for
     ‘modifyList’
    facet_grid: no visible global function definition for ‘as.formula’
    flip_labels: no visible global function definition for ‘setNames’
    fortify.glht: no visible global function definition for ‘coef’
    fortify.lm: no visible global function definition for ‘influence’
    fortify.lm: no visible global function definition for ‘cooks.distance’
    fortify.lm: no visible global function definition for ‘predict’
    fortify.lm: no visible global function definition for ‘resid’
    fortify.lm: no visible global function definition for ‘rstandard’
    fortify.map: no visible global function definition for ‘complete.cases’
    gg_dep: no visible global function definition for ‘packageVersion’
    ggsave: no visible global function definition for ‘par’
    ggsave: no visible global function definition for ‘capture.output’
    ggsave: no visible global function definition for ‘dev.off’
    guide_gengrob.legend: no visible global function definition for ‘head’
    guide_gengrob.legend: no visible binding for global variable ‘C’
    is.constant : <anonymous>: no visible global function definition for
     ‘asOneSidedFormula’
    mean_se: no visible global function definition for ‘na.omit’
    mean_se: no visible global function definition for ‘var’
    predictdf.glm: no visible global function definition for ‘qnorm’
    predictdf.locfit: no visible global function definition for ‘predict’
    predictdf.loess: no visible global function definition for ‘qt’
    print.element: no visible global function definition for ‘str’
    print.theme: no visible global function definition for ‘str’
    print.uneval: no visible global function definition for ‘str’
    quant_pred: no visible global function definition for ‘predict’
    remove_missing: no visible global function definition for
     ‘complete.cases’
    stat_qq: no visible binding for global variable ‘qnorm’
    str.uneval: no visible global function definition for ‘str’
    update_element: no visible global function definition for ‘modifyList’
    Undefined global functions or variables:
     C as.formula as.raster asOneSidedFormula capture.output coef
     complete.cases contourLines cooks.distance cov.wt dev.off head
     influence modifyList na.omit new packageVersion par predict qf qnorm
     qt quantile resid rstandard setNames str var
    Consider adding
     importFrom("grDevices", "as.raster", "contourLines", "dev.off")
     importFrom("graphics", "par")
     importFrom("methods", "new")
     importFrom("stats", "C", "as.formula", "asOneSidedFormula", "coef",
     "complete.cases", "cooks.distance", "cov.wt", "influence",
     "na.omit", "predict", "qf", "qnorm", "qt", "quantile",
     "resid", "rstandard", "setNames", "var")
     importFrom("utils", "capture.output", "head", "modifyList",
     "packageVersion", "str")
    to your NAMESPACE.
Flavors: r-devel-linux-x86_64-debian-clang, r-devel-linux-x86_64-debian-gcc, r-devel-linux-x86_64-fedora-clang, r-devel-linux-x86_64-fedora-gcc, r-devel-windows-ix86+x86_64

Version: 1.0.1
Check: package dependencies
Result: NOTE
    Packages suggested but not available for checking: ‘Hmisc’ ‘multcomp’
Flavor: r-release-osx-x86_64-mavericks

Version: 1.0.1
Check: Rd cross-references
Result: NOTE
    Packages unavailable to check Rd xrefs: ‘multcomp’, ‘Hmisc’
Flavor: r-release-osx-x86_64-mavericks