CRAN Package Check Results for Package ggplot2

Last updated on 2017-01-15 16:48:37.

Flavor Version Tinstall Tcheck Ttotal Status Flags
r-devel-linux-x86_64-debian-clang 2.2.1 4.22 183.23 187.44 OK
r-devel-linux-x86_64-debian-gcc 2.2.1 4.39 172.78 177.17 OK
r-devel-linux-x86_64-fedora-clang 2.2.1 349.00 NOTE --no-stop-on-test-error
r-devel-linux-x86_64-fedora-gcc 2.2.1 338.22 NOTE --no-stop-on-test-error
r-devel-macos-x86_64-clang 2.2.1 269.84 NOTE --no-stop-on-test-error
r-devel-windows-ix86+x86_64 2.2.1 19.00 313.00 332.00 OK
r-patched-linux-x86_64 2.2.1 3.71 169.24 172.95 OK
r-patched-solaris-sparc 2.2.1 1861.60 ERROR
r-patched-solaris-x86 2.2.1 360.00 ERROR
r-release-linux-x86_64 2.2.1 3.67 164.66 168.33 OK
r-release-osx-x86_64-mavericks 2.2.1 NOTE
r-release-windows-ix86+x86_64 2.2.1 11.00 295.00 306.00 OK
r-oldrel-windows-ix86+x86_64 2.2.1 11.00 273.00 284.00 WARN

Check Details

Version: 2.2.1
Flags: --no-stop-on-test-error
Check: dependencies in R code
Result: NOTE
    Namespace in Imports field not imported from: ‘reshape2’
     All declared Imports should be used.
Flavors: r-devel-linux-x86_64-fedora-clang, r-devel-linux-x86_64-fedora-gcc, r-devel-macos-x86_64-clang

Version: 2.2.1
Check: dependencies in R code
Result: NOTE
    Namespace in Imports field not imported from: ‘reshape2’
     All declared Imports should be used.
Flavors: r-patched-solaris-sparc, r-patched-solaris-x86, r-release-osx-x86_64-mavericks, r-oldrel-windows-ix86+x86_64

Version: 2.2.1
Check: tests
Result: ERROR
     Running ‘testthat.R’ [133s/133s]
    Running the tests in ‘tests/testthat.R’ failed.
    Complete output:
     > library(testthat)
     > library(ggplot2)
     >
     > test_check("ggplot2")
     1. Failure: inherits timezone from data (@test-scale-date.R#18) ----------------
     sc$timezone not equal to NULL.
     Types not compatible: character vs NULL
    
    
     testthat results ================================================================
     OK: 778 SKIPPED: 0 FAILED: 1
     1. Failure: inherits timezone from data (@test-scale-date.R#18)
    
     Error: testthat unit tests failed
     Execution halted
Flavor: r-patched-solaris-sparc

Version: 2.2.1
Check: tests
Result: ERROR
     Running ‘testthat.R’ [23s/25s]
    Running the tests in ‘tests/testthat.R’ failed.
    Complete output:
     > library(testthat)
     > library(ggplot2)
     >
     > test_check("ggplot2")
     1. Failure: inherits timezone from data (@test-scale-date.R#18) ----------------
     sc$timezone not equal to NULL.
     Types not compatible: character vs NULL
    
    
     testthat results ================================================================
     OK: 778 SKIPPED: 0 FAILED: 1
     1. Failure: inherits timezone from data (@test-scale-date.R#18)
    
     Error: testthat unit tests failed
     Execution halted
Flavor: r-patched-solaris-x86

Version: 2.2.1
Check: Rd files
Result: WARN
    prepare_Rd: geom_bar.Rd:94: unknown macro '\aesthetics'
    prepare_Rd: geom_bin2d.Rd:76: unknown macro '\aesthetics'
    prepare_Rd: geom_boxplot.Rd:110: unknown macro '\aesthetics'
    prepare_Rd: geom_contour.Rd:78: unknown macro '\aesthetics'
    prepare_Rd: geom_count.Rd:66: unknown macro '\aesthetics'
    prepare_Rd: geom_density.Rd:89: unknown macro '\aesthetics'
    prepare_Rd: geom_density_2d.Rd:82: unknown macro '\aesthetics'
    prepare_Rd: geom_dotplot.Rd:110: unknown macro '\aesthetics'
    prepare_Rd: geom_errorbarh.Rd:59: unknown macro '\aesthetics'
    prepare_Rd: geom_hex.Rd:74: unknown macro '\aesthetics'
    prepare_Rd: geom_jitter.Rd:80: unknown macro '\aesthetics'
    prepare_Rd: geom_linerange.Rd:80: unknown macro '\aesthetics'
    prepare_Rd: geom_map.Rd:60: unknown macro '\aesthetics'
    prepare_Rd: geom_path.Rd:89: unknown macro '\aesthetics'
    prepare_Rd: geom_point.Rd:90: unknown macro '\aesthetics'
    prepare_Rd: geom_polygon.Rd:62: unknown macro '\aesthetics'
    prepare_Rd: geom_qq.Rd:68: unknown macro '\aesthetics'
    prepare_Rd: geom_quantile.Rd:82: unknown macro '\aesthetics'
    prepare_Rd: geom_ribbon.Rd:74: unknown macro '\aesthetics'
    prepare_Rd: geom_rug.Rd:70: unknown macro '\aesthetics'
    prepare_Rd: geom_segment.Rd:89: unknown macro '\aesthetics'
    prepare_Rd: geom_smooth.Rd:107: unknown macro '\aesthetics'
    prepare_Rd: geom_spoke.Rd:61: unknown macro '\aesthetics'
    prepare_Rd: geom_text.Rd:91: unknown macro '\aesthetics'
    prepare_Rd: geom_tile.Rd:82: unknown macro '\aesthetics'
    prepare_Rd: geom_violin.Rd:89: unknown macro '\aesthetics'
    prepare_Rd: stat_function.Rd:68: unknown macro '\aesthetics'
    prepare_Rd: stat_summary.Rd:78: unknown macro '\aesthetics'
    prepare_Rd: stat_unique.Rd:58: unknown macro '\aesthetics'
    macros/aesthetics.Rd: Sections \title, and \name must exist and be unique in Rd files
    problem found in 'aesthetics.Rd'
Flavor: r-oldrel-windows-ix86+x86_64