CRAN Package Check Results for Package ggplot2

Last updated on 2015-03-30 17:49:03.

Flavor Version Tinstall Tcheck Ttotal Status Flags
r-devel-linux-x86_64-debian-clang 1.0.1 4.47 102.60 107.07 OK
r-devel-linux-x86_64-debian-gcc 1.0.1 4.26 109.23 113.50 OK
r-devel-linux-x86_64-fedora-clang 1.0.1 214.89 OK
r-devel-linux-x86_64-fedora-gcc 1.0.1 104.58 OK
r-devel-osx-x86_64-clang 1.0.1 195.45 OK
r-prerel-windows-ix86+x86_64 1.0.1 13.00 150.00 163.00 ERROR
r-prerel-linux-x86_64 1.0.1 4.36 102.00 106.36 OK
r-prerel-solaris-sparc 1.0.1 1108.40 OK
r-prerel-solaris-x86 1.0.1 244.90 OK
r-release-linux-x86_64 1.0.1 5.02 133.34 138.36 OK
r-release-osx-x86_64-mavericks 1.0.1 OK
r-release-osx-x86_64-snowleopard 1.0.1 OK
r-release-windows-ix86+x86_64 1.0.1 16.00 187.00 203.00 OK
r-oldrel-windows-ix86+x86_64 1.0.1 14.00 194.00 208.00 OK

Check Details

Version: 1.0.1
Check: tests
Result: ERROR
    Running the tests in 'tests/test-all.R' failed.
    Last 13 lines of output:
     geom_smooth: method="auto" and size of largest group is <1000, so using loess. Use 'method = x' to change the smoothing method.
     geom_smooth: method="auto" and size of largest group is <1000, so using loess. Use 'method = x' to change the smoothing method.
     geom_smooth: method="auto" and size of largest group is <1000, so using loess. Use 'method = x' to change the smoothing method.
     Error in predLoess(y, x, newx, s, weights, pars$robust, pars$span, pars$degree, :
     NA/NaN/Inf in foreign function call (arg 5)
     In addition: Warning message:
     In max(panels$ROW) : no non-missing arguments to max; returning -Inf
     geom_smooth: method="auto" and size of largest group is <1000, so using loess. Use 'method = x' to change the smoothing method.
     geom_smooth: method="auto" and size of largest group is <1000, so using loess. Use 'method = x' to change the smoothing method.
     geom_smooth: method="auto" and size of largest group is <1000, so using loess. Use 'method = x' to change the smoothing method.
     1
     stat-bin :
     stat-sum :
Flavor: r-prerel-windows-ix86+x86_64