CRAN Package Check Results for Package ggplot2

Last updated on 2017-05-23 18:48:21.

Flavor Version Tinstall Tcheck Ttotal Status Flags
r-devel-linux-x86_64-debian-clang 2.2.1 4.07 184.20 188.28 OK
r-devel-linux-x86_64-debian-gcc 2.2.1 4.10 180.82 184.91 OK
r-devel-linux-x86_64-fedora-clang 2.2.1 342.88 NOTE --no-stop-on-test-error
r-devel-linux-x86_64-fedora-gcc 2.2.1 326.97 NOTE --no-stop-on-test-error
r-devel-windows-ix86+x86_64 2.2.1 16.00 303.00 319.00 OK
r-patched-linux-x86_64 2.2.1 3.94 186.07 190.01 OK
r-patched-solaris-sparc 2.2.1 1898.60 ERROR
r-patched-solaris-x86 2.2.1 402.90 ERROR --no-stop-on-test-error
r-release-linux-x86_64 2.2.1 4.00 181.46 185.46 OK
r-release-windows-ix86+x86_64 2.2.1 9.00 385.00 394.00 OK
r-release-osx-x86_64 2.2.1 NOTE
r-oldrel-windows-ix86+x86_64 2.2.1 15.00 363.00 378.00 OK
r-oldrel-osx-x86_64 2.2.1 NOTE

Check Details

Version: 2.2.1
Flags: --no-stop-on-test-error
Check: dependencies in R code
Result: NOTE
    Namespace in Imports field not imported from: ‘reshape2’
     All declared Imports should be used.
Flavors: r-devel-linux-x86_64-fedora-clang, r-devel-linux-x86_64-fedora-gcc, r-patched-solaris-x86

Version: 2.2.1
Check: dependencies in R code
Result: NOTE
    Namespace in Imports field not imported from: ‘reshape2’
     All declared Imports should be used.
Flavors: r-patched-solaris-sparc, r-release-osx-x86_64, r-oldrel-osx-x86_64

Version: 2.2.1
Check: tests
Result: ERROR
     Running ‘testthat.R’ [153s/153s]
    Running the tests in ‘tests/testthat.R’ failed.
    Complete output:
     > library(testthat)
     > library(ggplot2)
     >
     > test_check("ggplot2")
     1. Failure: inherits timezone from data (@test-scale-date.R#18) ----------------
     sc$timezone not equal to NULL.
     Types not compatible: character vs NULL
    
    
     testthat results ================================================================
     OK: 804 SKIPPED: 0 FAILED: 1
     1. Failure: inherits timezone from data (@test-scale-date.R#18)
    
     Error: testthat unit tests failed
     Execution halted
Flavor: r-patched-solaris-sparc

Version: 2.2.1
Flags: --no-stop-on-test-error
Check: tests
Result: ERROR
     Running ‘testthat.R’ [31s/36s]
    Running the tests in ‘tests/testthat.R’ failed.
    Complete output:
     > library(testthat)
     > library(ggplot2)
     >
     > test_check("ggplot2")
     1. Failure: inherits timezone from data (@test-scale-date.R#18) ----------------
     sc$timezone not equal to NULL.
     Types not compatible: character vs NULL
    
    
     testthat results ================================================================
     OK: 804 SKIPPED: 0 FAILED: 1
     1. Failure: inherits timezone from data (@test-scale-date.R#18)
    
     Error: testthat unit tests failed
     Execution halted
Flavor: r-patched-solaris-x86