CRAN Package Check Results for Package futile.matrix

Last updated on 2015-02-28 17:48:36.

Flavor Version Tinstall Tcheck Ttotal Status Flags
r-devel-linux-x86_64-debian-clang 1.2.2 1.49 10.62 12.12 NOTE
r-devel-linux-x86_64-debian-gcc 1.2.2 1.42 10.45 11.87 NOTE
r-devel-linux-x86_64-fedora-clang 1.2.2 23.52 NOTE
r-devel-linux-x86_64-fedora-gcc 1.2.2 22.10 NOTE
r-devel-osx-x86_64-clang 1.2.2 26.20 NOTE
r-devel-windows-ix86+x86_64 1.2.2 6.00 18.00 24.00 NOTE
r-patched-linux-x86_64 1.2.2 1.66 13.08 14.74 OK
r-patched-solaris-sparc 1.2.2 170.60 OK
r-patched-solaris-x86 1.2.2 39.20 OK
r-release-linux-ix86 1.2.2 2.12 19.38 21.50 OK
r-release-linux-x86_64 1.2.2 1.68 14.01 15.70 OK
r-release-osx-x86_64-mavericks 1.2.2 OK
r-release-osx-x86_64-snowleopard 1.2.2 OK
r-release-windows-ix86+x86_64 1.2.2 5.00 23.00 28.00 OK
r-oldrel-windows-ix86+x86_64 1.2.2 5.00 40.00 45.00 OK

Check Details

Version: 1.2.2
Check: DESCRIPTION meta-information
Result: NOTE
    Malformed Description field: should contain one or more complete sentences.
Flavors: r-devel-linux-x86_64-debian-clang, r-devel-linux-x86_64-debian-gcc, r-devel-linux-x86_64-fedora-clang, r-devel-linux-x86_64-fedora-gcc, r-devel-osx-x86_64-clang, r-devel-windows-ix86+x86_64

Version: 1.2.2
Check: S3 generic/method consistency
Result: NOTE
    Found the following apparent S3 methods exported but not registered:
     print.Ensemble
    See section ‘Registering S3 methods’ in the ‘Writing R Extensions’
    manual.
Flavors: r-devel-linux-x86_64-debian-clang, r-devel-linux-x86_64-debian-gcc, r-devel-linux-x86_64-fedora-clang, r-devel-linux-x86_64-fedora-gcc, r-devel-osx-x86_64-clang