CRAN Package Check Results for Package futile.matrix

Last updated on 2015-07-30 17:47:11.

Flavor Version Tinstall Tcheck Ttotal Status Flags
r-devel-linux-x86_64-debian-clang 1.2.2 1.36 10.90 12.26 NOTE
r-devel-linux-x86_64-debian-gcc 1.2.2 1.36 10.32 11.68 NOTE
r-devel-linux-x86_64-fedora-clang 1.2.2 22.93 NOTE
r-devel-linux-x86_64-fedora-gcc 1.2.2 21.90 NOTE
r-devel-osx-x86_64-clang 1.2.2 20.59 NOTE
r-devel-windows-ix86+x86_64 1.2.2 6.00 21.00 27.00 NOTE
r-patched-linux-x86_64 1.2.2 1.92 10.39 12.31 NOTE
r-patched-solaris-sparc 1.2.2 147.80 NOTE
r-patched-solaris-x86 1.2.2 33.00 NOTE
r-release-linux-x86_64 1.2.2 1.42 10.58 12.00 NOTE
r-release-osx-x86_64-mavericks 1.2.2 NOTE
r-release-windows-ix86+x86_64 1.2.2 5.00 34.00 39.00 NOTE
r-oldrel-windows-ix86+x86_64 1.2.2 8.00 41.00 49.00 OK

Check Details

Version: 1.2.2
Check: DESCRIPTION meta-information
Result: NOTE
    Malformed Description field: should contain one or more complete sentences.
Flavors: r-devel-linux-x86_64-debian-clang, r-devel-linux-x86_64-debian-gcc, r-devel-linux-x86_64-fedora-clang, r-devel-linux-x86_64-fedora-gcc, r-devel-osx-x86_64-clang, r-devel-windows-ix86+x86_64, r-patched-linux-x86_64, r-patched-solaris-sparc, r-patched-solaris-x86, r-release-linux-x86_64, r-release-osx-x86_64-mavericks, r-release-windows-ix86+x86_64

Version: 1.2.2
Check: S3 generic/method consistency
Result: NOTE
    Found the following apparent S3 methods exported but not registered:
     print.Ensemble
    See section ‘Registering S3 methods’ in the ‘Writing R Extensions’
    manual.
Flavors: r-devel-linux-x86_64-debian-clang, r-devel-linux-x86_64-debian-gcc, r-devel-linux-x86_64-fedora-clang, r-devel-linux-x86_64-fedora-gcc, r-devel-osx-x86_64-clang, r-patched-linux-x86_64, r-patched-solaris-sparc, r-patched-solaris-x86, r-release-linux-x86_64

Version: 1.2.2
Check: R code for possible problems
Result: NOTE
    read.matrix: no visible global function definition for ‘read.csv’
    Undefined global functions or variables:
     read.csv
    Consider adding
     importFrom("utils", "read.csv")
    to your NAMESPACE.
Flavors: r-devel-linux-x86_64-debian-clang, r-devel-linux-x86_64-debian-gcc, r-devel-linux-x86_64-fedora-clang, r-devel-linux-x86_64-fedora-gcc, r-devel-windows-ix86+x86_64