CRAN Package Check Results for Package futile.matrix

Last updated on 2016-06-25 11:49:07.

Flavor Version Tinstall Tcheck Ttotal Status Flags
r-devel-linux-x86_64-debian-gcc 1.2.2 1.67 10.97 12.64 ERROR
r-devel-linux-x86_64-fedora-clang 1.2.2 19.71 ERROR
r-devel-linux-x86_64-fedora-gcc 1.2.2 18.20 ERROR
r-devel-osx-x86_64-clang 1.2.2 18.59 ERROR
r-devel-windows-ix86+x86_64 1.2.2 6.00 43.00 49.00 ERROR
r-patched-linux-x86_64 1.2.2 2.42 11.39 13.81 NOTE
r-patched-solaris-sparc 1.2.2 134.50 NOTE
r-patched-solaris-x86 1.2.2 29.90 NOTE
r-release-linux-x86_64 1.2.2 1.44 11.43 12.87 NOTE
r-release-osx-x86_64-mavericks 1.2.2 NOTE
r-release-windows-ix86+x86_64 1.2.2 8.00 28.00 36.00 NOTE
r-oldrel-windows-ix86+x86_64 1.2.2 8.00 37.00 45.00 NOTE

Check Details

Version: 1.2.2
Check: DESCRIPTION meta-information
Result: NOTE
    Malformed Description field: should contain one or more complete sentences.
Flavors: r-devel-linux-x86_64-debian-gcc, r-devel-linux-x86_64-fedora-clang, r-devel-linux-x86_64-fedora-gcc, r-devel-osx-x86_64-clang, r-devel-windows-ix86+x86_64, r-patched-linux-x86_64, r-patched-solaris-sparc, r-patched-solaris-x86, r-release-linux-x86_64, r-release-osx-x86_64-mavericks, r-release-windows-ix86+x86_64, r-oldrel-windows-ix86+x86_64

Version: 1.2.2
Check: S3 generic/method consistency
Result: NOTE
    Found the following apparent S3 methods exported but not registered:
     print.Ensemble
    See section ‘Registering S3 methods’ in the ‘Writing R Extensions’
    manual.
Flavors: r-devel-linux-x86_64-debian-gcc, r-devel-linux-x86_64-fedora-clang, r-devel-linux-x86_64-fedora-gcc, r-devel-osx-x86_64-clang, r-patched-linux-x86_64, r-patched-solaris-sparc, r-patched-solaris-x86, r-release-linux-x86_64

Version: 1.2.2
Check: R code for possible problems
Result: NOTE
    read.matrix: no visible global function definition for ‘read.csv’
    Undefined global functions or variables:
     read.csv
    Consider adding
     importFrom("utils", "read.csv")
    to your NAMESPACE file.
Flavors: r-devel-linux-x86_64-debian-gcc, r-devel-linux-x86_64-fedora-clang, r-devel-linux-x86_64-fedora-gcc, r-devel-osx-x86_64-clang, r-devel-windows-ix86+x86_64, r-patched-linux-x86_64, r-patched-solaris-sparc, r-patched-solaris-x86, r-release-linux-x86_64, r-release-osx-x86_64-mavericks, r-release-windows-ix86+x86_64

Version: 1.2.2
Check: examples
Result: ERROR
    Running examples in ‘futile.matrix-Ex.R’ failed
    The error most likely occurred in:
    
    > ### Name: dmatrix
    > ### Title: Analyze the eigenvalue spectrum of random matrices
    > ### Aliases: dmatrix domain cutoff fit.density RandomMatrixFilter
    > ### MaximumLikelihoodFit
    > ### Keywords: array
    >
    > ### ** Examples
    >
    > model <- WishartModel(20,50, sd=1)
    > bounds <- domain(model)
    > x <- seq(bounds[1], bounds[2], length.out=50)
    > plot(x,dmatrix(x, model))
    >
    > cutoff(rmatrix(model))
    Error in UseFunction(cutoff, "cutoff", ...) :
     No valid function for 'cutoff(matrix,eigen,RandomMatrixFilter)'
    Calls: cutoff ... UseFunction -> do.call -> <Anonymous> -> cutoff -> UseFunction
    Execution halted
Flavors: r-devel-linux-x86_64-debian-gcc, r-devel-linux-x86_64-fedora-clang, r-devel-linux-x86_64-fedora-gcc, r-devel-osx-x86_64-clang, r-devel-windows-ix86+x86_64

Version: 1.2.2
Check: tests
Result: ERROR
    Running the tests in ‘tests/doRUnit.R’ failed.
    Last 13 lines of output:
     1 Test Suite :
     futile.matrix unit testing - 5 test functions, 4 errors, 0 failures
     ERROR in test.cutoff_kernel_1: Error in UseFunction(cutoff, "cutoff", ...) :
     No valid function for 'cutoff(matrix,eigen,RandomMatrixFilter)'
     ERROR in test.cutoff_kernel_2: Error in UseFunction(cutoff, "cutoff", ...) :
     No valid function for 'cutoff(matrix,eigen,RandomMatrixFilter)'
     ERROR in test.fit.density_1: Error in UseFunction(fit.density, "fit.density", ...) :
     No valid function for 'fit.density(eigen,MaximumLikelihoodFit)'
     ERROR in test.fit.density_2: Error in UseFunction(fit.density, "fit.density", ...) :
     No valid function for 'fit.density(eigen,MaximumLikelihoodFit)'
     Error:
    
     unit testing failed (#test failures: 0, #R errors: 4)
    
     Execution halted
Flavors: r-devel-linux-x86_64-debian-gcc, r-devel-linux-x86_64-fedora-clang, r-devel-linux-x86_64-fedora-gcc, r-devel-osx-x86_64-clang, r-devel-windows-ix86+x86_64