CRAN Package Check Results for Package futile.matrix

Last updated on 2015-06-30 21:46:31.

Flavor Version Tinstall Tcheck Ttotal Status Flags
r-devel-linux-x86_64-debian-clang 1.2.2 1.48 10.17 11.66 NOTE
r-devel-linux-x86_64-debian-gcc 1.2.2 1.30 10.37 11.66 NOTE
r-devel-linux-x86_64-fedora-clang 1.2.2 22.12 NOTE
r-devel-linux-x86_64-fedora-gcc 1.2.2 20.42 NOTE
r-devel-osx-x86_64-clang 1.2.2 24.52 NOTE
r-devel-windows-ix86+x86_64 1.2.2 4.00 20.00 24.00 NOTE
r-patched-linux-x86_64 1.2.2 1.36 10.50 11.86 NOTE
r-patched-solaris-sparc 1.2.2 139.30 NOTE
r-patched-solaris-x86 1.2.2 32.50 NOTE
r-release-linux-x86_64 1.2.2 1.34 10.62 11.95 NOTE
r-release-osx-x86_64-mavericks 1.2.2 NOTE
r-release-windows-ix86+x86_64 1.2.2 6.00 19.00 25.00 NOTE
r-oldrel-windows-ix86+x86_64 1.2.2 5.00 27.00 32.00 OK

Check Details

Version: 1.2.2
Check: DESCRIPTION meta-information
Result: NOTE
    Malformed Description field: should contain one or more complete sentences.
Flavors: r-devel-linux-x86_64-debian-clang, r-devel-linux-x86_64-debian-gcc, r-devel-linux-x86_64-fedora-clang, r-devel-linux-x86_64-fedora-gcc, r-devel-osx-x86_64-clang, r-devel-windows-ix86+x86_64, r-patched-linux-x86_64, r-patched-solaris-sparc, r-patched-solaris-x86, r-release-linux-x86_64, r-release-osx-x86_64-mavericks, r-release-windows-ix86+x86_64

Version: 1.2.2
Check: S3 generic/method consistency
Result: NOTE
    Found the following apparent S3 methods exported but not registered:
     print.Ensemble
    See section ‘Registering S3 methods’ in the ‘Writing R Extensions’
    manual.
Flavors: r-devel-linux-x86_64-debian-clang, r-devel-linux-x86_64-debian-gcc, r-devel-linux-x86_64-fedora-clang, r-devel-linux-x86_64-fedora-gcc, r-devel-osx-x86_64-clang, r-patched-linux-x86_64, r-patched-solaris-sparc, r-patched-solaris-x86, r-release-linux-x86_64

Version: 1.2.2
Check: R code for possible problems
Result: NOTE
    read.matrix: no visible global function definition for ‘read.csv’
Flavors: r-devel-linux-x86_64-debian-clang, r-devel-linux-x86_64-debian-gcc, r-devel-linux-x86_64-fedora-clang, r-devel-windows-ix86+x86_64