CRAN Package Check Results for Package futile.matrix

Last updated on 2015-01-26 17:47:40.

Flavor Version Tinstall Tcheck Ttotal Status Flags
r-devel-linux-x86_64-debian-clang 1.2.2 1.48 11.27 12.75 OK
r-devel-linux-x86_64-debian-gcc 1.2.2 1.57 11.06 12.62 OK
r-devel-linux-x86_64-fedora-clang 1.2.2 28.24 NOTE
r-devel-linux-x86_64-fedora-gcc 1.2.2 26.52 NOTE
r-devel-osx-x86_64-clang 1.2.2 32.57 NOTE
r-devel-windows-ix86+x86_64 1.2.2 7.00 19.00 26.00 OK
r-patched-linux-x86_64 1.2.2 1.70 13.03 14.73 OK
r-patched-solaris-sparc 1.2.2 170.60 OK
r-patched-solaris-x86 1.2.2 39.40 OK
r-release-linux-ix86 1.2.2 2.06 18.43 20.50 OK
r-release-linux-x86_64 1.2.2 1.83 12.80 14.62 OK
r-release-osx-x86_64-mavericks 1.2.2 OK
r-release-osx-x86_64-snowleopard 1.2.2 OK
r-release-windows-ix86+x86_64 1.2.2 5.00 22.00 27.00 OK
r-oldrel-windows-ix86+x86_64 1.2.2 7.00 26.00 33.00 OK

Check Details

Version: 1.2.2
Check: S3 generic/method consistency
Result: NOTE
    Found the following apparent S3 methods exported but not registered:
     print.Ensemble
    See section ‘Registering S3 methods’ in the ‘Writing R Extensions’
    manual.
Flavors: r-devel-linux-x86_64-fedora-clang, r-devel-linux-x86_64-fedora-gcc, r-devel-osx-x86_64-clang