CRAN Package Check Results for Package feature

Last updated on 2014-12-20 17:51:05.

Flavor Version Tinstall Tcheck Ttotal Status Flags
r-devel-linux-x86_64-debian-clang 1.2.11 0.99 26.18 27.18 OK
r-devel-linux-x86_64-debian-gcc 1.2.11 0.95 25.58 26.52 OK
r-devel-linux-x86_64-fedora-clang 1.2.11 54.85 OK
r-devel-linux-x86_64-fedora-gcc 1.2.11 49.29 OK
r-devel-osx-x86_64-clang 1.2.11 52.62 OK
r-devel-windows-ix86+x86_64 1.2.11 4.00 43.00 47.00 OK
r-patched-linux-x86_64 1.2.11 1.11 26.95 28.06 OK
r-patched-solaris-sparc 1.2.11 300.80 OK
r-patched-solaris-x86 1.2.11 90.30 OK
r-release-linux-ix86 1.2.11 1.48 37.03 38.51 OK
r-release-linux-x86_64 1.2.11 1.00 26.30 27.31 OK
r-release-osx-x86_64-mavericks 1.2.11 OK
r-release-osx-x86_64-snowleopard 1.2.11 ERROR
r-release-windows-ix86+x86_64 1.2.11 5.00 44.00 49.00 OK
r-oldrel-windows-ix86+x86_64 1.2.11 5.00 42.00 47.00 OK

Check Details

Version: 1.2.11
Check: examples
Result: ERROR
    Running examples in ‘feature-Ex.R’ failed
    The error most likely occurred in:
    
    > ### Name: plot.fs
    > ### Title: Feature signficance plot for 1- to 3-dimensional data
    > ### Aliases: plot.fs
    > ### Keywords: hplot
    >
    > ### ** Examples
    >
    > ## See ? featureSignif for uni- and bivariate examples
    > ## Trivariate example
    > data(earthquake)
    > earthquake[,3] <- -log10(-earthquake[,3])
    > fs <- featureSignif(earthquake, scaleData=TRUE, bw=c(0.06, 0.06, 0.05))
    > plot(fs, addKDE=FALSE, addSignifCurvRegion=TRUE)
    Fri Dec 19 10:33:58 hagal.research.att.com R[20222] <Error>: unknown error code: invalid pixel format
    Fri Dec 19 10:33:58 hagal.research.att.com R[20222] <Error>: kCGErrorFailure: Set a breakpoint @ CGErrorBreakpoint() to catch errors as they are logged.
    X Error of failed request: GLXBadContext
     Major opcode of failed request: 0 ()
     Serial number of failed request: 27
     Current serial number in output stream: 27
Flavor: r-release-osx-x86_64-snowleopard