CRAN Package Check Results for Package feature

Last updated on 2014-10-24 16:46:43.

Flavor Version Tinstall Tcheck Ttotal Status Flags
r-devel-linux-x86_64-debian-clang 1.2.10 1.00 28.84 29.84 NOTE
r-devel-linux-x86_64-debian-gcc 1.2.10 0.98 28.93 29.91 NOTE
r-devel-linux-x86_64-fedora-clang 1.2.10 59.43 NOTE
r-devel-linux-x86_64-fedora-gcc 1.2.10 58.34 NOTE
r-devel-osx-x86_64-clang 1.2.10 56.67 NOTE
r-devel-windows-ix86+x86_64 1.2.10 5.00 41.00 46.00 NOTE
r-patched-linux-x86_64 1.2.10 1.01 29.31 30.32 NOTE
r-patched-solaris-sparc 1.2.10 351.40 NOTE
r-patched-solaris-x86 1.2.10 94.90 NOTE
r-release-linux-ix86 1.2.10 1.51 42.60 44.11 OK
r-release-linux-x86_64 1.2.10 1.31 30.03 31.34 OK
r-release-osx-x86_64-mavericks 1.2.10 OK
r-release-osx-x86_64-snowleopard 1.2.10 OK
r-release-windows-ix86+x86_64 1.2.10 4.00 42.00 46.00 OK
r-oldrel-windows-ix86+x86_64 1.2.10 5.00 47.00 52.00 OK

Check Details

Version: 1.2.10
Check: dependencies in R code
Result: NOTE
    Package in Depends field not imported from: ‘tcltk’
     These packages need to be imported from (in the NAMESPACE file)
     for when this namespace is loaded but not attached.
    See the information on DESCRIPTION files in the chapter ‘Creating R
    packages’ of the ‘Writing R Extensions’ manual.
Flavors: r-devel-linux-x86_64-debian-clang, r-devel-linux-x86_64-debian-gcc, r-devel-linux-x86_64-fedora-clang, r-devel-linux-x86_64-fedora-gcc, r-devel-osx-x86_64-clang, r-devel-windows-ix86+x86_64, r-patched-linux-x86_64, r-patched-solaris-sparc, r-patched-solaris-x86

Version: 1.2.10
Check: R code for possible problems
Result: NOTE
    addSignifFeatureData: no visible global function definition for
     ‘points3d’
    addSignifFeatureRegion: no visible global function definition for
     ‘contour3d’
    featureSignifGUI : fscreate.tcl: no visible global function definition
     for ‘tclvalue’
    featureSignifGUI : fscreate.tcl: no visible global function definition
     for ‘tkmessageBox’
    featureSignifGUI : fssizer.tcl: no visible global function definition
     for ‘tclvalue’
    featureSignifGUI : fssizer.tcl: no visible global function definition
     for ‘tkmessageBox’
    featureSignifGUI : fssicon.tcl: no visible global function definition
     for ‘tclvalue’
    featureSignifGUI : fssicon.tcl: no visible global function definition
     for ‘tkmessageBox’
    featureSignifGUI : fsdata.tcl: no visible global function definition
     for ‘tclvalue’
    featureSignifGUI : fsgraddata.tcl: no visible global function
     definition for ‘tclvalue’
    featureSignifGUI : fsgradregion.tcl: no visible global function
     definition for ‘tclvalue’
    featureSignifGUI : fscurvdata.tcl: no visible global function
     definition for ‘tclvalue’
    featureSignifGUI : fscurvregion.tcl: no visible global function
     definition for ‘tclvalue’
    featureSignifGUI : fsclearall1.tcl: no visible global function
     definition for ‘tclvalue’
    featureSignifGUI : fsclearall2.tcl: no visible global function
     definition for ‘tclvalue’
    featureSignifGUI: no visible global function definition for
     ‘tkfont.create’
    featureSignifGUI: no visible global function definition for ‘tcl’
    featureSignifGUI: no visible global function definition for
     ‘tktoplevel’
    featureSignifGUI: no visible global function definition for ‘tktitle<-’
    featureSignifGUI: no visible global function definition for ‘tkgrid’
    featureSignifGUI: no visible global function definition for ‘tklabel’
    featureSignifGUI: no visible global function definition for ‘tkframe’
    featureSignifGUI: no visible global function definition for ‘tclVar’
    featureSignifGUI: no visible global function definition for ‘tkscale’
    featureSignifGUI: no visible global function definition for
     ‘tkconfigure’
    featureSignifGUI: no visible global function definition for ‘tkentry’
    featureSignifGUI: no visible global function definition for ‘tkbutton’
    featureSignifGUI: no visible global function definition for
     ‘tkcheckbutton’
    plot.fs: no visible global function definition for ‘clear3d’
    plot.fs: no visible global function definition for ‘bg3d’
    plot.fs: no visible global function definition for ‘pop3d’
    plot.fs: no visible global function definition for ‘light3d’
    plot.fs: no visible global function definition for ‘material3d’
    plot.fs: no visible global function definition for ‘plot3d’
    plot.fs: no visible global function definition for ‘kde’
    plot.fs: no visible global function definition for ‘points3d’
Flavors: r-devel-linux-x86_64-debian-clang, r-devel-linux-x86_64-debian-gcc, r-devel-linux-x86_64-fedora-clang, r-devel-linux-x86_64-fedora-gcc, r-devel-osx-x86_64-clang, r-devel-windows-ix86+x86_64, r-patched-linux-x86_64, r-patched-solaris-sparc, r-patched-solaris-x86