CRAN Package Check Results for Package fda

Last updated on 2014-12-18 17:51:28.

Flavor Version Tinstall Tcheck Ttotal Status Flags
r-devel-linux-x86_64-debian-clang 2.4.4 5.98 126.43 132.40 OK
r-devel-linux-x86_64-debian-gcc 2.4.4 5.86 122.45 128.31 OK
r-devel-linux-x86_64-fedora-clang 2.4.4 146.40 OK
r-devel-linux-x86_64-fedora-gcc 2.4.4 140.75 OK
r-devel-osx-x86_64-clang 2.4.4 345.05 OK
r-devel-windows-ix86+x86_64 2.4.4 18.00 157.00 175.00 OK
r-patched-linux-x86_64 2.4.4 6.07 131.57 137.64 OK
r-patched-solaris-sparc 2.4.4 1085.80 OK --no-examples
r-patched-solaris-x86 2.4.4 293.70 OK
r-release-linux-ix86 2.4.3 7.34 104.84 112.17 ERROR
r-release-linux-x86_64 2.4.4 6.31 139.15 145.46 OK
r-release-osx-x86_64-mavericks 2.4.4 OK
r-release-osx-x86_64-snowleopard 2.4.4 OK
r-release-windows-ix86+x86_64 2.4.4 15.00 179.00 194.00 OK
r-oldrel-windows-ix86+x86_64 2.4.4 16.00 184.00 200.00 OK

Check Details

Version: 2.4.3
Check: package dependencies
Result: NOTE
    Package suggested but not available for checking: ‘DierckxSpline’
Flavor: r-release-linux-ix86

Version: 2.4.3
Check: dependencies in R code
Result: NOTE
    Package in Depends field not imported from: ‘splines’
     These packages need to be imported from (in the NAMESPACE file)
     for when this namespace is loaded but not attached.
    See the information on DESCRIPTION files in the chapter ‘Creating R
    packages’ of the ‘Writing R Extensions’ manual.
Flavor: r-release-linux-ix86

Version: 2.4.3
Check: R code for possible problems
Result: NOTE
    axesIntervals: no visible binding for global variable ‘monthBegin.5’
    axesIntervals: no visible binding for global variable ‘monthEnd.5’
    axesIntervals: no visible binding for global variable ‘monthMid’
    axisIntervals: no visible binding for global variable ‘monthBegin.5’
    axisIntervals: no visible binding for global variable ‘monthEnd.5’
    axisIntervals: no visible binding for global variable ‘monthMid’
    bsplineS: no visible global function definition for ‘spline.des’
    phaseplanePlot: no visible binding for global variable ‘monthLetters’
    polyg: no visible global function definition for ‘spline.des’
    readHMD: no visible global function definition for ‘getURL’
Flavor: r-release-linux-ix86

Version: 2.4.3
Check: Rd cross-references
Result: WARN
    Unknown package ‘DierckxSpline’ in Rd xrefs
Flavor: r-release-linux-ix86

Version: 2.4.3
Check: examples
Result: ERROR
    Running examples in ‘fda-Ex.R’ failed
    The error most likely occurred in:
    
    > ### Name: TaylorSpline
    > ### Title: Taylor representation of a B-Spline
    > ### Aliases: TaylorSpline TaylorSpline.fd TaylorSpline.fdPar
    > ### TaylorSpline.fdSmooth TaylorSpline.dierckx
    > ### Keywords: smooth manip
    >
    > ### ** Examples
    >
    > ##
    > ## The simplest b-spline basis: order 1, degree 0, zero interior knots:
    > ## a single step function
    > ##
    > library(DierckxSpline)
    Error in library(DierckxSpline) :
     there is no package called ‘DierckxSpline’
    Execution halted
Flavor: r-release-linux-ix86