CRAN Package Check Results for Package doSNOW

Last updated on 2014-09-20 13:48:06.

Flavor Version Tinstall Tcheck Ttotal Status Flags
r-devel-linux-x86_64-debian-clang 1.0.12 0.60 20.20 20.79 NOTE
r-devel-linux-x86_64-debian-gcc 1.0.12 0.58 18.95 19.53 NOTE
r-devel-linux-x86_64-fedora-clang 1.0.12 33.80 OK
r-devel-linux-x86_64-fedora-gcc 1.0.12 32.91 OK
r-devel-osx-x86_64-clang 1.0.12 40.88 NOTE
r-devel-windows-ix86+x86_64 1.0.12 3.00 35.00 38.00 NOTE
r-patched-linux-x86_64 1.0.12 0.62 22.74 23.36 NOTE
r-patched-solaris-sparc 1.0.12 333.70 OK
r-patched-solaris-x86 1.0.12 75.10 OK
r-release-linux-ix86 1.0.12 0.97 32.66 33.63 OK
r-release-linux-x86_64 1.0.12 0.65 23.22 23.87 NOTE
r-release-osx-x86_64-mavericks 1.0.12 OK
r-release-osx-x86_64-snowleopard 1.0.12 OK
r-release-windows-ix86+x86_64 1.0.12 3.00 40.00 43.00 OK
r-oldrel-windows-ix86+x86_64 1.0.12 4.00 43.00 47.00 OK

Check Details

Version: 1.0.12
Check: R code for possible problems
Result: NOTE
    Warning in initDefaultClusterOptions(libname) :
     NAs introduced by coercion
    
    Found the following calls to attach():
    File ‘doSNOW/R/doSNOW.R’:
     attach(exportEnv)
    See section ‘Good practice’ in ‘?attach’.
Flavors: r-devel-linux-x86_64-debian-clang, r-devel-linux-x86_64-debian-gcc

Version: 1.0.12
Check: R code for possible problems
Result: NOTE
    Warning in initDefaultClusterOptions(libname) :
     NAs introduced by coercion
Flavors: r-devel-osx-x86_64-clang, r-devel-windows-ix86+x86_64

Version: 1.0.12
Check: R code for possible problems
Result: NOTE
    Found the following calls to attach():
    File ‘doSNOW/R/doSNOW.R’:
     attach(exportEnv)
    See section ‘Good practice’ in ‘?attach’.
Flavors: r-patched-linux-x86_64, r-release-linux-x86_64