CRAN Package Check Results for Package doSNOW

Last updated on 2016-06-24 14:48:12.

Flavor Version Tinstall Tcheck Ttotal Status Flags
r-devel-linux-x86_64-debian-gcc 1.0.14 0.58 17.93 18.51 NOTE
r-devel-linux-x86_64-fedora-clang 1.0.14 24.53 OK
r-devel-linux-x86_64-fedora-gcc 1.0.14 22.72 OK
r-devel-osx-x86_64-clang 1.0.14 22.08 OK
r-devel-windows-ix86+x86_64 1.0.14 4.00 62.00 66.00 OK
r-patched-linux-x86_64 1.0.14 0.62 18.54 19.16 NOTE
r-patched-solaris-sparc 1.0.14 216.30 OK
r-patched-solaris-x86 1.0.14 46.50 OK
r-release-linux-x86_64 1.0.14 0.88 18.34 19.22 NOTE
r-release-osx-x86_64-mavericks 1.0.14 OK
r-release-windows-ix86+x86_64 1.0.14 4.00 56.00 60.00 OK
r-oldrel-windows-ix86+x86_64 1.0.14 5.00 58.00 63.00 OK

Check Details

Version: 1.0.14
Check: R code for possible problems
Result: NOTE
    Found the following calls to attach():
    File ‘doSNOW/R/doSNOW.R’:
     attach(exportEnv)
    See section ‘Good practice’ in ‘?attach’.
Flavors: r-devel-linux-x86_64-debian-gcc, r-patched-linux-x86_64, r-release-linux-x86_64