CRAN Package Check Results for Package doSNOW

Last updated on 2017-12-16 09:50:56 CET.

Flavor Version Tinstall Tcheck Ttotal Status Flags
r-devel-linux-x86_64-debian-clang 1.0.16 0.61 19.90 20.51 NOTE
r-devel-linux-x86_64-debian-gcc 1.0.16 0.69 17.45 18.14 NOTE
r-devel-linux-x86_64-fedora-clang 1.0.16 25.41 OK
r-devel-linux-x86_64-fedora-gcc 1.0.16 21.97 OK
r-devel-windows-ix86+x86_64 1.0.16 5.00 56.00 61.00 OK
r-patched-linux-x86_64 1.0.16 0.72 18.56 19.28 NOTE
r-patched-solaris-x86 1.0.16 34.20 OK
r-release-linux-x86_64 1.0.16 0.64 18.53 19.17 NOTE
r-release-windows-ix86+x86_64 1.0.15 2.00 33.00 35.00 OK
r-release-osx-x86_64 1.0.16 OK
r-oldrel-windows-ix86+x86_64 1.0.16 4.00 42.00 46.00 OK
r-oldrel-osx-x86_64 1.0.16 OK

Check Details

Version: 1.0.16
Check: R code for possible problems
Result: NOTE
    Found the following calls to attach():
    File ‘doSNOW/R/doSNOW.R’:
     attach(exportEnv)
    See section ‘Good practice’ in ‘?attach’.
Flavors: r-devel-linux-x86_64-debian-clang, r-devel-linux-x86_64-debian-gcc, r-patched-linux-x86_64, r-release-linux-x86_64