CRAN Package Check Results for Package doSNOW

Last updated on 2017-05-24 19:46:44.

Flavor Version Tinstall Tcheck Ttotal Status Flags
r-devel-linux-x86_64-debian-clang 1.0.14 0.70 21.44 22.14 NOTE
r-devel-linux-x86_64-debian-gcc 1.0.14 0.80 21.04 21.84 NOTE
r-devel-linux-x86_64-fedora-clang 1.0.14 31.82 OK --no-stop-on-test-error
r-devel-linux-x86_64-fedora-gcc 1.0.14 29.85 OK --no-stop-on-test-error
r-devel-windows-ix86+x86_64 1.0.14 3.00 44.00 47.00 OK
r-patched-linux-x86_64 1.0.14 0.72 20.34 21.05 NOTE
r-patched-solaris-sparc 1.0.14 266.30 OK
r-patched-solaris-x86 1.0.14 58.70 OK
r-release-linux-x86_64 1.0.14 0.74 21.38 22.13 NOTE
r-release-windows-ix86+x86_64 1.0.14 2.00 45.00 47.00 OK
r-release-osx-x86_64 1.0.14 OK
r-oldrel-windows-ix86+x86_64 1.0.14 4.00 54.00 58.00 OK
r-oldrel-osx-x86_64 1.0.14 OK

Check Details

Version: 1.0.14
Check: R code for possible problems
Result: NOTE
    Found the following calls to attach():
    File ‘doSNOW/R/doSNOW.R’:
     attach(exportEnv)
    See section ‘Good practice’ in ‘?attach’.
Flavors: r-devel-linux-x86_64-debian-clang, r-devel-linux-x86_64-debian-gcc, r-patched-linux-x86_64, r-release-linux-x86_64