CRAN Package Check Results for Package doSNOW

Last updated on 2017-02-19 23:48:05.

Flavor Version Tinstall Tcheck Ttotal Status Flags
r-devel-linux-x86_64-debian-clang 1.0.14 0.64 21.18 21.82 NOTE
r-devel-linux-x86_64-debian-gcc 1.0.14 0.72 21.00 21.72 NOTE
r-devel-linux-x86_64-fedora-clang 1.0.14 30.94 OK --no-stop-on-test-error
r-devel-linux-x86_64-fedora-gcc 1.0.14 30.86 OK --no-stop-on-test-error
r-devel-macos-x86_64-clang 1.0.14 27.44 OK --no-stop-on-test-error
r-devel-windows-ix86+x86_64 1.0.14 4.00 59.00 63.00 OK
r-patched-linux-x86_64 1.0.14 0.63 16.45 17.08 NOTE
r-patched-solaris-sparc 1.0.14 224.20 OK
r-patched-solaris-x86 1.0.14 51.00 OK
r-release-linux-x86_64 1.0.14 0.56 17.12 17.69 NOTE
r-release-osx-x86_64-mavericks 1.0.14 OK
r-release-windows-ix86+x86_64 1.0.14 3.00 38.00 41.00 OK
r-oldrel-windows-ix86+x86_64 1.0.14 6.00 55.00 61.00 OK

Check Details

Version: 1.0.14
Check: R code for possible problems
Result: NOTE
    Found the following calls to attach():
    File ‘doSNOW/R/doSNOW.R’:
     attach(exportEnv)
    See section ‘Good practice’ in ‘?attach’.
Flavors: r-devel-linux-x86_64-debian-clang, r-devel-linux-x86_64-debian-gcc, r-patched-linux-x86_64, r-release-linux-x86_64