CRAN Package Check Results for Package doSNOW

Last updated on 2017-07-21 21:47:48.

Flavor Version Tinstall Tcheck Ttotal Status Flags
r-devel-linux-x86_64-debian-clang 1.0.14 0.68 27.04 27.72 NOTE
r-devel-linux-x86_64-debian-gcc 1.0.14 0.63 26.55 27.18 NOTE
r-devel-linux-x86_64-fedora-clang 1.0.14 34.63 OK
r-devel-linux-x86_64-fedora-gcc 1.0.14 30.32 OK
r-devel-windows-ix86+x86_64 1.0.14 6.00 62.00 68.00 OK
r-patched-linux-x86_64 1.0.14 0.68 26.42 27.10 NOTE
r-patched-solaris-x86 1.0.14 59.60 OK
r-release-linux-x86_64 1.0.14 0.60 26.08 26.67 NOTE
r-release-windows-ix86+x86_64 1.0.14 4.00 68.00 72.00 OK
r-release-osx-x86_64 1.0.14 OK
r-oldrel-windows-ix86+x86_64 1.0.14 4.00 44.00 48.00 OK
r-oldrel-osx-x86_64 1.0.14 OK

Check Details

Version: 1.0.14
Check: R code for possible problems
Result: NOTE
    Found the following calls to attach():
    File ‘doSNOW/R/doSNOW.R’:
     attach(exportEnv)
    See section ‘Good practice’ in ‘?attach’.
Flavors: r-devel-linux-x86_64-debian-clang, r-devel-linux-x86_64-debian-gcc, r-patched-linux-x86_64, r-release-linux-x86_64