CRAN Package Check Results for Package doSNOW

Last updated on 2015-04-18 19:51:18.

Flavor Version Tinstall Tcheck Ttotal Status Flags
r-devel-linux-x86_64-debian-clang 1.0.12 0.73 17.00 17.73 NOTE
r-devel-linux-x86_64-debian-gcc 1.0.12 0.59 17.74 18.32 NOTE
r-devel-linux-x86_64-fedora-clang 1.0.12 27.39 OK
r-devel-linux-x86_64-fedora-gcc 1.0.12 25.45 OK
r-devel-osx-x86_64-clang 1.0.12 35.22 OK
r-patched-linux-x86_64 1.0.12 0.91 16.97 17.88 NOTE
r-patched-solaris-sparc 1.0.12 261.00 OK
r-patched-solaris-x86 1.0.12 51.70 OK
r-release-linux-x86_64 1.0.12 0.58 16.59 17.18 NOTE
r-release-osx-x86_64-mavericks 1.0.12 NOTE
r-release-osx-x86_64-snowleopard 1.0.12 NOTE
r-release-windows-ix86+x86_64 1.0.12 2.00 35.00 37.00 OK
r-oldrel-windows-ix86+x86_64 1.0.12 4.00 57.00 61.00 OK

Check Details

Version: 1.0.12
Check: R code for possible problems
Result: NOTE
    Found the following calls to attach():
    File ‘doSNOW/R/doSNOW.R’:
     attach(exportEnv)
    See section ‘Good practice’ in ‘?attach’.
Flavors: r-devel-linux-x86_64-debian-clang, r-devel-linux-x86_64-debian-gcc, r-patched-linux-x86_64, r-release-linux-x86_64

Version: 1.0.12
Check: package dependencies
Result: NOTE
    Package suggested but not available for checking: ‘caret’
Flavors: r-release-osx-x86_64-mavericks, r-release-osx-x86_64-snowleopard