CRAN Package Check Results for Package doSNOW

Last updated on 2015-07-02 20:46:31.

Flavor Version Tinstall Tcheck Ttotal Status Flags
r-devel-linux-x86_64-debian-clang 1.0.12 0.54 17.29 17.83 NOTE
r-devel-linux-x86_64-debian-gcc 1.0.12 0.56 15.90 16.45 NOTE
r-devel-linux-x86_64-fedora-clang 1.0.12 26.17 NOTE
r-devel-linux-x86_64-fedora-gcc 1.0.12 24.75 NOTE
r-devel-osx-x86_64-clang 1.0.12 35.07 OK
r-devel-windows-ix86+x86_64 1.0.12 3.00 31.00 34.00 NOTE
r-patched-linux-x86_64 1.0.12 0.72 16.31 17.02 NOTE
r-patched-solaris-sparc 1.0.12 247.00 OK
r-patched-solaris-x86 1.0.12 53.50 OK
r-release-linux-x86_64 1.0.12 0.67 16.63 17.30 NOTE
r-release-osx-x86_64-mavericks 1.0.12 OK
r-release-windows-ix86+x86_64 1.0.12 2.00 31.00 33.00 OK
r-oldrel-windows-ix86+x86_64 1.0.12 5.00 39.00 44.00 OK

Check Details

Version: 1.0.12
Check: R code for possible problems
Result: NOTE
    doSNOW: no visible global function definition for ‘packageName’
    info: no visible global function definition for ‘packageDescription’
    Undefined global functions or variables:
     packageDescription packageName
    
    Found the following calls to attach():
    File ‘doSNOW/R/doSNOW.R’:
     attach(exportEnv)
    See section ‘Good practice’ in ‘?attach’.
Flavor: r-devel-linux-x86_64-debian-clang

Version: 1.0.12
Check: R code for possible problems
Result: NOTE
    doSNOW: no visible global function definition for ‘packageName’
    info: no visible global function definition for ‘packageDescription’
    
    Found the following calls to attach():
    File ‘doSNOW/R/doSNOW.R’:
     attach(exportEnv)
    See section ‘Good practice’ in ‘?attach’.
Flavor: r-devel-linux-x86_64-debian-gcc

Version: 1.0.12
Check: R code for possible problems
Result: NOTE
    doSNOW: no visible global function definition for ‘packageName’
    info: no visible global function definition for ‘packageDescription’
    Undefined global functions or variables:
     packageDescription packageName
Flavors: r-devel-linux-x86_64-fedora-clang, r-devel-linux-x86_64-fedora-gcc

Version: 1.0.12
Check: R code for possible problems
Result: NOTE
    doSNOW: no visible global function definition for 'packageName'
    info: no visible global function definition for 'packageDescription'
Flavor: r-devel-windows-ix86+x86_64

Version: 1.0.12
Check: R code for possible problems
Result: NOTE
    Found the following calls to attach():
    File ‘doSNOW/R/doSNOW.R’:
     attach(exportEnv)
    See section ‘Good practice’ in ‘?attach’.
Flavors: r-patched-linux-x86_64, r-release-linux-x86_64