CRAN Package Check Results for Package doSNOW

Last updated on 2014-12-21 17:49:00.

Flavor Version Tinstall Tcheck Ttotal Status Flags
r-devel-linux-x86_64-debian-clang 1.0.12 0.69 20.87 21.56 NOTE
r-devel-linux-x86_64-debian-gcc 1.0.12 0.79 19.20 19.99 NOTE
r-devel-linux-x86_64-fedora-clang 1.0.12 36.19 OK
r-devel-linux-x86_64-fedora-gcc 1.0.12 31.98 OK
r-devel-osx-x86_64-clang 1.0.12 41.80 OK
r-devel-windows-ix86+x86_64 1.0.12 4.00 34.00 38.00 OK
r-patched-linux-x86_64 1.0.12 0.70 20.56 21.26 NOTE
r-patched-solaris-sparc 1.0.12 333.70 OK
r-patched-solaris-x86 1.0.12 65.60 OK
r-release-linux-ix86 1.0.12 0.96 28.06 29.02 OK
r-release-linux-x86_64 1.0.12 0.70 20.73 21.43 NOTE
r-release-osx-x86_64-mavericks 1.0.12 OK
r-release-osx-x86_64-snowleopard 1.0.12 OK
r-release-windows-ix86+x86_64 1.0.12 4.00 38.00 42.00 OK
r-oldrel-windows-ix86+x86_64 1.0.12 4.00 44.00 48.00 OK

Check Details

Version: 1.0.12
Check: R code for possible problems
Result: NOTE
    Found the following calls to attach():
    File ‘doSNOW/R/doSNOW.R’:
     attach(exportEnv)
    See section ‘Good practice’ in ‘?attach’.
Flavors: r-devel-linux-x86_64-debian-clang, r-devel-linux-x86_64-debian-gcc, r-patched-linux-x86_64, r-release-linux-x86_64