CRAN Package Check Results for Package doSNOW

Last updated on 2016-12-08 03:54:11.

Flavor Version Tinstall Tcheck Ttotal Status Flags
r-devel-linux-x86_64-debian-clang 1.0.14 0.62 21.16 21.77 NOTE
r-devel-linux-x86_64-debian-gcc 1.0.14 0.66 20.09 20.75 NOTE
r-devel-linux-x86_64-fedora-clang 1.0.14 31.83 OK --no-stop-on-test-error
r-devel-linux-x86_64-fedora-gcc 1.0.14 31.87 OK --no-stop-on-test-error
r-devel-macos-x86_64-clang 1.0.14 26.78 OK --no-stop-on-test-error
r-devel-windows-ix86+x86_64 1.0.14 3.00 43.00 46.00 OK
r-patched-linux-x86_64 1.0.14 0.63 16.15 16.78 NOTE
r-patched-solaris-sparc 1.0.14 216.30 OK
r-patched-solaris-x86 1.0.14 53.30 OK
r-release-linux-x86_64 1.0.14 0.63 16.54 17.17 NOTE
r-release-osx-x86_64-mavericks 1.0.14 OK
r-release-windows-ix86+x86_64 1.0.14 2.00 40.00 42.00 OK
r-oldrel-windows-ix86+x86_64 1.0.14 6.00 39.00 45.00 OK

Check Details

Version: 1.0.14
Check: R code for possible problems
Result: NOTE
    Found the following calls to attach():
    File ‘doSNOW/R/doSNOW.R’:
     attach(exportEnv)
    See section ‘Good practice’ in ‘?attach’.
Flavors: r-devel-linux-x86_64-debian-clang, r-devel-linux-x86_64-debian-gcc, r-patched-linux-x86_64, r-release-linux-x86_64