CRAN Package Check Results for Package distrTEst

Last updated on 2014-08-11 15:49:30.

Flavor Version Tinstall Tcheck Ttotal Status Flags
r-devel-linux-x86_64-debian-clang 2.5 9.98 36.32 46.30 OK
r-devel-linux-x86_64-debian-gcc 2.5 9.71 36.19 45.90 OK
r-devel-linux-x86_64-fedora-clang 2.5 111.38 OK
r-devel-linux-x86_64-fedora-gcc 2.5 107.56 OK
r-devel-osx-x86_64-clang 2.5 84.13 OK
r-devel-windows-ix86+x86_64 2.5 20.00 50.00 70.00 OK
r-patched-linux-x86_64 2.5 10.16 37.27 47.43 OK
r-patched-solaris-sparc 2.5 585.80 OK
r-patched-solaris-x86 2.5 139.70 OK
r-release-linux-ix86 2.5 11.52 45.64 57.16 OK
r-release-linux-x86_64 2.5 10.22 37.40 47.62 OK
r-release-osx-x86_64-mavericks 2.5 OK
r-release-osx-x86_64-snowleopard 2.5 WARN
r-release-windows-ix86+x86_64 2.5 21.00 58.00 79.00 OK
r-oldrel-windows-ix86+x86_64 2.5 18.00 54.00 72.00 OK

Check Details

Version: 2.5
Check: examples
Result: WARNING
    checking a package with encoding 'latin1' in an ASCII locale
    
     OK
Flavor: r-release-osx-x86_64-snowleopard