CRAN Package Check Results for Package crawl

Last updated on 2017-12-14 09:47:06 CET.

Flavor Version Tinstall Tcheck Ttotal Status Flags
r-devel-linux-x86_64-debian-clang 2.1.1 94.29 73.13 167.42 FAIL
r-devel-linux-x86_64-debian-gcc 2.1.1 85.97 69.52 155.49 FAIL
r-devel-linux-x86_64-fedora-clang 2.1.1 269.65 NOTE
r-devel-linux-x86_64-fedora-gcc 2.1.1 269.82 NOTE
r-devel-windows-ix86+x86_64 2.1.1 265.00 133.00 398.00 OK --no-vignettes
r-patched-linux-x86_64 2.1.1 99.08 104.69 203.77 OK
r-patched-solaris-x86 2.1.1 309.40 OK
r-release-linux-x86_64 2.1.1 97.81 107.61 205.42 OK
r-release-windows-ix86+x86_64 2.1.1 179.00 199.00 378.00 OK --no-vignettes
r-release-osx-x86_64 2.1.1 NOTE
r-oldrel-windows-ix86+x86_64 2.1.1 205.00 183.00 388.00 OK --no-vignettes
r-oldrel-osx-x86_64 2.1.1 OK

Check Details

Version: 2.1.1
Check: pragmas in C/C++ headers and code
Result: FAIL
    
Flavors: r-devel-linux-x86_64-debian-clang, r-devel-linux-x86_64-debian-gcc

Version: 2.1.1
Check: installed package size
Result: NOTE
     installed size is 5.8Mb
     sub-directories of 1Mb or more:
     libs 5.2Mb
Flavors: r-devel-linux-x86_64-fedora-clang, r-devel-linux-x86_64-fedora-gcc

Version: 2.1.1
Check: package dependencies
Result: NOTE
    Packages suggested but not available for checking: ‘rgdal’ ‘sf’
Flavor: r-release-osx-x86_64