CRAN Package Check Results for Package crawl

Last updated on 2018-05-25 15:48:08 CEST.

Flavor Version Tinstall Tcheck Ttotal Status Flags
r-devel-linux-x86_64-debian-clang 2.1.1 112.21 125.41 237.62 OK
r-devel-linux-x86_64-debian-gcc 2.1.1 94.74 99.15 193.89 OK
r-devel-linux-x86_64-fedora-clang 2.1.1 316.82 NOTE
r-devel-linux-x86_64-fedora-gcc 2.1.1 294.15 NOTE
r-devel-windows-ix86+x86_64 2.1.1 203.00 238.00 441.00 OK --no-vignettes
r-patched-linux-x86_64 2.1.1 110.66 102.80 213.46 OK
r-patched-solaris-x86 2.1.1 314.70 OK
r-release-linux-x86_64 2.1.1 117.07 102.34 219.41 OK
r-release-windows-ix86+x86_64 2.1.1 264.00 157.00 421.00 OK --no-vignettes
r-release-osx-x86_64 2.1.1 OK
r-oldrel-windows-ix86+x86_64 2.1.1 264.00 167.00 431.00 OK --no-vignettes
r-oldrel-osx-x86_64 2.1.1 NOTE

Check Details

Version: 2.1.1
Check: installed package size
Result: NOTE
     installed size is 6.0Mb
     sub-directories of 1Mb or more:
     libs 5.4Mb
Flavors: r-devel-linux-x86_64-fedora-clang, r-devel-linux-x86_64-fedora-gcc

Version: 2.1.1
Check: package dependencies
Result: NOTE
    Packages suggested but not available for checking: ‘rgdal’ ‘sf’
Flavor: r-oldrel-osx-x86_64