CRAN Package Check Results for Package crawl

Last updated on 2014-12-17 18:47:34.

Flavor Version Tinstall Tcheck Ttotal Status Flags
r-devel-linux-x86_64-debian-clang 1.4-1 7.19 39.98 47.16 NOTE
r-devel-linux-x86_64-debian-gcc 1.4-1 6.46 39.91 46.36 NOTE
r-devel-linux-x86_64-fedora-clang 1.4-1 109.68 NOTE
r-devel-linux-x86_64-fedora-gcc 1.4-1 97.87 NOTE
r-devel-osx-x86_64-clang 1.4-1 93.79 NOTE
r-devel-windows-ix86+x86_64 1.4-1 31.00 74.00 105.00 NOTE
r-patched-linux-x86_64 1.4-1 6.91 41.69 48.60 NOTE
r-patched-solaris-sparc 1.4-1 606.40 NOTE
r-patched-solaris-x86 1.4-1 147.40 NOTE
r-release-linux-ix86 1.4-1 8.54 49.73 58.27 NOTE
r-release-linux-x86_64 1.4-1 6.61 40.92 47.53 NOTE
r-release-osx-x86_64-mavericks 1.4-1 NOTE
r-release-windows-ix86+x86_64 1.4-1 25.00 78.00 103.00 NOTE
r-oldrel-windows-ix86+x86_64 1.4-1 24.00 77.00 101.00 NOTE

Check Details

Version: 1.4-1
Check: dependencies in R code
Result: NOTE
    'library' or 'require' calls to packages already attached by Depends:
     ‘raster’ ‘sp’
     Please remove these calls from your code.
    See the information on DESCRIPTION files in the chapter ‘Creating R
    packages’ of the ‘Writing R Extensions’ manual.
Flavors: r-devel-linux-x86_64-debian-clang, r-devel-linux-x86_64-debian-gcc, r-devel-linux-x86_64-fedora-clang, r-devel-linux-x86_64-fedora-gcc, r-devel-osx-x86_64-clang, r-devel-windows-ix86+x86_64, r-patched-linux-x86_64, r-patched-solaris-sparc, r-patched-solaris-x86, r-release-linux-ix86, r-release-linux-x86_64, r-release-osx-x86_64-mavericks, r-release-windows-ix86+x86_64, r-oldrel-windows-ix86+x86_64