CRAN Package Check Results for Package crawl

Last updated on 2015-01-30 17:51:49.

Flavor Version Tinstall Tcheck Ttotal Status Flags
r-devel-linux-x86_64-debian-clang 1.4-1 6.43 38.77 45.20 NOTE
r-devel-linux-x86_64-debian-gcc 1.4-1 6.41 36.77 43.18 NOTE
r-devel-linux-x86_64-fedora-clang 1.4-1 101.28 NOTE
r-devel-linux-x86_64-fedora-gcc 1.4-1 97.53 NOTE
r-devel-osx-x86_64-clang 1.4-1 91.41 NOTE
r-devel-windows-ix86+x86_64 1.4-1 30.00 89.00 119.00 NOTE
r-patched-linux-x86_64 1.4-1 7.21 43.19 50.40 NOTE
r-patched-solaris-sparc 1.4-1 640.30 NOTE
r-patched-solaris-x86 1.4-1 149.10 NOTE
r-release-linux-ix86 1.4-1 8.78 49.39 58.18 NOTE
r-release-linux-x86_64 1.4-1 7.34 41.27 48.61 NOTE
r-release-osx-x86_64-mavericks 1.4-1 NOTE
r-release-windows-ix86+x86_64 1.4-1 23.00 83.00 106.00 NOTE
r-oldrel-windows-ix86+x86_64 1.4-1 24.00 86.00 110.00 NOTE

Check Details

Version: 1.4-1
Check: dependencies in R code
Result: NOTE
    'library' or 'require' calls to packages already attached by Depends:
     ‘raster’ ‘sp’
     Please remove these calls from your code.
Flavors: r-devel-linux-x86_64-debian-clang, r-devel-linux-x86_64-debian-gcc, r-devel-linux-x86_64-fedora-clang, r-devel-linux-x86_64-fedora-gcc, r-devel-osx-x86_64-clang, r-devel-windows-ix86+x86_64

Version: 1.4-1
Check: dependencies in R code
Result: NOTE
    'library' or 'require' calls to packages already attached by Depends:
     ‘raster’ ‘sp’
     Please remove these calls from your code.
    See the information on DESCRIPTION files in the chapter ‘Creating R
    packages’ of the ‘Writing R Extensions’ manual.
Flavors: r-patched-linux-x86_64, r-patched-solaris-sparc, r-patched-solaris-x86, r-release-linux-ix86, r-release-linux-x86_64, r-release-osx-x86_64-mavericks, r-release-windows-ix86+x86_64, r-oldrel-windows-ix86+x86_64