CRAN Package Check Results for Package crawl

Last updated on 2016-04-28 06:47:21.

Flavor Version Tinstall Tcheck Ttotal Status Flags
r-devel-linux-x86_64-debian-gcc 2.0 52.06 356.87 408.93 NOTE
r-devel-linux-x86_64-fedora-clang 2.0 1143.82 NOTE
r-devel-linux-x86_64-fedora-gcc 2.0 1108.92 NOTE
r-devel-osx-x86_64-clang 2.0 729.89 OK
r-devel-windows-ix86+x86_64 2.0 248.00 709.00 957.00 OK
r-patched-linux-x86_64 2.0 53.38 352.28 405.66 NOTE
r-patched-solaris-sparc 2.0 775.00 OK --no-vignettes
r-patched-solaris-x86 2.0 1665.10 OK
r-release-linux-x86_64 2.0 52.78 369.17 421.95 NOTE
r-release-osx-x86_64-mavericks 2.0 NOTE
r-release-windows-ix86+x86_64 2.0 210.00 779.00 989.00 OK
r-oldrel-windows-ix86+x86_64 2.0 208.00 845.00 1053.00 OK

Check Details

Version: 2.0
Check: installed package size
Result: NOTE
     installed size is 9.0Mb
     sub-directories of 1Mb or more:
     doc 2.1Mb
     libs 6.1Mb
Flavors: r-devel-linux-x86_64-debian-gcc, r-devel-linux-x86_64-fedora-clang, r-devel-linux-x86_64-fedora-gcc, r-patched-linux-x86_64, r-release-linux-x86_64, r-release-osx-x86_64-mavericks