CRAN Package Check Results for Package crawl

Last updated on 2014-07-22 15:51:48.

Flavor Version Tinstall Tcheck Ttotal Status Flags
r-devel-linux-x86_64-debian-clang 1.4-1 6.53 40.14 46.67 NOTE
r-devel-linux-x86_64-debian-gcc 1.4-1 6.61 39.12 45.73 NOTE
r-devel-linux-x86_64-fedora-clang 1.4-1 110.64 NOTE
r-devel-linux-x86_64-fedora-gcc 1.4-1 103.07 NOTE
r-devel-osx-x86_64-clang 1.4-1 89.35 NOTE
r-devel-windows-ix86+x86_64 1.4-1 22.00 81.00 103.00 NOTE
r-patched-linux-x86_64 1.4-1 6.60 39.90 46.50 NOTE
r-patched-solaris-sparc 1.4-1 596.80 NOTE
r-patched-solaris-x86 1.4-1 143.80 NOTE
r-release-linux-ix86 1.4-1 8.96 51.38 60.34 NOTE
r-release-linux-x86_64 1.4-1 6.72 42.18 48.89 NOTE
r-release-osx-x86_64-mavericks 1.4-1 NOTE
r-release-windows-ix86+x86_64 1.4-1 22.00 73.00 95.00 NOTE
r-oldrel-windows-ix86+x86_64 1.4-1 22.00 73.00 95.00 NOTE

Check Details

Version: 1.4-1
Check: dependencies in R code
Result: NOTE
    'library' or 'require' calls to packages already attached by Depends:
     ‘raster’ ‘sp’
     Please remove these calls from your code.
    See the information on DESCRIPTION files in the chapter ‘Creating R
    packages’ of the ‘Writing R Extensions’ manual.
Flavors: r-devel-linux-x86_64-debian-clang, r-devel-linux-x86_64-debian-gcc, r-devel-linux-x86_64-fedora-clang, r-devel-linux-x86_64-fedora-gcc, r-devel-osx-x86_64-clang, r-devel-windows-ix86+x86_64, r-patched-linux-x86_64, r-patched-solaris-sparc, r-patched-solaris-x86, r-release-linux-ix86, r-release-linux-x86_64, r-release-osx-x86_64-mavericks, r-release-windows-ix86+x86_64, r-oldrel-windows-ix86+x86_64