CRAN Package Check Results for Package crawl

Last updated on 2017-03-23 19:49:37.

Flavor Version Tinstall Tcheck Ttotal Status Flags
r-devel-linux-x86_64-debian-clang 2.0.1 65.26 361.26 426.52 NOTE
r-devel-linux-x86_64-debian-gcc 2.0.1 68.00 347.16 415.16 NOTE
r-devel-linux-x86_64-fedora-clang 2.0.1 1310.89 NOTE --no-stop-on-test-error
r-devel-linux-x86_64-fedora-gcc 2.0.1 1269.61 NOTE --no-stop-on-test-error
r-devel-macos-x86_64-clang 2.0.1 706.60 NOTE --no-stop-on-test-error
r-devel-windows-ix86+x86_64 2.0.1 188.00 553.00 741.00 OK
r-patched-linux-x86_64 2.0.1 53.37 354.90 408.27 OK
r-patched-solaris-sparc 2.0.1 826.80 OK --no-vignettes
r-patched-solaris-x86 2.0.1 1508.40 OK
r-release-linux-x86_64 2.0.1 54.39 353.03 407.41 OK
r-release-osx-x86_64-mavericks 2.0.1 NOTE
r-release-windows-ix86+x86_64 2.0.1 220.00 559.00 779.00 OK
r-oldrel-windows-ix86+x86_64 2.0.1 201.00 823.00 1024.00 OK

Check Details

Version: 2.0.1
Check: compiled code
Result: NOTE
    File ‘crawl/libs/crawl.so’:
     Found no calls to: ‘R_registerRoutines’, ‘R_useDynamicSymbols’
    
    It is good practice to register native routines and to disable symbol
    search.
    
    See ‘Writing portable packages’ in the ‘Writing R Extensions’ manual.
Flavors: r-devel-linux-x86_64-debian-clang, r-devel-linux-x86_64-debian-gcc

Version: 2.0.1
Flags: --no-stop-on-test-error
Check: installed package size
Result: NOTE
     installed size is 7.6Mb
     sub-directories of 1Mb or more:
     doc 2.2Mb
     libs 4.7Mb
Flavors: r-devel-linux-x86_64-fedora-clang, r-devel-linux-x86_64-fedora-gcc

Version: 2.0.1
Flags: --no-stop-on-test-error
Check: compiled code
Result: NOTE
    File ‘crawl/libs/crawl.so’:
     Found no calls to: ‘R_registerRoutines’, ‘R_useDynamicSymbols’
    
    It is good practice to register native routines and to disable symbol
    search.
    
    See ‘Writing portable packages’ in the ‘Writing R Extensions’ manual.
Flavors: r-devel-linux-x86_64-fedora-clang, r-devel-linux-x86_64-fedora-gcc, r-devel-macos-x86_64-clang

Version: 2.0.1
Check: installed package size
Result: NOTE
     installed size is 7.0Mb
     sub-directories of 1Mb or more:
     doc 2.2Mb
     libs 4.1Mb
Flavor: r-release-osx-x86_64-mavericks