CRAN Package Check Results for Package crawl

Last updated on 2014-08-29 08:49:37.

Flavor Version Tinstall Tcheck Ttotal Status Flags
r-devel-linux-x86_64-debian-clang 1.4-1 6.50 40.00 46.50 NOTE
r-devel-linux-x86_64-debian-gcc 1.4-1 6.43 39.36 45.80 NOTE
r-devel-linux-x86_64-fedora-clang 1.4-1 109.63 NOTE
r-devel-linux-x86_64-fedora-gcc 1.4-1 100.04 NOTE
r-devel-osx-x86_64-clang 1.4-1 85.64 NOTE
r-devel-windows-ix86+x86_64 1.4-1 24.00 75.00 99.00 NOTE
r-patched-linux-x86_64 1.4-1 6.82 40.28 47.10 NOTE
r-patched-solaris-sparc 1.4-1 606.40 NOTE
r-patched-solaris-x86 1.4-1 145.80 NOTE
r-release-linux-ix86 1.4-1 8.92 50.47 59.39 NOTE
r-release-linux-x86_64 1.4-1 6.60 41.56 48.16 NOTE
r-release-osx-x86_64-mavericks 1.4-1 NOTE
r-release-windows-ix86+x86_64 1.4-1 23.00 83.00 106.00 NOTE
r-oldrel-windows-ix86+x86_64 1.4-1 24.00 72.00 96.00 NOTE

Check Details

Version: 1.4-1
Check: dependencies in R code
Result: NOTE
    'library' or 'require' calls to packages already attached by Depends:
     ‘raster’ ‘sp’
     Please remove these calls from your code.
    See the information on DESCRIPTION files in the chapter ‘Creating R
    packages’ of the ‘Writing R Extensions’ manual.
Flavors: r-devel-linux-x86_64-debian-clang, r-devel-linux-x86_64-debian-gcc, r-devel-linux-x86_64-fedora-clang, r-devel-linux-x86_64-fedora-gcc, r-devel-osx-x86_64-clang, r-devel-windows-ix86+x86_64, r-patched-linux-x86_64, r-patched-solaris-sparc, r-patched-solaris-x86, r-release-linux-ix86, r-release-linux-x86_64, r-release-osx-x86_64-mavericks, r-release-windows-ix86+x86_64, r-oldrel-windows-ix86+x86_64