CRAN Package Check Results for Package crawl

Last updated on 2016-12-08 03:54:08.

Flavor Version Tinstall Tcheck Ttotal Status Flags
r-devel-linux-x86_64-debian-clang 2.0.1 64.32 452.95 517.27 OK
r-devel-linux-x86_64-debian-gcc 2.0.1 66.87 453.65 520.52 OK
r-devel-linux-x86_64-fedora-clang 2.0.1 1294.99 NOTE --no-stop-on-test-error
r-devel-linux-x86_64-fedora-gcc 2.0.1 1289.36 NOTE --no-stop-on-test-error
r-devel-macos-x86_64-clang 2.0.1 742.95 OK
r-devel-windows-ix86+x86_64 2.0.1 164.00 566.00 730.00 OK
r-patched-linux-x86_64 2.0.1 52.92 446.89 499.82 OK
r-patched-solaris-sparc 2.0.1 821.10 OK --no-vignettes
r-patched-solaris-x86 2.0.1 1689.30 OK
r-release-linux-x86_64 2.0.1 52.34 447.52 499.86 OK
r-release-osx-x86_64-mavericks 2.0.1 NOTE
r-release-windows-ix86+x86_64 2.0.1 170.00 539.00 709.00 OK
r-oldrel-windows-ix86+x86_64 2.0.1 193.00 770.00 963.00 OK

Check Details

Version: 2.0.1
Flags: --no-stop-on-test-error
Check: installed package size
Result: NOTE
     installed size is 7.7Mb
     sub-directories of 1Mb or more:
     doc 2.2Mb
     libs 4.8Mb
Flavors: r-devel-linux-x86_64-fedora-clang, r-devel-linux-x86_64-fedora-gcc

Version: 2.0.1
Check: installed package size
Result: NOTE
     installed size is 7.0Mb
     sub-directories of 1Mb or more:
     doc 2.2Mb
     libs 4.1Mb
Flavor: r-release-osx-x86_64-mavericks