CRAN Package Check Results for Package coxrobust

Last updated on 2015-07-02 20:46:29.

Flavor Version Tinstall Tcheck Ttotal Status Flags
r-devel-linux-x86_64-debian-clang 1.0 1.14 10.81 11.94 NOTE
r-devel-linux-x86_64-debian-gcc 1.0 1.16 10.11 11.26 NOTE
r-devel-linux-x86_64-fedora-clang 1.0 20.37 NOTE
r-devel-linux-x86_64-fedora-gcc 1.0 20.60 NOTE
r-devel-osx-x86_64-clang 1.0 22.17 NOTE
r-devel-windows-ix86+x86_64 1.0 16.00 25.00 41.00 NOTE
r-patched-linux-x86_64 1.0 1.22 10.12 11.33 NOTE
r-patched-solaris-sparc 1.0 138.80 NOTE
r-patched-solaris-x86 1.0 33.20 NOTE
r-release-linux-x86_64 1.0 1.28 10.75 12.03 NOTE
r-release-osx-x86_64-mavericks 1.0 NOTE
r-release-windows-ix86+x86_64 1.0 11.00 25.00 36.00 NOTE
r-oldrel-windows-ix86+x86_64 1.0 10.00 27.00 37.00 NOTE

Check Details

Version: 1.0
Check: DESCRIPTION meta-information
Result: NOTE
    Malformed Description field: should contain one or more complete sentences.
Flavors: r-devel-linux-x86_64-debian-clang, r-devel-linux-x86_64-debian-gcc, r-devel-linux-x86_64-fedora-clang, r-devel-linux-x86_64-fedora-gcc, r-devel-osx-x86_64-clang, r-devel-windows-ix86+x86_64, r-patched-linux-x86_64, r-patched-solaris-sparc, r-patched-solaris-x86, r-release-linux-x86_64, r-release-osx-x86_64-mavericks, r-release-windows-ix86+x86_64

Version: 1.0
Check: dependencies in R code
Result: NOTE
    Package in Depends field not imported from: ‘survival’
     These packages need to be imported from (in the NAMESPACE file)
     for when this namespace is loaded but not attached.
Flavors: r-devel-linux-x86_64-debian-clang, r-devel-linux-x86_64-debian-gcc, r-devel-linux-x86_64-fedora-clang, r-devel-linux-x86_64-fedora-gcc, r-devel-osx-x86_64-clang, r-devel-windows-ix86+x86_64, r-patched-linux-x86_64, r-patched-solaris-sparc, r-patched-solaris-x86, r-release-linux-x86_64, r-release-osx-x86_64-mavericks, r-release-windows-ix86+x86_64, r-oldrel-windows-ix86+x86_64

Version: 1.0
Check: R code for possible problems
Result: NOTE
    coxr: no visible global function definition for ‘model.extract’
    coxr: no visible global function definition for ‘model.matrix’
    coxr.draw: no visible global function definition for ‘plot’
    coxr.draw: no visible global function definition for ‘lines’
    coxr.draw: no visible global function definition for ‘points’
    coxr.fit: no visible global function definition for ‘quantile’
    gen_data: no visible global function definition for ‘rnorm’
    gen_data: no visible global function definition for ‘rexp’
    plot.coxr: no visible global function definition for ‘quantile’
    plot.coxr: no visible global function definition for ‘par’
    plot.coxr: no visible global function definition for ‘mtext’
    plot.coxr: no visible global function definition for ‘title’
    plot.coxr: no visible global function definition for ‘split.screen’
    plot.coxr: no visible global function definition for ‘screen’
    plot.coxr: no visible global function definition for ‘close.screen’
    print.coxr: no visible global function definition for ‘pnorm’
    print.coxr: no visible global function definition for ‘pchisq’
    Undefined global functions or variables:
     close.screen lines model.extract model.matrix mtext par pchisq plot
     pnorm points quantile rexp rnorm screen split.screen title
Flavors: r-devel-linux-x86_64-debian-clang, r-devel-linux-x86_64-fedora-clang, r-devel-linux-x86_64-fedora-gcc

Version: 1.0
Check: R code for possible problems
Result: NOTE
    coxr: no visible global function definition for ‘model.extract’
    coxr: no visible global function definition for ‘model.matrix’
    coxr.draw: no visible global function definition for ‘plot’
    coxr.draw: no visible global function definition for ‘lines’
    coxr.draw: no visible global function definition for ‘points’
    coxr.fit: no visible global function definition for ‘quantile’
    gen_data: no visible global function definition for ‘rnorm’
    gen_data: no visible global function definition for ‘rexp’
    plot.coxr: no visible global function definition for ‘quantile’
    plot.coxr: no visible global function definition for ‘par’
    plot.coxr: no visible global function definition for ‘mtext’
    plot.coxr: no visible global function definition for ‘title’
    plot.coxr: no visible global function definition for ‘split.screen’
    plot.coxr: no visible global function definition for ‘screen’
    plot.coxr: no visible global function definition for ‘close.screen’
    print.coxr: no visible global function definition for ‘pnorm’
    print.coxr: no visible global function definition for ‘pchisq’
Flavor: r-devel-linux-x86_64-debian-gcc

Version: 1.0
Check: R code for possible problems
Result: NOTE
    plot.coxr: warning in close.screen(all = TRUE): partial argument match
     of 'all' to 'all.screens'
Flavors: r-devel-osx-x86_64-clang, r-devel-windows-ix86+x86_64, r-patched-linux-x86_64, r-patched-solaris-sparc, r-patched-solaris-x86, r-release-linux-x86_64, r-release-osx-x86_64-mavericks, r-release-windows-ix86+x86_64, r-oldrel-windows-ix86+x86_64