CRAN Package Check Results for Package coxrobust

Last updated on 2014-09-21 13:46:39.

Flavor Version Tinstall Tcheck Ttotal Status Flags
r-devel-linux-x86_64-debian-clang 1.0 1.14 11.06 12.20 NOTE
r-devel-linux-x86_64-debian-gcc 1.0 1.19 10.86 12.04 NOTE
r-devel-linux-x86_64-fedora-clang 1.0 23.82 NOTE
r-devel-linux-x86_64-fedora-gcc 1.0 22.66 NOTE
r-devel-osx-x86_64-clang 1.0 28.20 NOTE
r-devel-windows-ix86+x86_64 1.0 10.00 22.00 32.00 NOTE
r-patched-linux-x86_64 1.0 1.33 11.28 12.60 NOTE
r-patched-solaris-sparc 1.0 143.10 NOTE
r-patched-solaris-x86 1.0 35.00 NOTE
r-release-linux-ix86 1.0 1.87 17.34 19.21 NOTE
r-release-linux-x86_64 1.0 1.33 11.53 12.86 NOTE
r-release-osx-x86_64-mavericks 1.0 NOTE
r-release-windows-ix86+x86_64 1.0 15.00 24.00 39.00 NOTE
r-oldrel-windows-ix86+x86_64 1.0 10.00 25.00 35.00 NOTE

Check Details

Version: 1.0
Check: dependencies in R code
Result: NOTE
    Package in Depends field not imported from: ‘survival’
     These packages need to be imported from (in the NAMESPACE file)
     for when this namespace is loaded but not attached.
    See the information on DESCRIPTION files in the chapter ‘Creating R
    packages’ of the ‘Writing R Extensions’ manual.
Flavors: r-devel-linux-x86_64-debian-clang, r-devel-linux-x86_64-debian-gcc, r-devel-linux-x86_64-fedora-clang, r-devel-linux-x86_64-fedora-gcc, r-devel-osx-x86_64-clang, r-devel-windows-ix86+x86_64, r-patched-linux-x86_64, r-patched-solaris-sparc, r-patched-solaris-x86, r-release-linux-ix86, r-release-linux-x86_64, r-release-osx-x86_64-mavericks, r-release-windows-ix86+x86_64, r-oldrel-windows-ix86+x86_64

Version: 1.0
Check: R code for possible problems
Result: NOTE
    plot.coxr: warning in close.screen(all = TRUE): partial argument match
     of ‘all’ to ‘all.screens’
Flavors: r-devel-linux-x86_64-debian-clang, r-devel-linux-x86_64-debian-gcc, r-devel-linux-x86_64-fedora-clang, r-devel-linux-x86_64-fedora-gcc, r-devel-osx-x86_64-clang, r-devel-windows-ix86+x86_64, r-patched-linux-x86_64, r-patched-solaris-sparc, r-patched-solaris-x86, r-release-linux-ix86, r-release-linux-x86_64, r-release-osx-x86_64-mavericks, r-release-windows-ix86+x86_64, r-oldrel-windows-ix86+x86_64