CRAN Package Check Results for Package clustvarsel

Last updated on 2017-03-26 21:47:40.

Flavor Version Tinstall Tcheck Ttotal Status Flags
r-devel-linux-x86_64-debian-clang 2.3 3.74 494.29 498.03 OK
r-devel-linux-x86_64-debian-gcc 2.3 3.98 489.58 493.56 OK
r-devel-linux-x86_64-fedora-clang 2.3 1234.17 OK --no-stop-on-test-error
r-devel-linux-x86_64-fedora-gcc 2.3 1222.66 OK --no-stop-on-test-error
r-devel-macos-x86_64-clang 2.3 596.96 OK --no-stop-on-test-error
r-patched-linux-x86_64 2.3 4.09 498.00 502.09 OK
r-patched-solaris-sparc 2.3 6000.50 WARN
r-patched-solaris-x86 2.3 1291.50 OK
r-release-linux-x86_64 2.3 3.64 490.03 493.67 OK
r-release-osx-x86_64-mavericks 2.3 OK
r-release-windows-ix86+x86_64 2.3 14.00 910.00 924.00 OK
r-oldrel-windows-ix86+x86_64 2.3 11.00 825.00 836.00 OK

Check Details

Version: 2.3
Check: re-building of vignette outputs
Result: WARN
    Error in re-building vignettes:
     ...
    Warning in engine$weave(file, quiet = quiet, encoding = enc) :
     Pandoc (>= 1.12.3) and/or pandoc-citeproc not available. Falling back to R Markdown v1.
    Loading required package: mclust
    Package 'mclust' version 5.2.2
    Type 'citation("mclust")' for citing this R package in publications.
    Loading required package: BMA
    Loading required package: survival
    Loading required package: leaps
    Loading required package: robustbase
    
    Attaching package: 'robustbase'
    
    The following object is masked from 'package:survival':
    
     heart
    
    Loading required package: inline
    Loading required package: rrcov
    Scalable Robust Estimators with High Breakdown Point (version 1.4-3)
    
    Loading required package: foreach
    Loading required package: iterators
    Package 'clustvarsel' version 2.3
    Type 'citation("clustvarsel")' for citing this R package in publications.
Flavor: r-patched-solaris-sparc