CRAN Package Check Results for Package clustvarsel

Last updated on 2014-07-23 15:47:42.

Flavor Version Tinstall Tcheck Ttotal Status Flags
r-devel-linux-x86_64-debian-clang 2.0 1.99 22.03 24.02 NOTE
r-devel-linux-x86_64-debian-gcc 2.0 1.85 21.45 23.30 NOTE
r-devel-linux-x86_64-fedora-clang 2.0 50.19 NOTE
r-devel-linux-x86_64-fedora-gcc 2.0 47.28 NOTE
r-devel-osx-x86_64-clang 2.0 47.59 NOTE
r-devel-windows-ix86+x86_64 2.0 6.00 36.00 42.00 NOTE
r-patched-linux-x86_64 2.0 1.92 21.52 23.44 NOTE
r-patched-solaris-sparc 2.0 276.60 NOTE
r-patched-solaris-x86 2.0 63.70 NOTE
r-release-linux-ix86 2.0 2.43 31.83 34.26 NOTE
r-release-linux-x86_64 2.0 1.97 22.63 24.60 NOTE
r-release-osx-x86_64-mavericks 2.0 NOTE
r-release-osx-x86_64-snowleopard 2.0 OK
r-release-windows-ix86+x86_64 2.0 8.00 38.00 46.00 NOTE
r-oldrel-windows-ix86+x86_64 2.0 9.00 39.00 48.00 NOTE

Check Details

Version: 2.0
Check: dependencies in R code
Result: NOTE
    Packages in Depends field not imported from:
     ‘BMA’ ‘foreach’ ‘iterators’ ‘mclust’
     These packages need to be imported from (in the NAMESPACE file)
     for when this namespace is loaded but not attached.
    See the information on DESCRIPTION files in the chapter ‘Creating R
    packages’ of the ‘Writing R Extensions’ manual.
Flavors: r-devel-linux-x86_64-debian-clang, r-devel-linux-x86_64-debian-gcc, r-devel-linux-x86_64-fedora-clang, r-devel-linux-x86_64-fedora-gcc, r-devel-osx-x86_64-clang, r-devel-windows-ix86+x86_64, r-patched-linux-x86_64, r-patched-solaris-sparc, r-patched-solaris-x86, r-release-linux-ix86, r-release-linux-x86_64, r-release-osx-x86_64-mavericks, r-release-windows-ix86+x86_64, r-oldrel-windows-ix86+x86_64