CRAN Package Check Results for Package clustvarsel

Last updated on 2014-10-31 17:49:08.

Flavor Version Tinstall Tcheck Ttotal Status Flags
r-devel-linux-x86_64-debian-clang 2.1 2.07 24.18 26.25 OK
r-devel-linux-x86_64-debian-gcc 2.1 2.02 24.80 26.83 OK
r-devel-linux-x86_64-fedora-clang 2.1 54.12 OK
r-devel-linux-x86_64-fedora-gcc 2.1 50.59 OK
r-devel-osx-x86_64-clang 2.1 51.64 OK
r-devel-windows-ix86+x86_64 2.1 9.00 39.00 48.00 OK
r-patched-linux-x86_64 2.1 2.22 24.68 26.89 OK
r-patched-solaris-sparc 2.1 317.30 OK
r-patched-solaris-x86 2.1 71.10 OK
r-release-linux-ix86 2.0 2.88 35.08 37.96 NOTE
r-release-linux-x86_64 2.0 2.24 25.28 27.52 NOTE
r-release-osx-x86_64-mavericks 2.1 OK
r-release-osx-x86_64-snowleopard 2.1 OK
r-release-windows-ix86+x86_64 2.1 8.00 41.00 49.00 OK
r-oldrel-windows-ix86+x86_64 2.1 8.00 42.00 50.00 OK

Check Details

Version: 2.0
Check: dependencies in R code
Result: NOTE
    Packages in Depends field not imported from:
     ‘BMA’ ‘foreach’ ‘iterators’ ‘mclust’
     These packages need to be imported from (in the NAMESPACE file)
     for when this namespace is loaded but not attached.
    See the information on DESCRIPTION files in the chapter ‘Creating R
    packages’ of the ‘Writing R Extensions’ manual.
Flavors: r-release-linux-ix86, r-release-linux-x86_64