CRAN Package Check Results for Package clustvarsel

Last updated on 2014-04-16 11:47:16.

Flavor Version Tinstall Tcheck Ttotal Status Flags
r-devel-linux-x86_64-debian-clang 2.0 2.05 23.60 25.65 NOTE
r-devel-linux-x86_64-debian-gcc 2.0 2.06 22.96 25.02 NOTE
r-devel-linux-x86_64-fedora-clang 2.0 49.28 NOTE
r-devel-linux-x86_64-fedora-gcc 2.0 46.90 NOTE
r-devel-macosx-x86_64-clang 2.0 50.26 NOTE
r-devel-macosx-x86_64-gcc 2.0 ERROR
r-devel-windows-ix86+x86_64 2.0 6.00 36.00 42.00 NOTE
r-patched-linux-x86_64 2.0 2.19 23.13 25.32 NOTE
r-patched-solaris-sparc 2.0 276.60 NOTE
r-patched-solaris-x86 2.0 65.10 NOTE
r-release-linux-ix86 2.0 5.00 45.00 50.00 NOTE
r-release-linux-x86_64 2.0 2.16 23.36 25.51 NOTE
r-release-macosx-x86_64 2.0 OK
r-release-windows-ix86+x86_64 2.0 6.00 38.00 44.00 NOTE
r-oldrel-windows-ix86+x86_64 2.0 7.00 38.00 45.00 NOTE

Check Details

Version: 2.0
Check: dependencies in R code
Result: NOTE
    Packages in Depends field not imported from:
     ‘BMA’ ‘foreach’ ‘iterators’ ‘mclust’
     These packages need to be imported from (in the NAMESPACE file)
     for when this namespace is loaded but not attached.
    See the information on DESCRIPTION files in the chapter ‘Creating R
    packages’ of the ‘Writing R Extensions’ manual.
Flavors: r-devel-linux-x86_64-debian-clang, r-devel-linux-x86_64-debian-gcc, r-devel-linux-x86_64-fedora-clang, r-devel-linux-x86_64-fedora-gcc, r-devel-macosx-x86_64-clang, r-devel-windows-ix86+x86_64, r-patched-linux-x86_64, r-patched-solaris-sparc, r-patched-solaris-x86, r-release-linux-ix86, r-release-linux-x86_64, r-release-windows-ix86+x86_64, r-oldrel-windows-ix86+x86_64

Version: 2.0
Check: package dependencies
Result: ERROR
    Package required but not available: ‘BMA’
    
    See the information on DESCRIPTION files in the chapter ‘Creating R
    packages’ of the ‘Writing R Extensions’ manual.
Flavor: r-devel-macosx-x86_64-gcc