CRAN Package Check Results for Package clustvarsel

Last updated on 2015-03-06 14:46:52.

Flavor Version Tinstall Tcheck Ttotal Status Flags
r-devel-linux-x86_64-debian-clang 2.1 1.91 19.32 21.24 NOTE
r-devel-linux-x86_64-debian-gcc 2.1 2.76 20.06 22.82 NOTE
r-devel-linux-x86_64-fedora-clang 2.1 41.86 NOTE
r-devel-linux-x86_64-fedora-gcc 2.1 39.27 NOTE
r-devel-osx-x86_64-clang 2.1 42.71 NOTE
r-devel-windows-ix86+x86_64 2.1 7.00 34.00 41.00 OK
r-patched-linux-x86_64 2.1 2.41 25.53 27.94 OK
r-patched-solaris-sparc 2.1 334.70 OK
r-patched-solaris-x86 2.1 72.10 OK
r-release-linux-ix86 2.1 2.74 33.73 36.47 OK
r-release-linux-x86_64 2.1 3.37 25.34 28.71 OK
r-release-osx-x86_64-mavericks 2.1 OK
r-release-osx-x86_64-snowleopard 2.1 OK
r-release-windows-ix86+x86_64 2.1 10.00 48.00 58.00 OK
r-oldrel-windows-ix86+x86_64 2.1 9.00 44.00 53.00 OK

Check Details

Version: 2.1
Check: S3 generic/method consistency
Result: NOTE
    Found the following apparent S3 methods exported but not registered:
     print.clustvarsel
    See section ‘Registering S3 methods’ in the ‘Writing R Extensions’
    manual.
Flavors: r-devel-linux-x86_64-debian-clang, r-devel-linux-x86_64-debian-gcc, r-devel-linux-x86_64-fedora-clang, r-devel-linux-x86_64-fedora-gcc, r-devel-osx-x86_64-clang