CRAN Package Check Results for Package clustvarsel

Last updated on 2017-06-28 16:46:52.

Flavor Version Tinstall Tcheck Ttotal Status Flags
r-devel-linux-x86_64-debian-clang 2.3 3.76 491.78 495.53 OK
r-devel-linux-x86_64-debian-gcc 2.3 4.14 488.62 492.76 OK
r-devel-linux-x86_64-fedora-clang 2.3 1227.20 OK
r-devel-linux-x86_64-fedora-gcc 2.3 1220.17 OK
r-devel-windows-ix86+x86_64 2.3 11.00 119.00 130.00 OK --no-vignettes
r-patched-linux-x86_64 2.3 3.83 487.92 491.75 OK
r-patched-solaris-sparc 2.3 6008.80 WARN
r-patched-solaris-x86 2.3 1295.40 OK
r-release-linux-x86_64 2.3 3.80 489.33 493.13 OK
r-release-windows-ix86+x86_64 2.3 10.00 109.00 119.00 OK --no-vignettes
r-release-osx-x86_64 2.3 OK
r-oldrel-windows-ix86+x86_64 2.3 12.00 106.00 118.00 OK --no-vignettes
r-oldrel-osx-x86_64 2.3 OK

Check Details

Version: 2.3
Check: re-building of vignette outputs
Result: WARN
    Error in re-building vignettes:
     ...
    Warning in engine$weave(file, quiet = quiet, encoding = enc) :
     Pandoc (>= 1.12.3) and/or pandoc-citeproc not available. Falling back to R Markdown v1.
    Loading required package: mclust
    Package 'mclust' version 5.3
    Type 'citation("mclust")' for citing this R package in publications.
    Loading required package: BMA
    Loading required package: survival
    Loading required package: leaps
    Loading required package: robustbase
    
    Attaching package: 'robustbase'
    
    The following object is masked from 'package:survival':
    
     heart
    
    Loading required package: inline
    Loading required package: rrcov
    Scalable Robust Estimators with High Breakdown Point (version 1.4-3)
    
    Loading required package: foreach
    Loading required package: iterators
    Package 'clustvarsel' version 2.3
    Type 'citation("clustvarsel")' for citing this R package in publications.
Flavor: r-patched-solaris-sparc