CRAN Package Check Results for Package clustvarsel

Last updated on 2015-07-30 17:47:05.

Flavor Version Tinstall Tcheck Ttotal Status Flags
r-devel-linux-x86_64-debian-clang 2.1 2.16 24.42 26.58 NOTE
r-devel-linux-x86_64-debian-gcc 2.1 2.17 24.13 26.30 NOTE
r-devel-linux-x86_64-fedora-clang 2.1 52.62 NOTE
r-devel-linux-x86_64-fedora-gcc 2.1 49.81 NOTE
r-devel-osx-x86_64-clang 2.1 45.27 NOTE
r-devel-windows-ix86+x86_64 2.1 10.00 39.00 49.00 NOTE
r-patched-linux-x86_64 2.1 2.16 25.15 27.31 NOTE
r-patched-solaris-sparc 2.1 338.60 NOTE
r-patched-solaris-x86 2.1 73.10 NOTE
r-release-linux-x86_64 2.1 2.12 24.28 26.40 NOTE
r-release-osx-x86_64-mavericks 2.1 OK
r-release-windows-ix86+x86_64 2.1 10.00 38.00 48.00 OK
r-oldrel-windows-ix86+x86_64 2.1 14.00 60.00 74.00 OK

Check Details

Version: 2.1
Check: S3 generic/method consistency
Result: NOTE
    Found the following apparent S3 methods exported but not registered:
     print.clustvarsel
    See section ‘Registering S3 methods’ in the ‘Writing R Extensions’
    manual.
Flavors: r-devel-linux-x86_64-debian-clang, r-devel-linux-x86_64-debian-gcc, r-devel-linux-x86_64-fedora-clang, r-devel-linux-x86_64-fedora-gcc, r-devel-osx-x86_64-clang, r-patched-linux-x86_64, r-patched-solaris-sparc, r-patched-solaris-x86, r-release-linux-x86_64

Version: 2.1
Check: R code for possible problems
Result: NOTE
    BICreg: no visible global function definition for ‘lm.fit’
    BICreg: no visible global function definition for ‘residuals’
    BICreg: no visible global function definition for ‘df.residual’
    Undefined global functions or variables:
     df.residual lm.fit residuals
    Consider adding
     importFrom("stats", "df.residual", "lm.fit", "residuals")
    to your NAMESPACE.
Flavors: r-devel-linux-x86_64-debian-clang, r-devel-linux-x86_64-debian-gcc, r-devel-linux-x86_64-fedora-clang, r-devel-linux-x86_64-fedora-gcc, r-devel-windows-ix86+x86_64