CRAN Package Check Results for Package clustvarsel

Last updated on 2015-01-30 17:51:49.

Flavor Version Tinstall Tcheck Ttotal Status Flags
r-devel-linux-x86_64-debian-clang 2.1 1.94 20.55 22.49 NOTE
r-devel-linux-x86_64-debian-gcc 2.1 1.89 19.87 21.76 NOTE
r-devel-linux-x86_64-fedora-clang 2.1 49.06 NOTE
r-devel-linux-x86_64-fedora-gcc 2.1 45.62 NOTE
r-devel-osx-x86_64-clang 2.1 52.89 NOTE
r-devel-windows-ix86+x86_64 2.1 8.00 30.00 38.00 OK
r-patched-linux-x86_64 2.1 2.61 24.87 27.48 OK
r-patched-solaris-sparc 2.1 315.70 OK
r-patched-solaris-x86 2.1 71.90 OK
r-release-linux-ix86 2.1 2.63 32.43 35.06 OK
r-release-linux-x86_64 2.1 2.20 24.94 27.14 OK
r-release-osx-x86_64-mavericks 2.1 OK
r-release-osx-x86_64-snowleopard 2.1 OK
r-release-windows-ix86+x86_64 2.1 8.00 44.00 52.00 OK
r-oldrel-windows-ix86+x86_64 2.1 9.00 44.00 53.00 OK

Check Details

Version: 2.1
Check: S3 generic/method consistency
Result: NOTE
    Found the following apparent S3 methods exported but not registered:
     print.clustvarsel
    See section ‘Registering S3 methods’ in the ‘Writing R Extensions’
    manual.
Flavors: r-devel-linux-x86_64-debian-clang, r-devel-linux-x86_64-debian-gcc, r-devel-linux-x86_64-fedora-clang, r-devel-linux-x86_64-fedora-gcc, r-devel-osx-x86_64-clang