CRAN Package Check Results for Package clustvarsel

Last updated on 2015-04-20 18:57:39.

Flavor Version Tinstall Tcheck Ttotal Status Flags
r-devel-linux-x86_64-debian-clang 2.1 2.67 20.96 23.63 NOTE
r-devel-linux-x86_64-debian-gcc 2.1 1.70 21.14 22.85 NOTE
r-devel-linux-x86_64-fedora-clang 2.1 43.89 NOTE
r-devel-linux-x86_64-fedora-gcc 2.1 42.59 NOTE
r-devel-osx-x86_64-clang 2.1 44.94 NOTE
r-devel-windows-ix86+x86_64 2.1 9.00 34.00 43.00 OK
r-patched-linux-x86_64 2.1 1.72 21.36 23.08 NOTE
r-patched-solaris-sparc 2.1 261.60 OK
r-patched-solaris-x86 2.1 60.30 OK
r-release-linux-x86_64 2.1 1.72 20.92 22.64 NOTE
r-release-osx-x86_64-mavericks 2.1 OK
r-release-osx-x86_64-snowleopard 2.1 OK
r-release-windows-ix86+x86_64 2.1 5.00 29.00 34.00 WARN
r-oldrel-windows-ix86+x86_64 2.1 9.00 45.00 54.00 OK

Check Details

Version: 2.1
Check: S3 generic/method consistency
Result: NOTE
    Found the following apparent S3 methods exported but not registered:
     print.clustvarsel
    See section ‘Registering S3 methods’ in the ‘Writing R Extensions’
    manual.
Flavors: r-devel-linux-x86_64-debian-clang, r-devel-linux-x86_64-debian-gcc, r-devel-linux-x86_64-fedora-clang, r-devel-linux-x86_64-fedora-gcc, r-devel-osx-x86_64-clang, r-patched-linux-x86_64, r-release-linux-x86_64

Version: 2.1
Check: whether package can be installed
Result: WARN
    Found the following significant warnings:
     Warning: package 'survival' was built under R version 3.3.0
Flavor: r-release-windows-ix86+x86_64