CRAN Package Check Results for Package clustvarsel

Last updated on 2014-09-16 11:49:12.

Flavor Version Tinstall Tcheck Ttotal Status Flags
r-devel-linux-x86_64-debian-clang 2.0 2.14 23.48 25.62 NOTE
r-devel-linux-x86_64-debian-gcc 2.0 1.97 23.56 25.52 NOTE
r-devel-linux-x86_64-fedora-clang 2.0 46.41 NOTE
r-devel-linux-x86_64-fedora-gcc 2.0 50.33 NOTE
r-devel-osx-x86_64-clang 2.0 48.53 NOTE
r-devel-windows-ix86+x86_64 2.0 8.00 41.00 49.00 NOTE
r-patched-linux-x86_64 2.0 2.35 24.45 26.80 NOTE
r-patched-solaris-sparc 2.0 270.40 NOTE
r-patched-solaris-x86 2.0 69.90 NOTE
r-release-linux-ix86 2.0 2.71 35.03 37.74 NOTE
r-release-linux-x86_64 2.0 2.34 25.46 27.80 NOTE
r-release-osx-x86_64-mavericks 2.0 NOTE
r-release-osx-x86_64-snowleopard 2.0 OK
r-release-windows-ix86+x86_64 2.0 8.00 44.00 52.00 NOTE
r-oldrel-windows-ix86+x86_64 2.0 9.00 46.00 55.00 NOTE

Check Details

Version: 2.0
Check: dependencies in R code
Result: NOTE
    Packages in Depends field not imported from:
     ‘BMA’ ‘foreach’ ‘iterators’ ‘mclust’
     These packages need to be imported from (in the NAMESPACE file)
     for when this namespace is loaded but not attached.
    See the information on DESCRIPTION files in the chapter ‘Creating R
    packages’ of the ‘Writing R Extensions’ manual.
Flavors: r-devel-linux-x86_64-debian-clang, r-devel-linux-x86_64-debian-gcc, r-devel-linux-x86_64-fedora-clang, r-devel-linux-x86_64-fedora-gcc, r-devel-osx-x86_64-clang, r-devel-windows-ix86+x86_64, r-patched-linux-x86_64, r-patched-solaris-sparc, r-patched-solaris-x86, r-release-linux-ix86, r-release-linux-x86_64, r-release-osx-x86_64-mavericks, r-release-windows-ix86+x86_64, r-oldrel-windows-ix86+x86_64

Version: 2.0
Check: R code for possible problems
Result: NOTE
    BICreg: no visible global function definition for ‘bicreg’
    clustvarsel: no visible global function definition for ‘mclust.options’
    clvarselgrbkw: no visible global function definition for
     ‘mclust.options’
    clvarselgrbkw: no visible global function definition for ‘Mclust’
    clvarselgrbkw: no visible global function definition for ‘hc’
    clvarselgrbkw: no visible binding for global variable ‘%dopar%’
    clvarselgrbkw: no visible binding for global variable ‘%do%’
    clvarselgrbkw: no visible global function definition for ‘foreach’
    clvarselgrfwd: no visible global function definition for
     ‘mclust.options’
    clvarselgrfwd: no visible binding for global variable ‘%dopar%’
    clvarselgrfwd: no visible binding for global variable ‘%do%’
    clvarselgrfwd: no visible global function definition for ‘foreach’
    clvarselgrfwd: no visible global function definition for ‘Mclust’
    clvarselgrfwd: no visible global function definition for ‘hcE’
    clvarselgrfwd: no visible global function definition for ‘hc’
    clvarselgrfwd: no visible global function definition for ‘hcEEE’
    clvarselhlbkw: no visible global function definition for
     ‘mclust.options’
    clvarselhlfwd: no visible global function definition for
     ‘mclust.options’
    clvarselhlfwd: no visible global function definition for ‘Mclust’
    clvarselhlfwd: no visible global function definition for ‘hcE’
    clvarselhlfwd: no visible global function definition for ‘hc’
    clvarselhlfwd: no visible global function definition for ‘hcEEE’
    startParallel: no visible global function definition for ‘detectCores’
    startParallel: no visible global function definition for ‘makeCluster’
    startParallel: no visible global function definition for
     ‘clusterExport’
    startParallel : <anonymous>: no visible global function definition for
     ‘clusterCall’
    startParallel: no visible global function definition for
     ‘registerDoParallel’
Flavors: r-devel-linux-x86_64-debian-clang, r-devel-linux-x86_64-debian-gcc, r-devel-linux-x86_64-fedora-clang, r-devel-linux-x86_64-fedora-gcc, r-devel-osx-x86_64-clang, r-devel-windows-ix86+x86_64