CRAN Package Check Results for Package clustvarsel

Last updated on 2015-05-29 17:47:11.

Flavor Version Tinstall Tcheck Ttotal Status Flags
r-devel-linux-x86_64-debian-clang 2.1 1.82 20.64 22.46 NOTE
r-devel-linux-x86_64-debian-gcc 2.1 1.86 20.91 22.78 NOTE
r-devel-linux-x86_64-fedora-clang 2.1 46.23 NOTE
r-devel-linux-x86_64-fedora-gcc 2.1 41.30 NOTE
r-devel-osx-x86_64-clang 2.1 43.95 NOTE
r-devel-windows-ix86+x86_64 2.1 5.00 34.00 39.00 OK
r-patched-linux-x86_64 2.1 1.76 20.55 22.31 NOTE
r-patched-solaris-sparc 2.1 283.30 NOTE
r-patched-solaris-x86 2.1 61.80 NOTE
r-release-linux-x86_64 2.1 1.70 20.44 22.15 NOTE
r-release-osx-x86_64-mavericks 2.1 OK
r-release-osx-x86_64-snowleopard 2.1 OK
r-release-windows-ix86+x86_64 2.1 7.00 32.00 39.00 OK
r-oldrel-windows-ix86+x86_64 2.1 8.00 50.00 58.00 OK

Check Details

Version: 2.1
Check: S3 generic/method consistency
Result: NOTE
    Found the following apparent S3 methods exported but not registered:
     print.clustvarsel
    See section ‘Registering S3 methods’ in the ‘Writing R Extensions’
    manual.
Flavors: r-devel-linux-x86_64-debian-clang, r-devel-linux-x86_64-debian-gcc, r-devel-linux-x86_64-fedora-clang, r-devel-linux-x86_64-fedora-gcc, r-devel-osx-x86_64-clang, r-patched-linux-x86_64, r-patched-solaris-sparc, r-patched-solaris-x86, r-release-linux-x86_64