CRAN Package Check Results for Package clustvarsel

Last updated on 2017-05-22 18:51:34.

Flavor Version Tinstall Tcheck Ttotal Status Flags
r-devel-linux-x86_64-debian-clang 2.3 3.87 495.73 499.60 OK
r-devel-linux-x86_64-debian-gcc 2.3 4.24 490.09 494.33 OK
r-devel-linux-x86_64-fedora-clang 2.3 1229.60 OK --no-stop-on-test-error
r-devel-linux-x86_64-fedora-gcc 2.3 1078.18 OK --no-stop-on-test-error
r-devel-windows-ix86+x86_64 2.3 13.00 80.00 93.00 OK --no-vignettes
r-patched-linux-x86_64 2.3 3.86 493.87 497.72 OK
r-patched-solaris-sparc 2.3 6000.50 WARN
r-patched-solaris-x86 2.3 1290.40 OK
r-release-linux-x86_64 2.3 4.08 496.38 500.46 OK
r-release-windows-ix86+x86_64 2.3 10.00 173.00 183.00 OK --no-vignettes
r-release-osx-x86_64 2.3 OK
r-oldrel-windows-ix86+x86_64 2.3 16.00 99.00 115.00 OK --no-vignettes
r-oldrel-osx-x86_64 2.3 OK

Check Details

Version: 2.3
Check: re-building of vignette outputs
Result: WARN
    Error in re-building vignettes:
     ...
    Warning in engine$weave(file, quiet = quiet, encoding = enc) :
     Pandoc (>= 1.12.3) and/or pandoc-citeproc not available. Falling back to R Markdown v1.
    Loading required package: mclust
    Package 'mclust' version 5.2.2
    Type 'citation("mclust")' for citing this R package in publications.
    Loading required package: BMA
    Loading required package: survival
    Loading required package: leaps
    Loading required package: robustbase
    
    Attaching package: 'robustbase'
    
    The following object is masked from 'package:survival':
    
     heart
    
    Loading required package: inline
    Loading required package: rrcov
    Scalable Robust Estimators with High Breakdown Point (version 1.4-3)
    
    Loading required package: foreach
    Loading required package: iterators
    Package 'clustvarsel' version 2.3
    Type 'citation("clustvarsel")' for citing this R package in publications.
Flavor: r-patched-solaris-sparc