CRAN Package Check Results for Package clustvarsel

Last updated on 2015-09-01 19:47:08.

Flavor Version Tinstall Tcheck Ttotal Status Flags
r-devel-linux-x86_64-debian-clang 2.1 2.06 23.72 25.78 NOTE
r-devel-linux-x86_64-debian-gcc 2.1 2.02 23.11 25.13 NOTE
r-devel-linux-x86_64-fedora-clang 2.1 50.25 NOTE
r-devel-linux-x86_64-fedora-gcc 2.1 47.44 NOTE
r-devel-osx-x86_64-clang 2.1 43.54 NOTE
r-devel-windows-ix86+x86_64 2.1 11.00 43.00 54.00 NOTE
r-patched-linux-x86_64 2.1 2.25 24.33 26.58 NOTE
r-patched-solaris-sparc 2.1 338.60 NOTE
r-patched-solaris-x86 2.1 74.90 NOTE
r-release-linux-x86_64 2.1 2.15 25.44 27.59 NOTE
r-release-osx-x86_64-mavericks 2.1 OK
r-release-windows-ix86+x86_64 2.1 11.00 42.00 53.00 OK
r-oldrel-windows-ix86+x86_64 2.1 15.00 64.00 79.00 OK

Check Details

Version: 2.1
Check: S3 generic/method consistency
Result: NOTE
    Found the following apparent S3 methods exported but not registered:
     print.clustvarsel
    See section ‘Registering S3 methods’ in the ‘Writing R Extensions’
    manual.
Flavors: r-devel-linux-x86_64-debian-clang, r-devel-linux-x86_64-debian-gcc, r-devel-linux-x86_64-fedora-clang, r-devel-linux-x86_64-fedora-gcc, r-devel-osx-x86_64-clang, r-patched-linux-x86_64, r-patched-solaris-sparc, r-patched-solaris-x86, r-release-linux-x86_64

Version: 2.1
Check: R code for possible problems
Result: NOTE
    BICreg: no visible global function definition for ‘lm.fit’
    BICreg: no visible global function definition for ‘residuals’
    BICreg: no visible global function definition for ‘df.residual’
    Undefined global functions or variables:
     df.residual lm.fit residuals
    Consider adding
     importFrom("stats", "df.residual", "lm.fit", "residuals")
    to your NAMESPACE.
Flavors: r-devel-linux-x86_64-debian-clang, r-devel-linux-x86_64-debian-gcc, r-devel-linux-x86_64-fedora-clang, r-devel-linux-x86_64-fedora-gcc, r-devel-windows-ix86+x86_64