CRAN Package Check Results for Package clhs

Last updated on 2015-08-29 17:48:00.

Flavor Version Tinstall Tcheck Ttotal Status Flags
r-devel-linux-x86_64-debian-clang 0.5-4 2.62 100.14 102.76 NOTE
r-devel-linux-x86_64-debian-gcc 0.5-4 2.68 97.61 100.29 NOTE
r-devel-linux-x86_64-fedora-clang 0.5-4 209.54 NOTE
r-devel-linux-x86_64-fedora-gcc 0.5-4 201.45 NOTE
r-devel-osx-x86_64-clang 0.5-4 181.48 OK
r-devel-windows-ix86+x86_64 0.5-4 13.00 175.00 188.00 NOTE
r-patched-linux-x86_64 0.5-4 2.76 100.26 103.01 OK
r-patched-solaris-sparc 0.5-4 1285.00 OK
r-patched-solaris-x86 0.5-4 267.70 OK
r-release-linux-x86_64 0.5-4 2.97 104.07 107.04 OK
r-release-osx-x86_64-mavericks 0.5-4 OK
r-release-windows-ix86+x86_64 0.5-4 11.00 163.00 174.00 OK
r-oldrel-windows-ix86+x86_64 0.5-4 22.00 235.00 257.00 OK

Check Details

Version: 0.5-4
Check: R code for possible problems
Result: NOTE
    .lhs_obj : <anonymous>: no visible global function definition for
     ‘hist’
    .lhs_obj: no visible global function definition for ‘cor’
    clhs.data.frame : <anonymous>: no visible global function definition
     for ‘quantile’
    clhs.data.frame: no visible global function definition for ‘cor’
    clhs.data.frame: no visible global function definition for ‘runif’
    clhs,data.frame : <anonymous>: no visible global function definition
     for ‘quantile’
    clhs,data.frame: no visible global function definition for ‘cor’
    clhs,data.frame: no visible global function definition for ‘runif’
    Undefined global functions or variables:
     cor hist quantile runif
    Consider adding
     importFrom("graphics", "hist")
     importFrom("stats", "cor", "quantile", "runif")
    to your NAMESPACE.
Flavors: r-devel-linux-x86_64-debian-clang, r-devel-linux-x86_64-debian-gcc, r-devel-linux-x86_64-fedora-clang, r-devel-linux-x86_64-fedora-gcc, r-devel-windows-ix86+x86_64