CRAN Package Check Results for Package clhs

Last updated on 2017-04-28 11:53:17.

Flavor Version Tinstall Tcheck Ttotal Status Flags
r-devel-linux-x86_64-debian-clang 0.5-6 2.79 78.66 81.45 OK
r-devel-linux-x86_64-debian-gcc 0.5-6 3.11 78.15 81.26 OK
r-devel-linux-x86_64-fedora-clang 0.5-6 158.36 OK --no-stop-on-test-error
r-devel-linux-x86_64-fedora-gcc 0.5-6 154.31 OK --no-stop-on-test-error
r-devel-windows-ix86+x86_64 0.5-6 14.00 183.00 197.00 OK
r-patched-linux-x86_64 0.5-6 2.93 75.10 78.03 OK
r-patched-solaris-sparc 0.5-6 903.20 OK
r-patched-solaris-x86 0.5-6 186.80 OK
r-release-linux-x86_64 0.5-6 3.19 76.24 79.42 OK
r-release-windows-ix86+x86_64 0.5-6 13.00 177.00 190.00 OK
r-release-osx-x86_64 0.5-6 NOTE
r-oldrel-windows-ix86+x86_64 0.5-6 11.00 158.00 169.00 OK
r-oldrel-osx-x86_64 0.5-6 OK

Check Details

Version: 0.5-6
Check: re-building of vignette outputs
Result: NOTE
    Error in re-building vignettes:
     ...
    Warning: attributes are not identical across measure variables; they will be dropped
    Warning: attributes are not identical across measure variables; they will be dropped
    Error in texi2dvi(file = file, pdf = TRUE, clean = clean, quiet = quiet, :
     Running 'texi2dvi' on 'vignette.tex' failed.
    LaTeX errors:
    ! LaTeX Error: File `multirow.sty' not found.
    
    Type X to quit or <RETURN> to proceed,
    or enter new name. (Default extension: sty)
    
    ! Emergency stop.
    <read *>
    
    l.9 \usepackage
     {Sweave}^^M
    ! ==> Fatal error occurred, no output PDF file produced!
    Calls: buildVignettes -> texi2pdf -> texi2dvi
    Execution halted
Flavor: r-release-osx-x86_64