CRAN Package Check Results for Package clhs

Last updated on 2015-04-27 17:48:13.

Flavor Version Tinstall Tcheck Ttotal Status Flags
r-devel-linux-x86_64-debian-clang 0.5-4 3.64 101.22 104.86 OK
r-devel-linux-x86_64-debian-gcc 0.5-4 2.79 100.32 103.12 OK
r-devel-linux-x86_64-fedora-clang 0.5-4 216.99 OK
r-devel-linux-x86_64-fedora-gcc 0.5-4 205.92 OK
r-devel-osx-x86_64-clang 0.5-4 179.30 OK
r-devel-windows-ix86+x86_64 0.5-4 8.00 162.00 170.00 OK
r-patched-linux-x86_64 0.5-4 2.60 100.97 103.56 OK
r-patched-solaris-sparc 0.5-4 1407.80 OK
r-patched-solaris-x86 0.5-4 255.20 OK
r-release-linux-x86_64 0.5-4 2.61 102.17 104.78 OK
r-release-osx-x86_64-mavericks 0.5-4 OK
r-release-osx-x86_64-snowleopard 0.5-4 ERROR
r-release-windows-ix86+x86_64 0.5-4 12.00 200.00 212.00 OK
r-oldrel-windows-ix86+x86_64 0.5-4 12.00 176.00 188.00 OK

Check Details

Version: 0.5-4
Check: package dependencies
Result: ERROR
    Packages required but not available: ‘ggplot2’ ‘raster’ ‘scales’
    
    See section ‘The DESCRIPTION file’ in the ‘Writing R Extensions’
    manual.
Flavor: r-release-osx-x86_64-snowleopard