CRAN Package Check Results for Package clhs

Last updated on 2014-07-23 15:47:42.

Flavor Version Tinstall Tcheck Ttotal Status Flags
r-devel-linux-x86_64-debian-clang 0.5-1 4.13 60.14 64.26 NOTE
r-devel-linux-x86_64-debian-gcc 0.5-1 4.11 58.32 62.44 NOTE
r-devel-linux-x86_64-fedora-clang 0.5-1 151.34 NOTE
r-devel-linux-x86_64-fedora-gcc 0.5-1 144.86 NOTE
r-devel-osx-x86_64-clang 0.5-1 111.36 NOTE
r-devel-windows-ix86+x86_64 0.5-1 11.00 90.00 101.00 NOTE
r-patched-linux-x86_64 0.5-1 5.23 59.71 64.94 NOTE
r-patched-solaris-sparc 0.5-1 771.30 NOTE
r-patched-solaris-x86 0.5-1 175.20 NOTE
r-release-linux-ix86 0.5-1 4.70 72.98 77.69 NOTE
r-release-linux-x86_64 0.5-1 4.48 61.92 66.39 NOTE
r-release-osx-x86_64-mavericks 0.5-1 NOTE
r-release-osx-x86_64-snowleopard 0.5-1 NOTE
r-release-windows-ix86+x86_64 0.5-1 12.00 91.00 103.00 NOTE
r-oldrel-windows-ix86+x86_64 0.5-1 12.00 180.00 192.00 NOTE

Check Details

Version: 0.5-1
Check: DESCRIPTION meta-information
Result: NOTE
    Package listed in more than one of Depends, Imports, Suggests, Enhances:
     ‘ggplot2’
    A package should be listed in only one of these fields.
Flavors: r-devel-linux-x86_64-debian-clang, r-devel-linux-x86_64-debian-gcc, r-devel-linux-x86_64-fedora-clang, r-devel-linux-x86_64-fedora-gcc, r-devel-osx-x86_64-clang, r-devel-windows-ix86+x86_64, r-patched-linux-x86_64, r-patched-solaris-sparc, r-patched-solaris-x86, r-release-linux-ix86, r-release-linux-x86_64, r-release-osx-x86_64-mavericks, r-release-osx-x86_64-snowleopard, r-release-windows-ix86+x86_64, r-oldrel-windows-ix86+x86_64

Version: 0.5-1
Check: dependencies in R code
Result: NOTE
    Namespace in Imports field not imported from: ‘methods’
     All declared Imports should be used.
    See the information on DESCRIPTION files in the chapter ‘Creating R
    packages’ of the ‘Writing R Extensions’ manual.
Flavors: r-devel-linux-x86_64-debian-clang, r-devel-linux-x86_64-debian-gcc, r-devel-linux-x86_64-fedora-clang, r-devel-linux-x86_64-fedora-gcc, r-devel-osx-x86_64-clang, r-devel-windows-ix86+x86_64, r-patched-linux-x86_64, r-patched-solaris-sparc, r-patched-solaris-x86, r-release-linux-ix86, r-release-linux-x86_64, r-release-osx-x86_64-mavericks, r-release-osx-x86_64-snowleopard, r-release-windows-ix86+x86_64, r-oldrel-windows-ix86+x86_64

Version: 0.5-1
Check: for old-style vignette sources
Result: NOTE
    Vignette sources only in ‘inst/doc’:
     ‘vignette.Rnw’
    A ‘vignettes’ directory is required as from R 3.1.0
    and these will not be indexed nor checked
Flavors: r-devel-linux-x86_64-debian-clang, r-devel-linux-x86_64-debian-gcc, r-devel-linux-x86_64-fedora-clang, r-devel-linux-x86_64-fedora-gcc, r-devel-osx-x86_64-clang, r-devel-windows-ix86+x86_64, r-patched-linux-x86_64, r-patched-solaris-sparc, r-patched-solaris-x86, r-release-linux-ix86, r-release-linux-x86_64, r-release-osx-x86_64-mavericks, r-release-osx-x86_64-snowleopard, r-release-windows-ix86+x86_64

Version: 0.5-1
Check: Rd line widths
Result: NOTE
    Rd file 'clhs-package.Rd':
     \examples lines wider than 100 characters:
     df <- data.frame(a = runif(1000), b = rnorm(1000), c = sample(LETTERS[1:5], size = 1000, replace = TRUE))
    
    Rd file 'clhs.Rd':
     \examples lines wider than 100 characters:
     df <- data.frame(a = runif(1000), b = rnorm(1000), c = sample(LETTERS[1:5], size = 1000, replace = TRUE))
    
    Rd file 'plot.cLHS_result.Rd':
     \examples lines wider than 100 characters:
     df <- data.frame(a = runif(1000), b = rnorm(1000), c = sample(LETTERS[1:5], size = 1000, replace = TRUE))
    
    These lines will be truncated in the PDF manual.
Flavors: r-devel-linux-x86_64-fedora-clang, r-devel-linux-x86_64-fedora-gcc

Version: 0.5-1
Check: for old-style vignette sources
Result: NOTE
    Vignette sources only in 'inst/doc':
     'vignette.Rnw'
    A 'vignettes' directory will be required as from R 3.1.0
Flavor: r-oldrel-windows-ix86+x86_64