CRAN Package Check Results for Package clhs

Last updated on 2017-08-16 21:47:39.

Flavor Version Tinstall Tcheck Ttotal Status Flags
r-devel-linux-x86_64-debian-clang 0.5-6 2.88 79.67 82.55 OK
r-devel-linux-x86_64-debian-gcc 0.5-6 3.12 74.63 77.75 OK
r-devel-linux-x86_64-fedora-clang 0.5-6 159.63 OK
r-devel-linux-x86_64-fedora-gcc 0.5-6 164.14 OK
r-devel-windows-ix86+x86_64 0.5-6 7.00 140.00 147.00 OK
r-patched-linux-x86_64 0.5-6 2.80 76.54 79.34 OK
r-patched-solaris-x86 0.5-6 199.20 OK
r-release-linux-x86_64 0.5-6 3.03 77.01 80.04 OK
r-release-windows-ix86+x86_64 0.5-6 9.00 178.00 187.00 OK
r-release-osx-x86_64 0.5-6 NOTE
r-oldrel-windows-ix86+x86_64 0.5-6 6.00 124.00 130.00 OK
r-oldrel-osx-x86_64 0.5-6 OK

Check Details

Version: 0.5-6
Check: re-building of vignette outputs
Result: NOTE
    Error in re-building vignettes:
     ...
    Warning: attributes are not identical across measure variables; they will be dropped
    Warning: attributes are not identical across measure variables; they will be dropped
    Error in texi2dvi(file = file, pdf = TRUE, clean = clean, quiet = quiet, :
     Running 'texi2dvi' on 'vignette.tex' failed.
    LaTeX errors:
    ! LaTeX Error: File `multirow.sty' not found.
    
    Type X to quit or <RETURN> to proceed,
    or enter new name. (Default extension: sty)
    
    ! Emergency stop.
    <read *>
    
    l.9 \usepackage
     {Sweave}^^M
    ! ==> Fatal error occurred, no output PDF file produced!
    Calls: buildVignettes -> texi2pdf -> texi2dvi
    Execution halted
Flavor: r-release-osx-x86_64