CRAN Package Check Results for Package clhs

Last updated on 2017-06-21 19:46:45.

Flavor Version Tinstall Tcheck Ttotal Status Flags
r-devel-linux-x86_64-debian-clang 0.5-6 3.05 76.02 79.07 OK
r-devel-linux-x86_64-debian-gcc 0.5-6 3.24 76.50 79.74 OK
r-devel-linux-x86_64-fedora-clang 0.5-6 157.10 OK
r-devel-linux-x86_64-fedora-gcc 0.5-6 152.90 OK
r-devel-windows-ix86+x86_64 0.5-6 9.00 128.00 137.00 OK
r-patched-linux-x86_64 0.5-6 3.07 76.09 79.16 OK
r-patched-solaris-sparc 0.5-6 903.20 OK
r-patched-solaris-x86 0.5-6 198.20 OK
r-release-linux-x86_64 0.5-6 3.14 76.97 80.11 OK
r-release-windows-ix86+x86_64 0.5-6 11.00 141.00 152.00 OK
r-release-osx-x86_64 0.5-6 NOTE
r-oldrel-windows-ix86+x86_64 0.5-6 13.00 129.00 142.00 OK
r-oldrel-osx-x86_64 0.5-6 OK

Check Details

Version: 0.5-6
Check: re-building of vignette outputs
Result: NOTE
    Error in re-building vignettes:
     ...
    Warning: attributes are not identical across measure variables; they will be dropped
    Warning: attributes are not identical across measure variables; they will be dropped
    Error in texi2dvi(file = file, pdf = TRUE, clean = clean, quiet = quiet, :
     Running 'texi2dvi' on 'vignette.tex' failed.
    LaTeX errors:
    ! LaTeX Error: File `multirow.sty' not found.
    
    Type X to quit or <RETURN> to proceed,
    or enter new name. (Default extension: sty)
    
    ! Emergency stop.
    <read *>
    
    l.9 \usepackage
     {Sweave}^^M
    ! ==> Fatal error occurred, no output PDF file produced!
    Calls: buildVignettes -> texi2pdf -> texi2dvi
    Execution halted
Flavor: r-release-osx-x86_64