CRAN Package Check Results for Package cepp

Last updated on 2015-06-28 21:46:24.

Flavor Version Tinstall Tcheck Ttotal Status Flags
r-devel-linux-x86_64-debian-clang 1.0 0.64 65.20 65.84 NOTE
r-devel-linux-x86_64-debian-gcc 1.0 0.64 66.82 67.46 NOTE
r-devel-linux-x86_64-fedora-clang 1.0 123.18 NOTE
r-devel-linux-x86_64-fedora-gcc 1.0 150.09 NOTE
r-devel-osx-x86_64-clang 1.0 110.86 NOTE
r-devel-windows-ix86+x86_64 1.0 3.00 114.00 117.00 NOTE
r-patched-linux-x86_64 1.0 0.66 63.62 64.28 NOTE
r-patched-solaris-sparc 1.0 1045.60 NOTE
r-patched-solaris-x86 1.0 162.10 NOTE
r-release-linux-x86_64 1.0 0.68 64.36 65.05 NOTE
r-release-osx-x86_64-mavericks 1.0 NOTE
r-release-windows-ix86+x86_64 1.0 5.00 109.00 114.00 NOTE
r-oldrel-windows-ix86+x86_64 1.0 6.00 120.00 126.00 NOTE

Check Details

Version: 1.0
Check: dependencies in R code
Result: NOTE
    'library' or 'require' call to ‘randtoolbox’ which was already attached by Depends.
     Please remove these calls from your code.
Flavors: r-devel-linux-x86_64-debian-clang, r-devel-linux-x86_64-debian-gcc, r-devel-linux-x86_64-fedora-clang, r-devel-linux-x86_64-fedora-gcc, r-devel-osx-x86_64-clang, r-devel-windows-ix86+x86_64, r-patched-linux-x86_64, r-patched-solaris-sparc, r-patched-solaris-x86, r-release-linux-x86_64, r-release-osx-x86_64-mavericks, r-release-windows-ix86+x86_64, r-oldrel-windows-ix86+x86_64

Version: 1.0
Check: R code for possible problems
Result: NOTE
    basis_random: no visible global function definition for ‘rnorm’
    find_path_peak: no visible global function definition for ‘optimize’
    geodesic_path: no visible global function definition for ‘freeze’
    geodesic_path : interpolate: no visible global function definition for
     ‘thaw’
    pp.2 : index: no visible global function definition for ‘median’
    pp.3 : index: no visible global function definition for ‘median’
Flavors: r-devel-linux-x86_64-debian-clang, r-devel-linux-x86_64-debian-gcc

Version: 1.0
Check: Rd line widths
Result: NOTE
    Rd file 'data-olive.Rd':
     \examples lines wider than 100 characters:
     o1 <- optim(par=F1, fn=oil1,gr=basis_nearby,method='SANN',control=list(fnscale=-1,maxit=50,trace=6))
    
    Rd file 'pp.Rd':
     \examples lines wider than 100 characters:
     o1 <- optim(par=F1,fn=ranif1,gr=basis_nearby,method='SANN',control=list(fnscale=-1,maxit=200,trace=1))
    
    These lines will be truncated in the PDF manual.
Flavors: r-devel-linux-x86_64-debian-clang, r-devel-linux-x86_64-debian-gcc, r-devel-linux-x86_64-fedora-clang, r-devel-linux-x86_64-fedora-gcc, r-patched-linux-x86_64, r-release-linux-x86_64

Version: 1.0
Check: R code for possible problems
Result: NOTE
    geodesic_path: no visible global function definition for ‘freeze’
    geodesic_path : interpolate: no visible global function definition for
     ‘thaw’
Flavors: r-devel-linux-x86_64-fedora-clang, r-devel-linux-x86_64-fedora-gcc, r-devel-osx-x86_64-clang, r-devel-windows-ix86+x86_64, r-patched-linux-x86_64, r-patched-solaris-sparc, r-patched-solaris-x86, r-release-linux-x86_64, r-release-osx-x86_64-mavericks, r-release-windows-ix86+x86_64, r-oldrel-windows-ix86+x86_64