CRAN Package Check Results for Package cepp

Last updated on 2014-11-21 17:47:59.

Flavor Version Tinstall Tcheck Ttotal Status Flags
r-devel-linux-x86_64-debian-clang 1.0 0.79 80.33 81.12 NOTE
r-devel-linux-x86_64-debian-gcc 1.0 0.77 74.95 75.72 NOTE
r-devel-linux-x86_64-fedora-clang 1.0 169.77 NOTE
r-devel-linux-x86_64-fedora-gcc 1.0 165.46 NOTE
r-devel-osx-x86_64-clang 1.0 140.80 NOTE
r-devel-windows-ix86+x86_64 1.0 3.00 132.00 135.00 NOTE
r-patched-linux-x86_64 1.0 0.78 75.56 76.34 NOTE
r-patched-solaris-sparc 1.0 1174.40 NOTE
r-patched-solaris-x86 1.0 182.00 NOTE
r-release-linux-ix86 1.0 1.11 95.00 96.11 NOTE
r-release-linux-x86_64 1.0 0.84 75.98 76.82 NOTE
r-release-osx-x86_64-mavericks 1.0 NOTE
r-release-osx-x86_64-snowleopard 1.0 NOTE
r-release-windows-ix86+x86_64 1.0 5.00 119.00 124.00 NOTE
r-oldrel-windows-ix86+x86_64 1.0 3.00 138.00 141.00 NOTE

Check Details

Version: 1.0
Check: dependencies in R code
Result: NOTE
    'library' or 'require' call to ‘randtoolbox’ which was already attached by Depends.
     Please remove these calls from your code.
    See the information on DESCRIPTION files in the chapter ‘Creating R
    packages’ of the ‘Writing R Extensions’ manual.
Flavors: r-devel-linux-x86_64-debian-clang, r-devel-linux-x86_64-debian-gcc, r-devel-linux-x86_64-fedora-clang, r-devel-linux-x86_64-fedora-gcc, r-devel-osx-x86_64-clang, r-devel-windows-ix86+x86_64, r-patched-linux-x86_64, r-patched-solaris-sparc, r-patched-solaris-x86, r-release-linux-ix86, r-release-linux-x86_64, r-release-osx-x86_64-mavericks, r-release-osx-x86_64-snowleopard, r-release-windows-ix86+x86_64, r-oldrel-windows-ix86+x86_64

Version: 1.0
Check: R code for possible problems
Result: NOTE
    geodesic_path: no visible global function definition for ‘freeze’
    geodesic_path : interpolate: no visible global function definition for
     ‘thaw’
Flavors: r-devel-linux-x86_64-debian-clang, r-devel-linux-x86_64-debian-gcc, r-devel-linux-x86_64-fedora-clang, r-devel-linux-x86_64-fedora-gcc, r-devel-osx-x86_64-clang, r-devel-windows-ix86+x86_64, r-patched-linux-x86_64, r-patched-solaris-sparc, r-patched-solaris-x86, r-release-linux-ix86, r-release-linux-x86_64, r-release-windows-ix86+x86_64

Version: 1.0
Check: Rd line widths
Result: NOTE
    Rd file 'data-olive.Rd':
     \examples lines wider than 100 characters:
     o1 <- optim(par=F1, fn=oil1,gr=basis_nearby,method='SANN',control=list(fnscale=-1,maxit=50,trace=6))
    
    Rd file 'pp.Rd':
     \examples lines wider than 100 characters:
     o1 <- optim(par=F1,fn=ranif1,gr=basis_nearby,method='SANN',control=list(fnscale=-1,maxit=200,trace=1))
    
    These lines will be truncated in the PDF manual.
Flavors: r-devel-linux-x86_64-debian-clang, r-devel-linux-x86_64-debian-gcc, r-devel-linux-x86_64-fedora-clang, r-devel-linux-x86_64-fedora-gcc, r-patched-linux-x86_64, r-release-linux-x86_64