CRAN Package Check Results for Package care

Last updated on 2015-01-29 16:48:21.

Flavor Version Tinstall Tcheck Ttotal Status Flags
r-devel-linux-x86_64-debian-clang 1.1.7 0.60 9.74 10.34 NOTE
r-devel-linux-x86_64-debian-gcc 1.1.7 0.58 9.48 10.06 NOTE
r-devel-linux-x86_64-fedora-clang 1.1.7 21.77 NOTE
r-devel-linux-x86_64-fedora-gcc 1.1.7 20.31 NOTE
r-devel-osx-x86_64-clang 1.1.7 25.40 NOTE
r-devel-windows-ix86+x86_64 1.1.7 4.00 16.00 20.00 OK
r-patched-linux-x86_64 1.1.7 0.61 10.98 11.59 OK
r-patched-solaris-sparc 1.1.7 139.60 OK
r-patched-solaris-x86 1.1.7 32.10 OK
r-release-linux-ix86 1.1.7 0.93 15.36 16.29 OK
r-release-linux-x86_64 1.1.7 0.62 10.33 10.95 OK
r-release-osx-x86_64-mavericks 1.1.7 OK
r-release-osx-x86_64-snowleopard 1.1.7 OK
r-release-windows-ix86+x86_64 1.1.7 3.00 19.00 22.00 OK
r-oldrel-windows-ix86+x86_64 1.1.7 3.00 33.00 36.00 OK

Check Details

Version: 1.1.7
Check: S3 generic/method consistency
Result: NOTE
    Found the following apparent S3 methods exported but not registered:
     predict.slm
    See section ‘Registering S3 methods’ in the ‘Writing R Extensions’
    manual.
Flavors: r-devel-linux-x86_64-debian-clang, r-devel-linux-x86_64-debian-gcc, r-devel-linux-x86_64-fedora-clang, r-devel-linux-x86_64-fedora-gcc, r-devel-osx-x86_64-clang