CRAN Package Check Results for Package care

Last updated on 2015-03-04 16:48:05.

Flavor Version Tinstall Tcheck Ttotal Status Flags
r-devel-linux-x86_64-debian-clang 1.1.7 0.64 9.57 10.21 NOTE
r-devel-linux-x86_64-debian-gcc 1.1.7 0.65 9.25 9.90 NOTE
r-devel-linux-x86_64-fedora-clang 1.1.7 19.09 NOTE
r-devel-linux-x86_64-fedora-gcc 1.1.7 18.20 NOTE
r-devel-osx-x86_64-clang 1.1.7 22.80 NOTE
r-devel-windows-ix86+x86_64 1.1.7 3.00 18.00 21.00 OK
r-patched-linux-x86_64 1.1.7 0.67 10.62 11.30 OK
r-patched-solaris-sparc 1.1.7 149.70 OK
r-patched-solaris-x86 1.1.7 33.10 OK
r-release-linux-ix86 1.1.7 0.90 18.39 19.30 OK
r-release-linux-x86_64 1.1.7 0.60 11.08 11.69 OK
r-release-osx-x86_64-mavericks 1.1.7 OK
r-release-osx-x86_64-snowleopard 1.1.7 OK
r-release-windows-ix86+x86_64 1.1.7 4.00 20.00 24.00 OK
r-oldrel-windows-ix86+x86_64 1.1.7 3.00 21.00 24.00 OK

Check Details

Version: 1.1.7
Check: S3 generic/method consistency
Result: NOTE
    Found the following apparent S3 methods exported but not registered:
     predict.slm
    See section ‘Registering S3 methods’ in the ‘Writing R Extensions’
    manual.
Flavors: r-devel-linux-x86_64-debian-clang, r-devel-linux-x86_64-debian-gcc, r-devel-linux-x86_64-fedora-clang, r-devel-linux-x86_64-fedora-gcc, r-devel-osx-x86_64-clang