CRAN Package Check Results for Package care

Last updated on 2015-07-02 20:46:27.

Flavor Version Tinstall Tcheck Ttotal Status Flags
r-devel-linux-x86_64-debian-clang 1.1.8 0.53 9.23 9.76 NOTE
r-devel-linux-x86_64-debian-gcc 1.1.8 0.53 9.20 9.73 NOTE
r-devel-linux-x86_64-fedora-clang 1.1.8 18.92 NOTE
r-devel-linux-x86_64-fedora-gcc 1.1.8 17.35 NOTE
r-devel-osx-x86_64-clang 1.1.8 20.71 OK
r-devel-windows-ix86+x86_64 1.1.8 3.00 16.00 19.00 NOTE
r-patched-linux-x86_64 1.1.8 0.56 9.48 10.04 OK
r-patched-solaris-sparc 1.1.8 134.70 OK
r-patched-solaris-x86 1.1.8 29.40 OK
r-release-linux-x86_64 1.1.8 0.56 9.91 10.48 OK
r-release-osx-x86_64-mavericks 1.1.8 OK
r-release-windows-ix86+x86_64 1.1.8 2.00 18.00 20.00 OK
r-oldrel-windows-ix86+x86_64 1.1.8 3.00 20.00 23.00 OK

Check Details

Version: 1.1.8
Check: R code for possible problems
Result: NOTE
    carscore: no visible global function definition for ‘cor’
    slm.internal: no visible global function definition for ‘cor’
    Undefined global functions or variables:
     cor
Flavors: r-devel-linux-x86_64-debian-clang, r-devel-linux-x86_64-fedora-clang, r-devel-linux-x86_64-fedora-gcc

Version: 1.1.8
Check: R code for possible problems
Result: NOTE
    carscore: no visible global function definition for ‘cor’
    slm.internal: no visible global function definition for ‘cor’
Flavors: r-devel-linux-x86_64-debian-gcc, r-devel-windows-ix86+x86_64