CRAN Package Check Results for Package bqtl

Last updated on 2017-02-21 23:50:32.

Flavor Version Tinstall Tcheck Ttotal Status Flags
r-devel-linux-x86_64-debian-clang 1.0-32 4.63 22.90 27.53 NOTE
r-devel-linux-x86_64-debian-gcc 1.0-32 5.62 22.61 28.23 NOTE
r-devel-linux-x86_64-fedora-clang 1.0-32 46.82 NOTE --no-stop-on-test-error
r-devel-linux-x86_64-fedora-gcc 1.0-32 44.39 NOTE --no-stop-on-test-error
r-devel-macos-x86_64-clang 1.0-32 40.44 NOTE --no-stop-on-test-error
r-devel-windows-ix86+x86_64 1.0-32 18.00 67.00 85.00 OK
r-patched-linux-x86_64 1.0-32 3.97 20.34 24.31 OK
r-patched-solaris-sparc 1.0-32 269.40 OK
r-patched-solaris-x86 1.0-32 52.70 OK
r-release-linux-x86_64 1.0-32 4.03 20.09 24.12 OK
r-release-osx-x86_64-mavericks 1.0-32 OK
r-release-windows-ix86+x86_64 1.0-32 18.00 47.00 65.00 OK
r-oldrel-windows-ix86+x86_64 1.0-32 23.00 45.00 68.00 OK

Check Details

Version: 1.0-32
Check: compiled code
Result: NOTE
    File ‘bqtl/libs/bqtl.so’:
     Found no calls to: ‘R_registerRoutines’, ‘R_useDynamicSymbols’
    
    It is good practice to register native routines and to disable symbol
    search.
    
    See ‘Writing portable packages’ in the ‘Writing R Extensions’ manual.
Flavors: r-devel-linux-x86_64-debian-clang, r-devel-linux-x86_64-debian-gcc

Version: 1.0-32
Flags: --no-stop-on-test-error
Check: compiled code
Result: NOTE
    File ‘bqtl/libs/bqtl.so’:
     Found no calls to: ‘R_registerRoutines’, ‘R_useDynamicSymbols’
    
    It is good practice to register native routines and to disable symbol
    search.
    
    See ‘Writing portable packages’ in the ‘Writing R Extensions’ manual.
Flavors: r-devel-linux-x86_64-fedora-clang, r-devel-linux-x86_64-fedora-gcc, r-devel-macos-x86_64-clang