CRAN Package Check Results for Package bqtl

Last updated on 2018-04-23 14:49:30 CEST.

Flavor Version Tinstall Tcheck Ttotal Status Flags
r-devel-linux-x86_64-debian-clang 1.0-32 9.67 30.07 39.74 NOTE
r-devel-linux-x86_64-debian-gcc 1.0-32 7.20 26.81 34.01 NOTE
r-devel-linux-x86_64-fedora-clang 1.0-32 52.54 NOTE
r-devel-linux-x86_64-fedora-gcc 1.0-32 49.09 NOTE
r-devel-windows-ix86+x86_64 1.0-32 42.00 51.00 93.00 OK
r-devel-osx-x86_64 1.0-32 OK
r-patched-linux-x86_64 1.0-32 8.64 34.59 43.23 NOTE
r-patched-solaris-x86 1.0-32 70.30 OK
r-release-linux-x86_64 1.0-32 6.39 35.36 41.75 NOTE
r-release-windows-ix86+x86_64 1.0-32 23.00 51.00 74.00 OK
r-release-osx-x86_64 1.0-32 OK
r-oldrel-windows-ix86+x86_64 1.0-32 18.00 47.00 65.00 OK

Check Details

Version: 1.0-32
Check: compiled code
Result: NOTE
    File ‘bqtl/libs/bqtl.so’:
     Found no calls to: ‘R_registerRoutines’, ‘R_useDynamicSymbols’
    
    It is good practice to register native routines and to disable symbol
    search.
    
    See ‘Writing portable packages’ in the ‘Writing R Extensions’ manual.
Flavors: r-devel-linux-x86_64-debian-clang, r-devel-linux-x86_64-debian-gcc, r-devel-linux-x86_64-fedora-clang, r-devel-linux-x86_64-fedora-gcc, r-patched-linux-x86_64, r-release-linux-x86_64