CRAN Package Check Results for Package bqtl

Last updated on 2017-06-26 07:46:51.

Flavor Version Tinstall Tcheck Ttotal Status Flags
r-devel-linux-x86_64-debian-clang 1.0-32 4.86 23.41 28.27 NOTE
r-devel-linux-x86_64-debian-gcc 1.0-32 4.46 22.69 27.15 NOTE
r-devel-linux-x86_64-fedora-clang 1.0-32 47.34 NOTE
r-devel-linux-x86_64-fedora-gcc 1.0-32 45.00 NOTE
r-devel-windows-ix86+x86_64 1.0-32 30.00 68.00 98.00 OK
r-patched-linux-x86_64 1.0-32 4.24 22.76 27.00 NOTE
r-patched-solaris-sparc 1.0-32 296.60 OK
r-patched-solaris-x86 1.0-32 64.90 OK
r-release-linux-x86_64 1.0-32 4.38 22.50 26.88 NOTE
r-release-windows-ix86+x86_64 1.0-32 25.00 47.00 72.00 OK
r-release-osx-x86_64 1.0-32 OK
r-oldrel-windows-ix86+x86_64 1.0-32 18.00 47.00 65.00 OK
r-oldrel-osx-x86_64 1.0-32 OK

Check Details

Version: 1.0-32
Check: compiled code
Result: NOTE
    File ‘bqtl/libs/bqtl.so’:
     Found no calls to: ‘R_registerRoutines’, ‘R_useDynamicSymbols’
    
    It is good practice to register native routines and to disable symbol
    search.
    
    See ‘Writing portable packages’ in the ‘Writing R Extensions’ manual.
Flavors: r-devel-linux-x86_64-debian-clang, r-devel-linux-x86_64-debian-gcc, r-devel-linux-x86_64-fedora-clang, r-devel-linux-x86_64-fedora-gcc, r-patched-linux-x86_64, r-release-linux-x86_64