CRAN Package Check Results for Package bqtl

Last updated on 2015-07-01 17:47:29.

Flavor Version Tinstall Tcheck Ttotal Status Flags
r-devel-linux-x86_64-debian-clang 1.0-30 3.10 19.14 22.24 NOTE
r-devel-linux-x86_64-debian-gcc 1.0-30 3.86 19.18 23.03 NOTE
r-devel-linux-x86_64-fedora-clang 1.0-30 41.08 NOTE
r-devel-linux-x86_64-fedora-gcc 1.0-30 39.31 NOTE
r-devel-osx-x86_64-clang 1.0-30 42.42 OK
r-devel-windows-ix86+x86_64 1.0-30 40.00 36.00 76.00 OK
r-patched-linux-x86_64 1.0-30 3.84 19.36 23.20 OK
r-patched-solaris-sparc 1.0-30 275.30 OK
r-patched-solaris-x86 1.0-30 61.70 OK
r-release-linux-x86_64 1.0-30 3.99 19.52 23.51 OK
r-release-osx-x86_64-mavericks 1.0-30 OK
r-release-windows-ix86+x86_64 1.0-30 23.00 39.00 62.00 OK
r-oldrel-windows-ix86+x86_64 1.0-30 29.00 40.00 69.00 OK

Check Details

Version: 1.0-30
Check: R code for possible problems
Result: NOTE
    bqtl: no visible global function definition for ‘terms’
    fitted.bqtl: no visible global function definition for ‘coef’
    fitted.bqtl: no visible global function definition for ‘terms’
    fitted.bqtl: no visible global function definition for ‘model.frame’
    fitted.bqtl: no visible binding for global variable ‘na.omit’
    fitted.bqtl: no visible global function definition for
     ‘delete.response’
    fitted.bqtl: no visible global function definition for ‘model.matrix’
    lapadj: no visible global function definition for ‘terms’
    lapadj: no visible global function definition for ‘model.extract’
    lapadj: no visible global function definition for ‘var’
    lapadj: no visible global function definition for ‘dnorm’
    lapadj: no visible global function definition for ‘model.matrix’
    make.varcov: no visible global function definition for ‘var’
    plot.analysis.object: no visible global function definition for ‘plot’
    plot.map.frame: no visible binding for global variable ‘lines’
    plot.map.frame: no visible global function definition for ‘plot’
    plot.map.frame: no visible global function definition for ‘lines’
    plot.map.frame: no visible global function definition for ‘segments’
    plot.map.frame: no visible global function definition for ‘title’
    plot.map.frame : matlines: no visible global function definition for
     ‘matplot’
    plot.map.frame : matpoints: no visible global function definition for
     ‘matplot’
    plot.map.frame: no visible global function definition for ‘rug’
    predict.bqtl: no visible global function definition for ‘coef’
    predict.bqtl: no visible global function definition for ‘terms’
    predict.bqtl: no visible global function definition for ‘model.frame’
    predict.bqtl: no visible binding for global variable ‘na.omit’
    predict.bqtl: no visible global function definition for
     ‘delete.response’
    predict.bqtl: no visible global function definition for ‘model.matrix’
    predict.linear.bayes: no visible global function definition for ‘coef’
    predict.linear.bayes: no visible global function definition for ‘terms’
    predict.linear.bayes: no visible global function definition for
     ‘model.frame’
    predict.linear.bayes: no visible binding for global variable ‘na.omit’
    predict.linear.bayes: no visible global function definition for
     ‘model.matrix’
    predict.linear.bayes: no visible global function definition for
     ‘model.extract’
    predict.linear.bayes: no visible global function definition for
     ‘update’
    predict.linear.bayes: no visible global function definition for ‘lsfit’
    residuals.bqtl: no visible global function definition for ‘coef’
    residuals.bqtl: no visible global function definition for ‘terms’
    residuals.bqtl: no visible global function definition for ‘model.frame’
    residuals.bqtl: no visible binding for global variable ‘na.omit’
    residuals.bqtl: no visible global function definition for
     ‘model.matrix’
    residuals.bqtl: no visible global function definition for
     ‘delete.response’
    residuals.bqtl: no visible global function definition for
     ‘model.extract’
    summary.adj: no visible global function definition for ‘var’
    summary.bqtl: no visible global function definition for ‘coef’
    summary.bqtl: no visible global function definition for ‘pnorm’
    summary.swap: no visible global function definition for ‘var’
    varcov: no visible global function definition for ‘terms’
    varcov: no visible global function definition for ‘model.frame’
    varcov: no visible binding for global variable ‘na.omit’
    varcov: no visible global function definition for ‘model.matrix’
    varcov: no visible global function definition for ‘model.extract’
    varcov: no visible global function definition for ‘update’
    varcov: no visible global function definition for ‘lsfit’
Flavors: r-devel-linux-x86_64-debian-clang, r-devel-linux-x86_64-debian-gcc, r-devel-linux-x86_64-fedora-clang, r-devel-linux-x86_64-fedora-gcc