CRAN Package Check Results for Package bqtl

Last updated on 2015-09-01 19:47:07.

Flavor Version Tinstall Tcheck Ttotal Status Flags
r-devel-linux-x86_64-debian-clang 1.0-30 3.22 19.45 22.67 NOTE
r-devel-linux-x86_64-debian-gcc 1.0-30 3.99 19.12 23.11 NOTE
r-devel-linux-x86_64-fedora-clang 1.0-30 41.66 NOTE
r-devel-linux-x86_64-fedora-gcc 1.0-30 39.40 NOTE
r-devel-osx-x86_64-clang 1.0-30 39.95 OK
r-devel-windows-ix86+x86_64 1.0-30 25.00 40.00 65.00 NOTE
r-patched-linux-x86_64 1.0-30 3.98 19.88 23.85 OK
r-patched-solaris-sparc 1.0-30 276.70 OK
r-patched-solaris-x86 1.0-30 59.60 OK
r-release-linux-x86_64 1.0-30 4.01 19.63 23.64 OK
r-release-osx-x86_64-mavericks 1.0-30 OK
r-release-windows-ix86+x86_64 1.0-30 23.00 58.00 81.00 OK
r-oldrel-windows-ix86+x86_64 1.0-30 29.00 40.00 69.00 OK

Check Details

Version: 1.0-30
Check: R code for possible problems
Result: NOTE
    bqtl: no visible global function definition for ‘terms’
    fitted.bqtl: no visible global function definition for ‘coef’
    fitted.bqtl: no visible global function definition for ‘terms’
    fitted.bqtl: no visible global function definition for ‘model.frame’
    fitted.bqtl: no visible binding for global variable ‘na.omit’
    fitted.bqtl: no visible global function definition for
     ‘delete.response’
    fitted.bqtl: no visible global function definition for ‘model.matrix’
    lapadj: no visible global function definition for ‘terms’
    lapadj: no visible global function definition for ‘model.extract’
    lapadj: no visible global function definition for ‘var’
    lapadj: no visible global function definition for ‘dnorm’
    lapadj: no visible global function definition for ‘model.matrix’
    make.varcov: no visible global function definition for ‘var’
    plot.analysis.object: no visible global function definition for ‘plot’
    plot.map.frame: no visible binding for global variable ‘lines’
    plot.map.frame: no visible global function definition for ‘plot’
    plot.map.frame: no visible global function definition for ‘lines’
    plot.map.frame: no visible global function definition for ‘segments’
    plot.map.frame: no visible global function definition for ‘title’
    plot.map.frame : matlines: no visible global function definition for
     ‘matplot’
    plot.map.frame : matpoints: no visible global function definition for
     ‘matplot’
    plot.map.frame: no visible global function definition for ‘rug’
    predict.bqtl: no visible global function definition for ‘coef’
    predict.bqtl: no visible global function definition for ‘terms’
    predict.bqtl: no visible global function definition for ‘model.frame’
    predict.bqtl: no visible binding for global variable ‘na.omit’
    predict.bqtl: no visible global function definition for
     ‘delete.response’
    predict.bqtl: no visible global function definition for ‘model.matrix’
    predict.linear.bayes: no visible global function definition for ‘coef’
    predict.linear.bayes: no visible global function definition for ‘terms’
    predict.linear.bayes: no visible global function definition for
     ‘model.frame’
    predict.linear.bayes: no visible binding for global variable ‘na.omit’
    predict.linear.bayes: no visible global function definition for
     ‘model.matrix’
    predict.linear.bayes: no visible global function definition for
     ‘model.extract’
    predict.linear.bayes: no visible global function definition for
     ‘update’
    predict.linear.bayes: no visible global function definition for ‘lsfit’
    residuals.bqtl: no visible global function definition for ‘coef’
    residuals.bqtl: no visible global function definition for ‘terms’
    residuals.bqtl: no visible global function definition for ‘model.frame’
    residuals.bqtl: no visible binding for global variable ‘na.omit’
    residuals.bqtl: no visible global function definition for
     ‘model.matrix’
    residuals.bqtl: no visible global function definition for
     ‘delete.response’
    residuals.bqtl: no visible global function definition for
     ‘model.extract’
    summary.adj: no visible global function definition for ‘var’
    summary.bqtl: no visible global function definition for ‘coef’
    summary.bqtl: no visible global function definition for ‘pnorm’
    summary.swap: no visible global function definition for ‘var’
    varcov: no visible global function definition for ‘terms’
    varcov: no visible global function definition for ‘model.frame’
    varcov: no visible binding for global variable ‘na.omit’
    varcov: no visible global function definition for ‘model.matrix’
    varcov: no visible global function definition for ‘model.extract’
    varcov: no visible global function definition for ‘update’
    varcov: no visible global function definition for ‘lsfit’
    Undefined global functions or variables:
     coef delete.response dnorm lines lsfit matplot model.extract
     model.frame model.matrix na.omit plot pnorm rug segments terms title
     update var
    Consider adding
     importFrom("graphics", "lines", "matplot", "plot", "rug", "segments",
     "title")
     importFrom("stats", "coef", "delete.response", "dnorm", "lsfit",
     "model.extract", "model.frame", "model.matrix", "na.omit",
     "pnorm", "terms", "update", "var")
    to your NAMESPACE.
Flavors: r-devel-linux-x86_64-debian-clang, r-devel-linux-x86_64-debian-gcc, r-devel-linux-x86_64-fedora-clang, r-devel-linux-x86_64-fedora-gcc, r-devel-windows-ix86+x86_64