CRAN Package Check Results for Package bqtl

Last updated on 2017-08-14 18:46:13.

Flavor Version Tinstall Tcheck Ttotal Status Flags
r-devel-linux-x86_64-debian-clang 1.0-32 4.83 23.08 27.91 NOTE
r-devel-linux-x86_64-debian-gcc 1.0-32 NOTE
r-devel-linux-x86_64-fedora-clang 1.0-32 47.50 NOTE
r-devel-linux-x86_64-fedora-gcc 1.0-32 45.39 NOTE
r-devel-windows-ix86+x86_64 1.0-32 36.00 69.00 105.00 OK
r-patched-linux-x86_64 1.0-32 4.66 22.63 27.30 NOTE
r-patched-solaris-x86 1.0-32 63.50 OK
r-release-linux-x86_64 1.0-32 4.81 22.46 27.27 NOTE
r-release-windows-ix86+x86_64 1.0-32 25.00 47.00 72.00 OK
r-release-osx-x86_64 1.0-32 OK
r-oldrel-windows-ix86+x86_64 1.0-32 18.00 47.00 65.00 OK
r-oldrel-osx-x86_64 1.0-32 OK

Check Details

Version: 1.0-32
Check: compiled code
Result: NOTE
    File ‘bqtl/libs/bqtl.so’:
     Found no calls to: ‘R_registerRoutines’, ‘R_useDynamicSymbols’
    
    It is good practice to register native routines and to disable symbol
    search.
    
    See ‘Writing portable packages’ in the ‘Writing R Extensions’ manual.
Flavors: r-devel-linux-x86_64-debian-clang, r-devel-linux-x86_64-debian-gcc, r-devel-linux-x86_64-fedora-clang, r-devel-linux-x86_64-fedora-gcc, r-patched-linux-x86_64, r-release-linux-x86_64