CRAN Package Check Results for Package bqtl

Last updated on 2017-04-26 12:47:06.

Flavor Version Tinstall Tcheck Ttotal Status Flags
r-devel-linux-x86_64-debian-clang 1.0-32 5.19 23.04 28.23 NOTE
r-devel-linux-x86_64-debian-gcc 1.0-32 4.48 22.56 27.05 NOTE
r-devel-linux-x86_64-fedora-clang 1.0-32 47.57 NOTE --no-stop-on-test-error
r-devel-linux-x86_64-fedora-gcc 1.0-32 44.67 NOTE --no-stop-on-test-error
r-devel-windows-ix86+x86_64 1.0-32 34.00 52.00 86.00 OK
r-patched-linux-x86_64 1.0-32 4.25 22.54 26.78 NOTE
r-patched-solaris-sparc 1.0-32 296.60 OK
r-patched-solaris-x86 1.0-32 62.20 OK
r-release-linux-x86_64 1.0-32 4.10 22.25 26.36 NOTE
r-release-windows-ix86+x86_64 1.0-32 25.00 47.00 72.00 OK
r-release-osx-x86_64 1.0-32 OK
r-oldrel-windows-ix86+x86_64 1.0-32 18.00 47.00 65.00 OK
r-oldrel-osx-x86_64 1.0-32 OK

Check Details

Version: 1.0-32
Check: compiled code
Result: NOTE
    File ‘bqtl/libs/bqtl.so’:
     Found no calls to: ‘R_registerRoutines’, ‘R_useDynamicSymbols’
    
    It is good practice to register native routines and to disable symbol
    search.
    
    See ‘Writing portable packages’ in the ‘Writing R Extensions’ manual.
Flavors: r-devel-linux-x86_64-debian-clang, r-devel-linux-x86_64-debian-gcc, r-patched-linux-x86_64, r-release-linux-x86_64

Version: 1.0-32
Flags: --no-stop-on-test-error
Check: compiled code
Result: NOTE
    File ‘bqtl/libs/bqtl.so’:
     Found no calls to: ‘R_registerRoutines’, ‘R_useDynamicSymbols’
    
    It is good practice to register native routines and to disable symbol
    search.
    
    See ‘Writing portable packages’ in the ‘Writing R Extensions’ manual.
Flavors: r-devel-linux-x86_64-fedora-clang, r-devel-linux-x86_64-fedora-gcc