CRAN Package Check Results for Package bootStepAIC

Last updated on 2017-04-29 11:51:33.

Flavor Version Tinstall Tcheck Ttotal Status Flags
r-devel-linux-x86_64-debian-clang 1.2-0 0.61 19.35 19.96 NOTE
r-devel-linux-x86_64-debian-gcc 1.2-0 0.71 19.29 19.99 NOTE
r-devel-linux-x86_64-fedora-clang 1.2-0 36.27 NOTE --no-stop-on-test-error
r-devel-linux-x86_64-fedora-gcc 1.2-0 35.15 NOTE --no-stop-on-test-error
r-devel-windows-ix86+x86_64 1.2-0 4.00 52.00 56.00 NOTE
r-patched-linux-x86_64 1.2-0 0.61 19.12 19.73 NOTE
r-patched-solaris-sparc 1.2-0 219.80 NOTE
r-patched-solaris-x86 1.2-0 45.90 NOTE
r-release-linux-x86_64 1.2-0 0.57 18.89 19.47 NOTE
r-release-windows-ix86+x86_64 1.2-0 7.00 52.00 59.00 NOTE
r-release-osx-x86_64 1.2-0 NOTE
r-oldrel-windows-ix86+x86_64 1.2-0 5.00 49.00 54.00 NOTE
r-oldrel-osx-x86_64 1.2-0 NOTE

Check Details

Version: 1.2-0
Check: R code for possible problems
Result: NOTE
    boot.stepAIC: no visible global function definition for ‘update’
    boot.stepAIC: no visible binding for global variable ‘coef’
    boot.stepAIC : <anonymous>: no visible global function definition for
     ‘anova’
    boot.stepAIC: no visible global function definition for ‘pnorm’
    Undefined global functions or variables:
     anova coef pnorm update
    Consider adding
     importFrom("stats", "anova", "coef", "pnorm", "update")
    to your NAMESPACE file.
Flavors: r-devel-linux-x86_64-debian-clang, r-devel-linux-x86_64-debian-gcc, r-devel-windows-ix86+x86_64, r-patched-linux-x86_64, r-patched-solaris-sparc, r-patched-solaris-x86, r-release-linux-x86_64, r-release-windows-ix86+x86_64, r-release-osx-x86_64, r-oldrel-windows-ix86+x86_64, r-oldrel-osx-x86_64

Version: 1.2-0
Flags: --no-stop-on-test-error
Check: R code for possible problems
Result: NOTE
    boot.stepAIC: no visible global function definition for ‘update’
    boot.stepAIC: no visible binding for global variable ‘coef’
    boot.stepAIC : <anonymous>: no visible global function definition for
     ‘anova’
    boot.stepAIC: no visible global function definition for ‘pnorm’
    Undefined global functions or variables:
     anova coef pnorm update
    Consider adding
     importFrom("stats", "anova", "coef", "pnorm", "update")
    to your NAMESPACE file.
Flavors: r-devel-linux-x86_64-fedora-clang, r-devel-linux-x86_64-fedora-gcc