CRAN Package Check Results for Package bootStepAIC

Last updated on 2017-08-20 09:47:25.

Flavor Version Tinstall Tcheck Ttotal Status Flags
r-devel-linux-x86_64-debian-clang 1.2-0 0.62 19.82 20.44 NOTE
r-devel-linux-x86_64-debian-gcc 1.2-0 0.62 19.50 20.12 NOTE
r-devel-linux-x86_64-fedora-clang 1.2-0 37.82 NOTE
r-devel-linux-x86_64-fedora-gcc 1.2-0 40.65 NOTE
r-devel-windows-ix86+x86_64 1.2-0 3.00 40.00 43.00 NOTE
r-patched-linux-x86_64 1.2-0 0.63 19.45 20.08 NOTE
r-patched-solaris-x86 1.2-0 49.00 NOTE
r-release-linux-x86_64 1.2-0 0.61 19.39 20.00 NOTE
r-release-windows-ix86+x86_64 1.2-0 2.00 42.00 44.00 NOTE
r-release-osx-x86_64 1.2-0 NOTE
r-oldrel-windows-ix86+x86_64 1.2-0 2.00 51.00 53.00 NOTE
r-oldrel-osx-x86_64 1.2-0 NOTE

Check Details

Version: 1.2-0
Check: R code for possible problems
Result: NOTE
    boot.stepAIC: no visible global function definition for ‘update’
    boot.stepAIC: no visible binding for global variable ‘coef’
    boot.stepAIC : <anonymous>: no visible global function definition for
     ‘anova’
    boot.stepAIC: no visible global function definition for ‘pnorm’
    Undefined global functions or variables:
     anova coef pnorm update
    Consider adding
     importFrom("stats", "anova", "coef", "pnorm", "update")
    to your NAMESPACE file.
Flavors: r-devel-linux-x86_64-debian-clang, r-devel-linux-x86_64-debian-gcc, r-devel-linux-x86_64-fedora-clang, r-devel-linux-x86_64-fedora-gcc, r-devel-windows-ix86+x86_64, r-patched-linux-x86_64, r-patched-solaris-x86, r-release-linux-x86_64, r-release-windows-ix86+x86_64, r-release-osx-x86_64, r-oldrel-windows-ix86+x86_64, r-oldrel-osx-x86_64