CRAN Package Check Results for Package bootStepAIC

Last updated on 2017-02-27 03:50:04.

Flavor Version Tinstall Tcheck Ttotal Status Flags
r-devel-linux-x86_64-debian-clang 1.2-0 0.61 19.49 20.10 NOTE
r-devel-linux-x86_64-debian-gcc 1.2-0 0.66 19.36 20.03 NOTE
r-devel-linux-x86_64-fedora-clang 1.2-0 35.85 NOTE --no-stop-on-test-error
r-devel-linux-x86_64-fedora-gcc 1.2-0 34.83 NOTE --no-stop-on-test-error
r-devel-macos-x86_64-clang 1.2-0 29.14 NOTE --no-stop-on-test-error
r-devel-windows-ix86+x86_64 1.2-0 3.00 90.00 93.00 NOTE
r-patched-linux-x86_64 1.2-0 0.53 17.03 17.56 NOTE
r-patched-solaris-sparc 1.2-0 203.20 NOTE
r-patched-solaris-x86 1.2-0 42.20 NOTE
r-release-linux-x86_64 1.2-0 0.56 17.05 17.61 NOTE
r-release-osx-x86_64-mavericks 1.2-0 NOTE
r-release-windows-ix86+x86_64 1.2-0 8.00 37.00 45.00 NOTE
r-oldrel-windows-ix86+x86_64 1.2-0 7.00 73.00 80.00 OK

Check Details

Version: 1.2-0
Check: R code for possible problems
Result: NOTE
    boot.stepAIC: no visible global function definition for ‘update’
    boot.stepAIC: no visible binding for global variable ‘coef’
    boot.stepAIC : <anonymous>: no visible global function definition for
     ‘anova’
    boot.stepAIC: no visible global function definition for ‘pnorm’
    Undefined global functions or variables:
     anova coef pnorm update
    Consider adding
     importFrom("stats", "anova", "coef", "pnorm", "update")
    to your NAMESPACE file.
Flavors: r-devel-linux-x86_64-debian-clang, r-devel-linux-x86_64-debian-gcc, r-devel-windows-ix86+x86_64, r-patched-linux-x86_64, r-patched-solaris-sparc, r-patched-solaris-x86, r-release-linux-x86_64, r-release-osx-x86_64-mavericks, r-release-windows-ix86+x86_64

Version: 1.2-0
Flags: --no-stop-on-test-error
Check: R code for possible problems
Result: NOTE
    boot.stepAIC: no visible global function definition for ‘update’
    boot.stepAIC: no visible binding for global variable ‘coef’
    boot.stepAIC : <anonymous>: no visible global function definition for
     ‘anova’
    boot.stepAIC: no visible global function definition for ‘pnorm’
    Undefined global functions or variables:
     anova coef pnorm update
    Consider adding
     importFrom("stats", "anova", "coef", "pnorm", "update")
    to your NAMESPACE file.
Flavors: r-devel-linux-x86_64-fedora-clang, r-devel-linux-x86_64-fedora-gcc, r-devel-macos-x86_64-clang