CRAN Package Check Results for Package bootStepAIC

Last updated on 2016-02-07 18:48:43.

Flavor Version Tinstall Tcheck Ttotal Status Flags
r-devel-linux-x86_64-debian-gcc 1.2-0 0.53 16.08 16.61 NOTE
r-devel-linux-x86_64-fedora-clang 1.2-0 31.42 NOTE
r-devel-linux-x86_64-fedora-gcc 1.2-0 30.03 NOTE
r-devel-osx-x86_64-clang 1.2-0 34.67 NOTE
r-devel-windows-ix86+x86_64 1.2-0 3.00 44.00 47.00 NOTE
r-patched-linux-x86_64 1.2-0 0.57 16.80 17.37 OK
r-patched-solaris-sparc 1.2-0 207.90 OK
r-patched-solaris-x86 1.2-0 43.20 OK
r-release-linux-x86_64 1.2-0 0.63 16.74 17.37 OK
r-release-osx-x86_64-mavericks 1.2-0 OK
r-release-windows-ix86+x86_64 1.2-0 3.00 34.00 37.00 OK
r-oldrel-windows-ix86+x86_64 1.2-0 5.00 36.00 41.00 OK

Check Details

Version: 1.2-0
Check: R code for possible problems
Result: NOTE
    boot.stepAIC: no visible global function definition for ‘update’
    boot.stepAIC: no visible binding for global variable ‘coef’
    boot.stepAIC : <anonymous>: no visible global function definition for
     ‘anova’
    boot.stepAIC: no visible global function definition for ‘pnorm’
    Undefined global functions or variables:
     anova coef pnorm update
    Consider adding
     importFrom("stats", "anova", "coef", "pnorm", "update")
    to your NAMESPACE file.
Flavors: r-devel-linux-x86_64-debian-gcc, r-devel-linux-x86_64-fedora-clang, r-devel-linux-x86_64-fedora-gcc, r-devel-osx-x86_64-clang, r-devel-windows-ix86+x86_64