CRAN Package Check Results for Package bootStepAIC

Last updated on 2016-09-25 11:47:01.

Flavor Version Tinstall Tcheck Ttotal Status Flags
r-devel-linux-x86_64-debian-clang 1.2-0 0.50 17.93 18.43 NOTE
r-devel-linux-x86_64-debian-gcc 1.2-0 0.54 17.71 18.26 NOTE
r-devel-linux-x86_64-fedora-clang 1.2-0 33.51 NOTE
r-devel-linux-x86_64-fedora-gcc 1.2-0 31.07 NOTE
r-devel-macos-x86_64-clang 1.2-0 26.55 NOTE
r-devel-windows-ix86+x86_64 1.2-0 3.00 53.00 56.00 NOTE
r-patched-linux-x86_64 1.2-0 0.60 17.48 18.08 NOTE
r-patched-solaris-sparc 1.2-0 198.50 NOTE
r-patched-solaris-x86 1.2-0 40.50 NOTE
r-release-linux-x86_64 1.2-0 0.55 17.68 18.23 NOTE
r-release-osx-x86_64-mavericks 1.2-0 NOTE
r-release-windows-ix86+x86_64 1.2-0 2.00 39.00 41.00 NOTE
r-oldrel-windows-ix86+x86_64 1.2-0 4.00 45.00 49.00 OK

Check Details

Version: 1.2-0
Check: R code for possible problems
Result: NOTE
    boot.stepAIC: no visible global function definition for ‘update’
    boot.stepAIC: no visible binding for global variable ‘coef’
    boot.stepAIC : <anonymous>: no visible global function definition for
     ‘anova’
    boot.stepAIC: no visible global function definition for ‘pnorm’
    Undefined global functions or variables:
     anova coef pnorm update
    Consider adding
     importFrom("stats", "anova", "coef", "pnorm", "update")
    to your NAMESPACE file.
Flavors: r-devel-linux-x86_64-debian-clang, r-devel-linux-x86_64-debian-gcc, r-devel-linux-x86_64-fedora-clang, r-devel-linux-x86_64-fedora-gcc, r-devel-macos-x86_64-clang, r-devel-windows-ix86+x86_64, r-patched-linux-x86_64, r-patched-solaris-sparc, r-patched-solaris-x86, r-release-linux-x86_64, r-release-osx-x86_64-mavericks, r-release-windows-ix86+x86_64