CRAN Package Check Results for Package bootStepAIC

Last updated on 2016-05-24 07:47:06.

Flavor Version Tinstall Tcheck Ttotal Status Flags
r-devel-linux-x86_64-debian-gcc 1.2-0 0.55 17.23 17.79 NOTE
r-devel-linux-x86_64-fedora-clang 1.2-0 33.59 NOTE
r-devel-linux-x86_64-fedora-gcc 1.2-0 30.55 NOTE
r-devel-osx-x86_64-clang 1.2-0 36.06 NOTE
r-devel-windows-ix86+x86_64 1.2-0 2.00 35.00 37.00 NOTE
r-patched-linux-x86_64 1.2-0 0.57 16.78 17.35 NOTE
r-patched-solaris-sparc 1.2-0 197.70 NOTE
r-patched-solaris-x86 1.2-0 40.90 NOTE
r-release-linux-x86_64 1.2-0 0.59 16.85 17.43 NOTE
r-release-osx-x86_64-mavericks 1.2-0 NOTE
r-release-windows-ix86+x86_64 1.2-0 2.00 35.00 37.00 NOTE
r-oldrel-windows-ix86+x86_64 1.2-0 4.00 34.00 38.00 OK

Check Details

Version: 1.2-0
Check: R code for possible problems
Result: NOTE
    boot.stepAIC: no visible global function definition for ‘update’
    boot.stepAIC: no visible binding for global variable ‘coef’
    boot.stepAIC : <anonymous>: no visible global function definition for
     ‘anova’
    boot.stepAIC: no visible global function definition for ‘pnorm’
    Undefined global functions or variables:
     anova coef pnorm update
    Consider adding
     importFrom("stats", "anova", "coef", "pnorm", "update")
    to your NAMESPACE file.
Flavors: r-devel-linux-x86_64-debian-gcc, r-devel-linux-x86_64-fedora-clang, r-devel-linux-x86_64-fedora-gcc, r-devel-osx-x86_64-clang, r-devel-windows-ix86+x86_64, r-patched-linux-x86_64, r-patched-solaris-sparc, r-patched-solaris-x86, r-release-linux-x86_64, r-release-osx-x86_64-mavericks, r-release-windows-ix86+x86_64