CRAN Package Check Results for Package bmd

Last updated on 2014-10-24 16:46:39.

Flavor Version Tinstall Tcheck Ttotal Status Flags
r-devel-linux-x86_64-debian-clang 0.5 0.86 15.47 16.33 NOTE
r-devel-linux-x86_64-debian-gcc 0.5 0.92 15.40 16.31 NOTE
r-devel-linux-x86_64-fedora-clang 0.5 33.43 NOTE
r-devel-linux-x86_64-fedora-gcc 0.5 30.87 NOTE
r-devel-osx-x86_64-clang 0.5 33.45 NOTE
r-devel-windows-ix86+x86_64 0.5 5.00 26.00 31.00 NOTE
r-patched-linux-x86_64 0.5 0.89 15.18 16.06 NOTE
r-patched-solaris-sparc 0.5 175.20 NOTE
r-patched-solaris-x86 0.5 44.50 NOTE
r-release-linux-ix86 0.5 1.32 23.11 24.44 NOTE
r-release-linux-x86_64 0.5 0.90 16.00 16.89 NOTE
r-release-osx-x86_64-mavericks 0.5 NOTE
r-release-osx-x86_64-snowleopard 0.5 NOTE
r-release-windows-ix86+x86_64 0.5 4.00 28.00 32.00 NOTE
r-oldrel-windows-ix86+x86_64 0.5 5.00 33.00 38.00 NOTE

Check Details

Version: 0.5
Check: top-level files
Result: NOTE
    File
     inst/LICENCE
    will install at top-level and is not mentioned in the DESCRIPTION file.
Flavors: r-devel-linux-x86_64-debian-clang, r-devel-linux-x86_64-debian-gcc, r-devel-linux-x86_64-fedora-clang, r-devel-linux-x86_64-fedora-gcc, r-devel-osx-x86_64-clang, r-devel-windows-ix86+x86_64, r-patched-linux-x86_64, r-patched-solaris-sparc, r-patched-solaris-x86, r-release-linux-ix86, r-release-linux-x86_64, r-release-osx-x86_64-mavericks, r-release-osx-x86_64-snowleopard, r-release-windows-ix86+x86_64, r-oldrel-windows-ix86+x86_64

Version: 0.5
Check: dependencies in R code
Result: NOTE
    Package in Depends field not imported from: ‘drc’
     These packages need to be imported from (in the NAMESPACE file)
     for when this namespace is loaded but not attached.
    See the information on DESCRIPTION files in the chapter ‘Creating R
    packages’ of the ‘Writing R Extensions’ manual.
Flavors: r-devel-linux-x86_64-debian-clang, r-devel-linux-x86_64-debian-gcc, r-devel-linux-x86_64-fedora-clang, r-devel-linux-x86_64-fedora-gcc, r-devel-osx-x86_64-clang, r-devel-windows-ix86+x86_64, r-patched-linux-x86_64, r-patched-solaris-sparc, r-patched-solaris-x86, r-release-linux-ix86, r-release-linux-x86_64, r-release-osx-x86_64-mavericks, r-release-windows-ix86+x86_64, r-oldrel-windows-ix86+x86_64

Version: 0.5
Check: R code for possible problems
Result: NOTE
    bmd: no visible global function definition for ‘LL.2’
    bmd: no visible global function definition for ‘LN.2’
    bmd: no visible global function definition for ‘W1.2’
    bmd: no visible global function definition for ‘W2.2’
    bmd: no visible global function definition for ‘LL.5’
    bmd: no visible global function definition for ‘LN.4’
    bmd: no visible global function definition for ‘W1.4’
    bmd: no visible global function definition for ‘W2.4’
    bmd: no visible global function definition for ‘FPL.4’
    bmd: no visible global function definition for ‘maED’
    bmd: no visible global function definition for ‘ED’
Flavors: r-devel-linux-x86_64-debian-clang, r-devel-linux-x86_64-debian-gcc, r-devel-linux-x86_64-fedora-clang, r-devel-linux-x86_64-fedora-gcc, r-devel-osx-x86_64-clang, r-devel-windows-ix86+x86_64, r-patched-linux-x86_64, r-patched-solaris-sparc, r-patched-solaris-x86

Version: 0.5
Check: Rd line widths
Result: NOTE
    Rd file 'bmd.Rd':
     \examples lines wider than 100 characters:
     efsa2009p41.LL2 <- drm(number/total~dose, weights=total, data=efsa2009p41, type="binomial", fct=LL.2())
     efsa2009p41.LL3u <- drm(number/total~dose, weights=total, data=efsa2009p41, type="binomial", fct=LL.3u())
     hwang2009 <- data.frame(dose = c(0, 2.68, 10.34, 37.03), number = c(1,0,2,9), total = c(50,50,50,50))
     hwang2009.LN2 <- drm(number/total ~ dose, weights = total, data = hwang2009, type = "binomial", fct = LN.2())
    
    These lines will be truncated in the PDF manual.
Flavors: r-devel-linux-x86_64-debian-clang, r-devel-linux-x86_64-debian-gcc, r-devel-linux-x86_64-fedora-clang, r-devel-linux-x86_64-fedora-gcc, r-patched-linux-x86_64, r-release-linux-x86_64