CRAN Package Check Results for Package bmd

Last updated on 2014-04-16 11:47:16.

Flavor Version Tinstall Tcheck Ttotal Status Flags
r-devel-linux-x86_64-debian-clang 0.5 0.91 15.75 16.66 NOTE
r-devel-linux-x86_64-debian-gcc 0.5 0.94 16.06 17.00 NOTE
r-devel-linux-x86_64-fedora-clang 0.5 32.33 NOTE
r-devel-linux-x86_64-fedora-gcc 0.5 30.61 NOTE
r-devel-macosx-x86_64-clang 0.5 38.95 NOTE
r-devel-macosx-x86_64-gcc 0.5 ERROR
r-devel-windows-ix86+x86_64 0.5 5.00 25.00 30.00 NOTE
r-patched-linux-x86_64 0.5 0.94 15.90 16.84 NOTE
r-patched-solaris-sparc 0.5 184.20 NOTE
r-patched-solaris-x86 0.5 47.70 NOTE
r-release-linux-ix86 0.5 2.00 33.00 35.00 NOTE
r-release-linux-x86_64 0.5 0.93 15.66 16.59 NOTE
r-release-macosx-x86_64 0.5 NOTE
r-release-windows-ix86+x86_64 0.5 4.00 28.00 32.00 NOTE
r-oldrel-windows-ix86+x86_64 0.5 4.00 27.00 31.00 NOTE

Check Details

Version: 0.5
Check: top-level files
Result: NOTE
    File
     inst/LICENCE
    will install at top-level and is not mentioned in the DESCRIPTION file.
Flavors: r-devel-linux-x86_64-debian-clang, r-devel-linux-x86_64-debian-gcc, r-devel-linux-x86_64-fedora-clang, r-devel-linux-x86_64-fedora-gcc, r-devel-macosx-x86_64-clang, r-devel-windows-ix86+x86_64, r-patched-linux-x86_64, r-patched-solaris-sparc, r-patched-solaris-x86, r-release-linux-ix86, r-release-linux-x86_64, r-release-macosx-x86_64, r-release-windows-ix86+x86_64, r-oldrel-windows-ix86+x86_64

Version: 0.5
Check: dependencies in R code
Result: NOTE
    Package in Depends field not imported from: ‘drc’
     These packages need to be imported from (in the NAMESPACE file)
     for when this namespace is loaded but not attached.
    See the information on DESCRIPTION files in the chapter ‘Creating R
    packages’ of the ‘Writing R Extensions’ manual.
Flavors: r-devel-linux-x86_64-debian-clang, r-devel-linux-x86_64-debian-gcc, r-devel-linux-x86_64-fedora-clang, r-devel-linux-x86_64-fedora-gcc, r-devel-macosx-x86_64-clang, r-devel-windows-ix86+x86_64, r-patched-linux-x86_64, r-patched-solaris-sparc, r-patched-solaris-x86, r-release-linux-ix86, r-release-linux-x86_64, r-release-windows-ix86+x86_64, r-oldrel-windows-ix86+x86_64

Version: 0.5
Check: Rd line widths
Result: NOTE
    Rd file 'bmd.Rd':
     \examples lines wider than 100 characters:
     efsa2009p41.LL2 <- drm(number/total~dose, weights=total, data=efsa2009p41, type="binomial", fct=LL.2())
     efsa2009p41.LL3u <- drm(number/total~dose, weights=total, data=efsa2009p41, type="binomial", fct=LL.3u())
     hwang2009 <- data.frame(dose = c(0, 2.68, 10.34, 37.03), number = c(1,0,2,9), total = c(50,50,50,50))
     hwang2009.LN2 <- drm(number/total ~ dose, weights = total, data = hwang2009, type = "binomial", fct = LN.2())
    
    These lines will be truncated in the PDF manual.
Flavors: r-devel-linux-x86_64-fedora-clang, r-devel-linux-x86_64-fedora-gcc

Version: 0.5
Check: package dependencies
Result: ERROR
    Package required but not available: ‘drc’
    
    See the information on DESCRIPTION files in the chapter ‘Creating R
    packages’ of the ‘Writing R Extensions’ manual.
Flavor: r-devel-macosx-x86_64-gcc