CRAN Package Check Results for Package bfa

Last updated on 2017-04-26 12:47:05.

Flavor Version Tinstall Tcheck Ttotal Status Flags
r-devel-linux-x86_64-debian-clang 0.4 53.35 19.64 72.99 NOTE
r-devel-linux-x86_64-debian-gcc 0.4 58.98 18.69 77.66 NOTE
r-devel-linux-x86_64-fedora-clang 0.4 150.11 NOTE --no-stop-on-test-error
r-devel-linux-x86_64-fedora-gcc 0.4 158.59 NOTE --no-stop-on-test-error
r-devel-windows-ix86+x86_64 0.4 222.00 57.00 279.00 OK
r-patched-linux-x86_64 0.4 45.57 19.63 65.20 NOTE
r-patched-solaris-sparc 0.4 696.10 OK
r-patched-solaris-x86 0.4 141.60 OK
r-release-linux-x86_64 0.4 45.44 18.91 64.34 NOTE
r-release-windows-ix86+x86_64 0.4 161.00 53.00 214.00 OK
r-release-osx-x86_64 0.4 OK
r-oldrel-windows-ix86+x86_64 0.4 167.00 68.00 235.00 OK
r-oldrel-osx-x86_64 0.4 OK

Check Details

Version: 0.4
Check: compiled code
Result: NOTE
    File ‘bfa/libs/bfa.so’:
     Found no calls to: ‘R_registerRoutines’, ‘R_useDynamicSymbols’
    
    It is good practice to register native routines and to disable symbol
    search.
    
    See ‘Writing portable packages’ in the ‘Writing R Extensions’ manual.
Flavors: r-devel-linux-x86_64-debian-clang, r-devel-linux-x86_64-debian-gcc, r-patched-linux-x86_64, r-release-linux-x86_64

Version: 0.4
Flags: --no-stop-on-test-error
Check: compiled code
Result: NOTE
    File ‘bfa/libs/bfa.so’:
     Found no calls to: ‘R_registerRoutines’, ‘R_useDynamicSymbols’
    
    It is good practice to register native routines and to disable symbol
    search.
    
    See ‘Writing portable packages’ in the ‘Writing R Extensions’ manual.
Flavors: r-devel-linux-x86_64-fedora-clang, r-devel-linux-x86_64-fedora-gcc

Version: 0.4
Flags: --no-stop-on-test-error
Check: installed package size
Result: NOTE
     installed size is 5.6Mb
     sub-directories of 1Mb or more:
     libs 5.4Mb
Flavor: r-devel-linux-x86_64-fedora-gcc