CRAN Package Check Results for Package bfa

Last updated on 2015-04-25 17:46:46.

Flavor Version Tinstall Tcheck Ttotal Status Flags
r-devel-linux-x86_64-debian-clang 0.3.1 41.46 15.98 57.44 NOTE
r-devel-linux-x86_64-debian-gcc 0.3.1 43.53 15.39 58.92 NOTE
r-devel-linux-x86_64-fedora-clang 0.3.1 126.30 NOTE
r-devel-linux-x86_64-fedora-gcc 0.3.1 120.15 NOTE
r-devel-osx-x86_64-clang 0.3.1 85.96 NOTE
r-devel-windows-ix86+x86_64 0.3.1 123.00 46.00 169.00 NOTE
r-patched-linux-x86_64 0.3.1 44.56 15.29 59.85 NOTE
r-patched-solaris-sparc 0.3.1 737.00 NOTE
r-patched-solaris-x86 0.3.1 145.60 NOTE
r-release-linux-x86_64 0.3.1 46.54 15.69 62.23 NOTE
r-release-osx-x86_64-mavericks 0.3.1 NOTE
r-release-osx-x86_64-snowleopard 0.3.1 NOTE
r-release-windows-ix86+x86_64 0.3.1 126.00 46.00 172.00 NOTE
r-oldrel-windows-ix86+x86_64 0.3.1 107.00 64.00 171.00 NOTE

Check Details

Version: 0.3.1
Check: compiled code
Result: NOTE
    File 'bfa/libs/i386/bfa.dll':
     Found 'srand', possibly from 'srand' (C)
     Object: 'main_mcmc.o'
    File 'bfa/libs/x64/bfa.dll':
     Found 'srand', possibly from 'srand' (C)
     Object: 'main_mcmc.o'
    
    Compiled code should not call entry points which might terminate R nor
    write to stdout/stderr instead of to the console, nor the system RNG.
    
    See 'Writing portable packages' in the 'Writing R Extensions' manual.
Flavors: r-devel-windows-ix86+x86_64, r-release-windows-ix86+x86_64, r-oldrel-windows-ix86+x86_64