CRAN Package Check Results for Package bfa

Last updated on 2014-11-23 17:49:23.

Flavor Version Tinstall Tcheck Ttotal Status Flags
r-devel-linux-x86_64-debian-clang 0.3.1 37.32 18.68 56.00 NOTE
r-devel-linux-x86_64-debian-gcc 0.3.1 42.16 17.71 59.87 NOTE
r-devel-linux-x86_64-fedora-clang 0.3.1 125.46 NOTE
r-devel-linux-x86_64-fedora-gcc 0.3.1 115.86 NOTE
r-devel-osx-x86_64-clang 0.3.1 98.38 NOTE
r-devel-windows-ix86+x86_64 0.3.1 124.00 41.00 165.00 NOTE
r-patched-linux-x86_64 0.3.1 42.00 18.82 60.82 NOTE
r-patched-solaris-sparc 0.3.1 772.10 NOTE
r-patched-solaris-x86 0.3.1 148.40 NOTE
r-release-linux-ix86 0.3.1 52.58 24.17 76.75 NOTE
r-release-linux-x86_64 0.3.1 42.98 18.51 61.49 NOTE
r-release-osx-x86_64-mavericks 0.3.1 OK
r-release-osx-x86_64-snowleopard 0.3.1 OK
r-release-windows-ix86+x86_64 0.3.1 134.00 45.00 179.00 NOTE
r-oldrel-windows-ix86+x86_64 0.3.1 120.00 57.00 177.00 OK

Check Details

Version: 0.3.1
Check: compiled code
Result: NOTE
    File ‘bfa/libs/bfa.so’:
     Found ‘srand’, possibly from ‘srand’ (C)
     Object: ‘main_mcmc.o’
    
    Compiled code should not call entry points which might terminate R nor
    write to stdout/stderr instead of to the console, nor the C RNG.
    
    See ‘Writing portable packages’ in the ‘Writing R Extensions’ manual.
Flavors: r-devel-linux-x86_64-debian-clang, r-devel-linux-x86_64-debian-gcc, r-devel-linux-x86_64-fedora-clang, r-devel-linux-x86_64-fedora-gcc, r-patched-linux-x86_64, r-patched-solaris-sparc, r-patched-solaris-x86, r-release-linux-ix86, r-release-linux-x86_64

Version: 0.3.1
Check: compiled code
Result: NOTE
    File ‘bfa/libs/bfa.so’:
     Found ‘_srand’, possibly from ‘srand’ (C)
     Object: ‘main_mcmc.o’
    
    Compiled code should not call entry points which might terminate R nor
    write to stdout/stderr instead of to the console, nor the C RNG.
    
    See ‘Writing portable packages’ in the ‘Writing R Extensions’ manual.
Flavor: r-devel-osx-x86_64-clang

Version: 0.3.1
Check: compiled code
Result: NOTE
    File 'bfa/libs/i386/bfa.dll':
     Found 'srand', possibly from 'srand' (C)
     Object: 'main_mcmc.o'
    File 'bfa/libs/x64/bfa.dll':
     Found 'srand', possibly from 'srand' (C)
     Object: 'main_mcmc.o'
    
    Compiled code should not call entry points which might terminate R nor
    write to stdout/stderr instead of to the console, nor the C RNG.
    
    See 'Writing portable packages' in the 'Writing R Extensions' manual.
Flavors: r-devel-windows-ix86+x86_64, r-release-windows-ix86+x86_64

Version: 0.3.1
Check: installed package size
Result: NOTE
     installed size is 5.4Mb
     sub-directories of 1Mb or more:
     libs 5.3Mb
Flavor: r-patched-solaris-sparc