CRAN Package Check Results for Package bfa

Last updated on 2017-08-14 18:46:12.

Flavor Version Tinstall Tcheck Ttotal Status Flags
r-devel-linux-x86_64-debian-clang 0.4 55.26 20.20 75.46 NOTE
r-devel-linux-x86_64-debian-gcc 0.4 NOTE
r-devel-linux-x86_64-fedora-clang 0.4 159.02 NOTE
r-devel-linux-x86_64-fedora-gcc 0.4 175.85 NOTE
r-devel-windows-ix86+x86_64 0.4 219.00 76.00 295.00 OK
r-patched-linux-x86_64 0.4 61.03 19.11 80.14 NOTE
r-patched-solaris-x86 0.4 153.20 OK
r-release-linux-x86_64 0.4 61.18 19.26 80.44 NOTE
r-release-windows-ix86+x86_64 0.4 165.00 73.00 238.00 OK
r-release-osx-x86_64 0.4 OK
r-oldrel-windows-ix86+x86_64 0.4 215.00 72.00 287.00 OK
r-oldrel-osx-x86_64 0.4 OK

Check Details

Version: 0.4
Check: compiled code
Result: NOTE
    File ‘bfa/libs/bfa.so’:
     Found no calls to: ‘R_registerRoutines’, ‘R_useDynamicSymbols’
    
    It is good practice to register native routines and to disable symbol
    search.
    
    See ‘Writing portable packages’ in the ‘Writing R Extensions’ manual.
Flavors: r-devel-linux-x86_64-debian-clang, r-devel-linux-x86_64-debian-gcc, r-devel-linux-x86_64-fedora-clang, r-devel-linux-x86_64-fedora-gcc, r-patched-linux-x86_64, r-release-linux-x86_64

Version: 0.4
Check: installed package size
Result: NOTE
     installed size is 5.9Mb
     sub-directories of 1Mb or more:
     libs 5.8Mb
Flavor: r-devel-linux-x86_64-fedora-gcc