CRAN Package Check Results for Package bfa

Last updated on 2016-12-08 03:54:05.

Flavor Version Tinstall Tcheck Ttotal Status Flags
r-devel-linux-x86_64-debian-clang 0.4 50.89 20.38 71.27 OK
r-devel-linux-x86_64-debian-gcc 0.4 58.04 19.17 77.21 OK
r-devel-linux-x86_64-fedora-clang 0.4 142.89 OK --no-stop-on-test-error
r-devel-linux-x86_64-fedora-gcc 0.4 149.93 NOTE --no-stop-on-test-error
r-devel-macos-x86_64-clang 0.4 95.05 OK
r-devel-windows-ix86+x86_64 0.4 142.00 56.00 198.00 OK
r-patched-linux-x86_64 0.4 45.21 16.45 61.66 OK
r-patched-solaris-sparc 0.4 616.00 OK
r-patched-solaris-x86 0.4 131.70 OK
r-release-linux-x86_64 0.4 44.46 16.18 60.64 OK
r-release-osx-x86_64-mavericks 0.4 OK
r-release-windows-ix86+x86_64 0.4 133.00 62.00 195.00 OK
r-oldrel-windows-ix86+x86_64 0.4 190.00 48.00 238.00 OK

Check Details

Version: 0.4
Flags: --no-stop-on-test-error
Check: installed package size
Result: NOTE
     installed size is 5.5Mb
     sub-directories of 1Mb or more:
     libs 5.3Mb
Flavor: r-devel-linux-x86_64-fedora-gcc