CRAN Package Check Results for Package bfa

Last updated on 2015-07-02 20:46:25.

Flavor Version Tinstall Tcheck Ttotal Status Flags
r-devel-linux-x86_64-debian-clang 0.3.1 39.94 15.15 55.09 NOTE
r-devel-linux-x86_64-debian-gcc 0.3.1 44.44 15.03 59.47 NOTE
r-devel-linux-x86_64-fedora-clang 0.3.1 124.12 NOTE
r-devel-linux-x86_64-fedora-gcc 0.3.1 107.95 NOTE
r-devel-osx-x86_64-clang 0.3.1 78.88 NOTE
r-devel-windows-ix86+x86_64 0.3.1 118.00 37.00 155.00 NOTE
r-patched-linux-x86_64 0.3.1 44.70 15.24 59.94 NOTE
r-patched-solaris-sparc 0.3.1 747.80 NOTE
r-patched-solaris-x86 0.3.1 147.20 NOTE
r-release-linux-x86_64 0.3.1 44.97 15.70 60.67 NOTE
r-release-osx-x86_64-mavericks 0.3.1 NOTE
r-release-windows-ix86+x86_64 0.3.1 141.00 37.00 178.00 NOTE
r-oldrel-windows-ix86+x86_64 0.3.1 143.00 45.00 188.00 NOTE

Check Details

Version: 0.3.1
Check: R code for possible problems
Result: NOTE
    .bfa: no visible global function definition for ‘cov’
    .bfa: no visible global function definition for ‘var’
    bfa_copula: no visible global function definition for ‘model.frame’
    bfa_gauss: no visible global function definition for ‘model.frame’
    bfa_model: no visible global function definition for ‘model.frame’
    bfa_model: no visible global function definition for ‘ecdf’
    bfa_model: no visible global function definition for ‘qnorm’
    bfa_model: no visible global function definition for ‘rnorm’
    bfa_model: no visible binding for global variable ‘sd’
    bfa_model: no visible global function definition for ‘factanal’
    bfa_model: no visible global function definition for ‘rgamma’
    bfa_model: no visible global function definition for ‘rbeta’
    biplot.bfa: no visible binding for global variable ‘biplot’
    predict.bfa: no visible global function definition for ‘ecdf’
    predict.bfa: no visible global function definition for ‘qnorm’
    predict.bfa: no visible global function definition for ‘rnorm’
    predict.bfa: no visible global function definition for ‘pnorm’
    predict.bfa: no visible global function definition for ‘quantile’
    rtnorm: no visible global function definition for ‘qnorm’
    rtnorm: no visible global function definition for ‘runif’
    rtnorm: no visible global function definition for ‘pnorm’
    rtnorm.slice: no visible global function definition for ‘runif’
    Undefined global functions or variables:
     biplot cov ecdf factanal model.frame pnorm qnorm quantile rbeta
     rgamma rnorm runif sd var
Flavors: r-devel-linux-x86_64-debian-clang, r-devel-linux-x86_64-fedora-clang, r-devel-linux-x86_64-fedora-gcc

Version: 0.3.1
Check: compiled code
Result: NOTE
    File ‘bfa/libs/bfa.so’:
     Found ‘srand’, possibly from ‘srand’ (C)
     Object: ‘main_mcmc.o’
    
    Compiled code should not call entry points which might terminate R nor
    write to stdout/stderr instead of to the console, nor the system RNG.
    
    See ‘Writing portable packages’ in the ‘Writing R Extensions’ manual.
Flavors: r-devel-linux-x86_64-debian-clang, r-devel-linux-x86_64-debian-gcc, r-devel-linux-x86_64-fedora-clang, r-devel-linux-x86_64-fedora-gcc, r-patched-linux-x86_64, r-patched-solaris-sparc, r-patched-solaris-x86, r-release-linux-x86_64

Version: 0.3.1
Check: installed package size
Result: NOTE
     installed size is 5.2Mb
     sub-directories of 1Mb or more:
     libs 5.0Mb
Flavors: r-devel-linux-x86_64-debian-gcc, r-devel-linux-x86_64-fedora-gcc, r-patched-linux-x86_64, r-patched-solaris-sparc, r-release-linux-x86_64

Version: 0.3.1
Check: R code for possible problems
Result: NOTE
    .bfa: no visible global function definition for ‘cov’
    .bfa: no visible global function definition for ‘var’
    bfa_copula: no visible global function definition for ‘model.frame’
    bfa_gauss: no visible global function definition for ‘model.frame’
    bfa_model: no visible global function definition for ‘model.frame’
    bfa_model: no visible global function definition for ‘ecdf’
    bfa_model: no visible global function definition for ‘qnorm’
    bfa_model: no visible global function definition for ‘rnorm’
    bfa_model: no visible binding for global variable ‘sd’
    bfa_model: no visible global function definition for ‘factanal’
    bfa_model: no visible global function definition for ‘rgamma’
    bfa_model: no visible global function definition for ‘rbeta’
    biplot.bfa: no visible binding for global variable ‘biplot’
    predict.bfa: no visible global function definition for ‘ecdf’
    predict.bfa: no visible global function definition for ‘qnorm’
    predict.bfa: no visible global function definition for ‘rnorm’
    predict.bfa: no visible global function definition for ‘pnorm’
    predict.bfa: no visible global function definition for ‘quantile’
    rtnorm: no visible global function definition for ‘qnorm’
    rtnorm: no visible global function definition for ‘runif’
    rtnorm: no visible global function definition for ‘pnorm’
    rtnorm.slice: no visible global function definition for ‘runif’
Flavors: r-devel-linux-x86_64-debian-gcc, r-devel-windows-ix86+x86_64

Version: 0.3.1
Check: compiled code
Result: NOTE
    File ‘bfa/libs/bfa.so’:
     Found ‘_srand’, possibly from ‘srand’ (C)
     Object: ‘main_mcmc.o’
    
    Compiled code should not call entry points which might terminate R nor
    write to stdout/stderr instead of to the console, nor the system RNG.
    
    See ‘Writing portable packages’ in the ‘Writing R Extensions’ manual.
Flavors: r-devel-osx-x86_64-clang, r-release-osx-x86_64-mavericks

Version: 0.3.1
Check: compiled code
Result: NOTE
    File 'bfa/libs/i386/bfa.dll':
     Found 'srand', possibly from 'srand' (C)
     Object: 'main_mcmc.o'
    File 'bfa/libs/x64/bfa.dll':
     Found 'srand', possibly from 'srand' (C)
     Object: 'main_mcmc.o'
    
    Compiled code should not call entry points which might terminate R nor
    write to stdout/stderr instead of to the console, nor the system RNG.
    
    See 'Writing portable packages' in the 'Writing R Extensions' manual.
Flavors: r-devel-windows-ix86+x86_64, r-release-windows-ix86+x86_64, r-oldrel-windows-ix86+x86_64