CRAN Package Check Results for Package bfa

Last updated on 2017-02-21 23:50:30.

Flavor Version Tinstall Tcheck Ttotal Status Flags
r-devel-linux-x86_64-debian-clang 0.4 51.16 19.20 70.37 NOTE
r-devel-linux-x86_64-debian-gcc 0.4 58.85 19.19 78.04 NOTE
r-devel-linux-x86_64-fedora-clang 0.4 145.95 NOTE --no-stop-on-test-error
r-devel-linux-x86_64-fedora-gcc 0.4 146.34 NOTE --no-stop-on-test-error
r-devel-macos-x86_64-clang 0.4 94.48 NOTE --no-stop-on-test-error
r-devel-windows-ix86+x86_64 0.4 202.00 109.00 311.00 OK
r-patched-linux-x86_64 0.4 44.61 16.72 61.33 OK
r-patched-solaris-sparc 0.4 683.80 OK
r-patched-solaris-x86 0.4 136.60 OK
r-release-linux-x86_64 0.4 45.17 17.66 62.83 OK
r-release-osx-x86_64-mavericks 0.4 OK
r-release-windows-ix86+x86_64 0.4 308.00 73.00 381.00 OK
r-oldrel-windows-ix86+x86_64 0.4 179.00 61.00 240.00 OK

Check Details

Version: 0.4
Check: compiled code
Result: NOTE
    File ‘bfa/libs/bfa.so’:
     Found no calls to: ‘R_registerRoutines’, ‘R_useDynamicSymbols’
    
    It is good practice to register native routines and to disable symbol
    search.
    
    See ‘Writing portable packages’ in the ‘Writing R Extensions’ manual.
Flavors: r-devel-linux-x86_64-debian-clang, r-devel-linux-x86_64-debian-gcc

Version: 0.4
Flags: --no-stop-on-test-error
Check: compiled code
Result: NOTE
    File ‘bfa/libs/bfa.so’:
     Found no calls to: ‘R_registerRoutines’, ‘R_useDynamicSymbols’
    
    It is good practice to register native routines and to disable symbol
    search.
    
    See ‘Writing portable packages’ in the ‘Writing R Extensions’ manual.
Flavors: r-devel-linux-x86_64-fedora-clang, r-devel-linux-x86_64-fedora-gcc, r-devel-macos-x86_64-clang

Version: 0.4
Flags: --no-stop-on-test-error
Check: installed package size
Result: NOTE
     installed size is 5.5Mb
     sub-directories of 1Mb or more:
     libs 5.3Mb
Flavor: r-devel-linux-x86_64-fedora-gcc