CRAN Package Check Results for Package bfa

Last updated on 2017-06-26 07:46:50.

Flavor Version Tinstall Tcheck Ttotal Status Flags
r-devel-linux-x86_64-debian-clang 0.4 55.27 19.47 74.75 NOTE
r-devel-linux-x86_64-debian-gcc 0.4 61.19 18.70 79.89 NOTE
r-devel-linux-x86_64-fedora-clang 0.4 156.06 NOTE
r-devel-linux-x86_64-fedora-gcc 0.4 149.88 NOTE
r-devel-windows-ix86+x86_64 0.4 230.00 72.00 302.00 OK
r-patched-linux-x86_64 0.4 48.31 19.01 67.31 NOTE
r-patched-solaris-sparc 0.4 696.10 OK
r-patched-solaris-x86 0.4 149.80 OK
r-release-linux-x86_64 0.4 60.58 19.17 79.75 NOTE
r-release-windows-ix86+x86_64 0.4 250.00 75.00 325.00 OK
r-release-osx-x86_64 0.4 OK
r-oldrel-windows-ix86+x86_64 0.4 163.00 71.00 234.00 OK
r-oldrel-osx-x86_64 0.4 OK

Check Details

Version: 0.4
Check: compiled code
Result: NOTE
    File ‘bfa/libs/bfa.so’:
     Found no calls to: ‘R_registerRoutines’, ‘R_useDynamicSymbols’
    
    It is good practice to register native routines and to disable symbol
    search.
    
    See ‘Writing portable packages’ in the ‘Writing R Extensions’ manual.
Flavors: r-devel-linux-x86_64-debian-clang, r-devel-linux-x86_64-debian-gcc, r-devel-linux-x86_64-fedora-clang, r-devel-linux-x86_64-fedora-gcc, r-patched-linux-x86_64, r-release-linux-x86_64

Version: 0.4
Check: installed package size
Result: NOTE
     installed size is 5.9Mb
     sub-directories of 1Mb or more:
     libs 5.7Mb
Flavor: r-devel-linux-x86_64-fedora-gcc