CRAN Package Check Results for Package abc

Last updated on 2014-12-17 18:47:31.

Flavor Version Tinstall Tcheck Ttotal Status Flags
r-devel-linux-x86_64-debian-clang 2.0 1.65 243.39 245.04 NOTE
r-devel-linux-x86_64-debian-gcc 2.0 1.58 268.46 270.04 NOTE
r-devel-linux-x86_64-fedora-clang 2.0 285.70 NOTE --no-build-vignettes
r-devel-linux-x86_64-fedora-gcc 2.0 298.13 NOTE --no-build-vignettes
r-devel-osx-x86_64-clang 2.0 247.02 NOTE --no-build-vignettes
r-devel-windows-ix86+x86_64 2.0 11.00 65.00 76.00 NOTE --no-vignettes
r-patched-linux-x86_64 2.0 1.69 257.24 258.94 NOTE
r-patched-solaris-sparc 2.0 596.90 NOTE --no-vignettes
r-patched-solaris-x86 2.0 769.20 NOTE
r-release-linux-ix86 2.0 2.21 399.59 401.80 NOTE
r-release-linux-x86_64 2.0 1.72 266.80 268.52 NOTE
r-release-osx-x86_64-mavericks 2.0 NOTE
r-release-osx-x86_64-snowleopard 2.0 NOTE
r-release-windows-ix86+x86_64 2.0 8.00 69.00 77.00 NOTE --no-vignettes
r-oldrel-windows-ix86+x86_64 2.0 8.00 75.00 83.00 NOTE --no-vignettes

Check Details

Version: 2.0
Check: installed package size
Result: NOTE
     installed size is 5.2Mb
     sub-directories of 1Mb or more:
     data 4.7Mb
Flavors: r-devel-linux-x86_64-debian-clang, r-devel-linux-x86_64-debian-gcc, r-patched-linux-x86_64, r-patched-solaris-x86, r-release-linux-ix86, r-release-linux-x86_64, r-release-osx-x86_64-mavericks, r-release-osx-x86_64-snowleopard

Version: 2.0
Flags: --no-build-vignettes
Check: installed package size
Result: NOTE
     installed size is 5.2Mb
     sub-directories of 1Mb or more:
     data 4.7Mb
Flavors: r-devel-linux-x86_64-fedora-clang, r-devel-linux-x86_64-fedora-gcc, r-devel-osx-x86_64-clang

Version: 2.0
Flags: --no-vignettes
Check: installed package size
Result: NOTE
     installed size is 5.2Mb
     sub-directories of 1Mb or more:
     data 4.7Mb
Flavors: r-devel-windows-ix86+x86_64, r-patched-solaris-sparc, r-release-windows-ix86+x86_64, r-oldrel-windows-ix86+x86_64