CRAN Package Check Results for Package SuperLearner

Last updated on 2014-07-09 15:48:25.

Flavor Version Tinstall Tcheck Ttotal Status Flags
r-devel-linux-x86_64-debian-clang 2.0-10 0.84 26.02 26.86 NOTE
r-devel-linux-x86_64-debian-gcc 2.0-10 0.82 29.23 30.05 NOTE
r-devel-linux-x86_64-fedora-clang 2.0-10 71.16 NOTE
r-devel-linux-x86_64-fedora-gcc 2.0-10 68.54 NOTE
r-devel-osx-x86_64-clang 2.0-10 60.31 NOTE
r-devel-windows-ix86+x86_64 2.0-10 3.00 46.00 49.00 NOTE
r-patched-linux-x86_64 2.0-10 1.13 30.28 31.41 NOTE
r-patched-solaris-sparc 2.0-10 297.30 NOTE
r-patched-solaris-x86 2.0-10 91.80 NOTE
r-release-linux-ix86 2.0-10 1.25 37.83 39.08 NOTE
r-release-linux-x86_64 2.0-10 0.87 27.97 28.84 NOTE
r-release-osx-x86_64-mavericks 2.0-10 NOTE
r-release-osx-x86_64-snowleopard 2.0-10 NOTE
r-release-windows-ix86+x86_64 2.0-10 3.00 49.00 52.00 NOTE
r-oldrel-windows-ix86+x86_64 2.0-10 3.00 46.00 49.00 NOTE

Check Details

Version: 2.0-10
Check: package dependencies
Result: NOTE
    Packages suggested but not available for checking:
     ‘arm’ ‘BayesTree’ ‘caret’
Flavor: r-devel-linux-x86_64-debian-clang

Version: 2.0-10
Check: R code for possible problems
Result: NOTE
    SL.bart: no visible global function definition for ‘bart’
    SL.bayesglm: no visible global function definition for ‘bayesglm’
    SL.caret: no visible global function definition for ‘trainControl’
    screen.SIS: no visible global function definition for ‘GLMvarISISscad’
Flavor: r-devel-linux-x86_64-debian-clang

Version: 2.0-10
Check: package dependencies
Result: NOTE
    Package suggested but not available for checking: ‘BayesTree’
Flavors: r-devel-linux-x86_64-debian-gcc, r-devel-linux-x86_64-fedora-clang, r-devel-linux-x86_64-fedora-gcc, r-devel-osx-x86_64-clang, r-patched-linux-x86_64, r-patched-solaris-x86, r-release-linux-ix86, r-release-linux-x86_64

Version: 2.0-10
Check: R code for possible problems
Result: NOTE
    SL.bart: no visible global function definition for ‘bart’
    screen.SIS: no visible global function definition for ‘GLMvarISISscad’
Flavors: r-devel-linux-x86_64-debian-gcc, r-devel-linux-x86_64-fedora-clang, r-devel-linux-x86_64-fedora-gcc, r-devel-osx-x86_64-clang, r-patched-linux-x86_64, r-patched-solaris-x86, r-release-linux-ix86, r-release-linux-x86_64

Version: 2.0-10
Check: R code for possible problems
Result: NOTE
    screen.SIS: no visible global function definition for 'GLMvarISISscad'
Flavors: r-devel-windows-ix86+x86_64, r-patched-solaris-sparc, r-release-windows-ix86+x86_64, r-oldrel-windows-ix86+x86_64

Version: 2.0-10
Check: package dependencies
Result: NOTE
    Packages suggested but not available for checking: ‘genefilter’ ‘sva’
Flavors: r-release-osx-x86_64-mavericks, r-release-osx-x86_64-snowleopard

Version: 2.0-10
Check: R code for possible problems
Result: NOTE
    SL.leekasso: no visible global function definition for ‘f.pvalue’
    screen.SIS: no visible global function definition for ‘GLMvarISISscad’
    screen.ttest: no visible global function definition for ‘colttests’
Flavor: r-release-osx-x86_64-mavericks

Version: 2.0-10
Check: R code for possible problems
Result: NOTE
    SL.leekasso: no visible global function definition for 'f.pvalue'
    screen.ttest: no visible global function definition for 'colttests'
Flavor: r-release-osx-x86_64-snowleopard