CRAN Package Check Results for Package SuperLearner

Last updated on 2017-01-20 17:52:31.

Flavor Version Tinstall Tcheck Ttotal Status Flags
r-devel-linux-x86_64-debian-clang 2.0-21 1.01 349.73 350.74 OK
r-devel-linux-x86_64-debian-gcc 2.0-21 1.14 318.33 319.47 OK
r-devel-linux-x86_64-fedora-clang 2.0-21 544.71 OK --no-stop-on-test-error
r-devel-linux-x86_64-fedora-gcc 2.0-21 526.82 OK --no-stop-on-test-error
r-devel-macos-x86_64-clang 2.0-21 385.31 OK --no-stop-on-test-error
r-devel-windows-ix86+x86_64 2.0-21 5.00 557.00 562.00 OK
r-patched-linux-x86_64 2.0-21 0.86 312.26 313.13 OK
r-patched-solaris-sparc 2.0-21 3776.30 OK
r-patched-solaris-x86 2.0-21 746.30 OK
r-release-linux-x86_64 2.0-21 0.89 308.70 309.60 OK
r-release-osx-x86_64-mavericks 2.0-21 NOTE
r-release-windows-ix86+x86_64 2.0-21 3.00 401.00 404.00 OK
r-oldrel-windows-ix86+x86_64 2.0-21 5.00 513.00 518.00 OK

Check Details

Version: 2.0-21
Check: dependencies in R code
Result: NOTE
    
    This data.table install has not detected OpenMP support. It will work but slower in single threaded mode.
Flavor: r-release-osx-x86_64-mavericks