CRAN Package Check Results for Package SuperLearner

Last updated on 2017-08-14 18:46:51.

Flavor Version Tinstall Tcheck Ttotal Status Flags
r-devel-linux-x86_64-debian-clang 2.0-22 1.48 364.25 365.73 OK
r-devel-linux-x86_64-debian-gcc 2.0-22 OK
r-devel-linux-x86_64-fedora-clang 2.0-22 608.62 OK
r-devel-linux-x86_64-fedora-gcc 2.0-22 609.29 OK
r-devel-windows-ix86+x86_64 2.0-22 4.00 836.00 840.00 OK
r-patched-linux-x86_64 2.0-22 1.39 355.43 356.82 OK
r-patched-solaris-x86 2.0-22 1134.20 OK
r-release-linux-x86_64 2.0-22 1.25 354.82 356.07 OK
r-release-windows-ix86+x86_64 2.0-22 5.00 833.00 838.00 OK
r-release-osx-x86_64 2.0-22 NOTE
r-oldrel-windows-ix86+x86_64 2.0-22 6.00 821.00 827.00 OK
r-oldrel-osx-x86_64 2.0-22 OK

Check Details

Version: 2.0-22
Check: package dependencies
Result: NOTE
    Packages suggested but not available for checking: ‘genefilter’ ‘sva’
Flavor: r-release-osx-x86_64