CRAN Package Check Results for Package SuperLearner

Last updated on 2017-03-22 19:49:04.

Flavor Version Tinstall Tcheck Ttotal Status Flags
r-devel-linux-x86_64-debian-clang 2.0-21 1.14 310.28 311.42 OK
r-devel-linux-x86_64-debian-gcc 2.0-21 1.02 349.56 350.58 OK
r-devel-linux-x86_64-fedora-clang 2.0-21 536.60 OK --no-stop-on-test-error
r-devel-linux-x86_64-fedora-gcc 2.0-21 528.48 OK --no-stop-on-test-error
r-devel-macos-x86_64-clang 2.0-21 386.14 OK --no-stop-on-test-error
r-devel-windows-ix86+x86_64 2.0-21 4.00 454.00 458.00 OK
r-patched-linux-x86_64 2.0-21 1.00 307.55 308.56 OK
r-patched-solaris-sparc 2.0-21 3992.60 OK
r-patched-solaris-x86 2.0-21 724.30 OK
r-release-linux-x86_64 2.0-21 0.86 313.49 314.35 OK
r-release-osx-x86_64-mavericks 2.0-21 NOTE
r-release-windows-ix86+x86_64 2.0-21 4.00 522.00 526.00 OK
r-oldrel-windows-ix86+x86_64 2.0-21 6.00 536.00 542.00 OK

Check Details

Version: 2.0-21
Check: dependencies in R code
Result: NOTE
    
    This data.table install has not detected OpenMP support. It will work but slower in single threaded mode.
Flavor: r-release-osx-x86_64-mavericks