CRAN Package Check Results for Package SuperLearner

Last updated on 2016-12-07 03:48:20.

Flavor Version Tinstall Tcheck Ttotal Status Flags
r-devel-linux-x86_64-debian-clang 2.0-21 1.06 315.03 316.09 OK
r-devel-linux-x86_64-debian-gcc 2.0-21 1.14 309.22 310.36 OK
r-devel-linux-x86_64-fedora-clang 2.0-21 533.88 OK --no-stop-on-test-error
r-devel-linux-x86_64-fedora-gcc 2.0-21 510.89 OK --no-stop-on-test-error
r-devel-macos-x86_64-clang 2.0-21 374.95 OK --no-stop-on-test-error
r-devel-windows-ix86+x86_64 2.0-21 3.00 453.00 456.00 OK
r-patched-linux-x86_64 2.0-21 1.05 298.49 299.53 OK
r-patched-solaris-sparc 2.0-21 3772.30 OK
r-patched-solaris-x86 2.0-21 728.40 OK
r-release-linux-x86_64 2.0-21 1.12 301.89 303.01 OK
r-release-osx-x86_64-mavericks 2.0-21 NOTE
r-release-windows-ix86+x86_64 2.0-21 3.00 382.00 385.00 OK
r-oldrel-windows-ix86+x86_64 2.0-21 8.00 512.00 520.00 OK

Check Details

Version: 2.0-21
Check: dependencies in R code
Result: NOTE
    
    This data.table install has not detected OpenMP support. It will work but slower in single threaded mode.
Flavor: r-release-osx-x86_64-mavericks