CRAN Package Check Results for Package SuperLearner

Last updated on 2017-04-27 11:54:03.

Flavor Version Tinstall Tcheck Ttotal Status Flags
r-devel-linux-x86_64-debian-clang 2.0-21 0.98 310.76 311.74 OK
r-devel-linux-x86_64-debian-gcc 2.0-21 1.15 310.83 311.98 OK
r-devel-linux-x86_64-fedora-clang 2.0-21 535.42 OK --no-stop-on-test-error
r-devel-linux-x86_64-fedora-gcc 2.0-21 525.17 OK --no-stop-on-test-error
r-devel-windows-ix86+x86_64 2.0-21 3.00 440.00 443.00 OK
r-patched-linux-x86_64 2.0-21 0.99 309.41 310.40 OK
r-patched-solaris-sparc 2.0-21 3992.60 OK
r-patched-solaris-x86 2.0-21 763.80 OK
r-release-linux-x86_64 2.0-21 1.12 309.78 310.90 OK
r-release-windows-ix86+x86_64 2.0-21 3.00 398.00 401.00 OK
r-release-osx-x86_64 2.0-21 NOTE
r-oldrel-windows-ix86+x86_64 2.0-21 5.00 512.00 517.00 OK
r-oldrel-osx-x86_64 2.0-21 NOTE

Check Details

Version: 2.0-21
Check: package dependencies
Result: NOTE
    Packages suggested but not available for checking: ‘genefilter’ ‘sva’
Flavor: r-release-osx-x86_64

Version: 2.0-21
Check: dependencies in R code
Result: NOTE
    
    This data.table install has not detected OpenMP support. It will work but slower in single threaded mode.
Flavor: r-oldrel-osx-x86_64