CRAN Package Check Results for Package SuperLearner

Last updated on 2017-10-21 10:47:13.

Flavor Version Tinstall Tcheck Ttotal Status Flags
r-devel-linux-x86_64-debian-clang 2.0-22 1.24 347.32 348.56 OK
r-devel-linux-x86_64-debian-gcc 2.0-22 1.06 364.87 365.93 OK
r-devel-linux-x86_64-fedora-clang 2.0-22 600.83 OK
r-devel-linux-x86_64-fedora-gcc 2.0-22 598.49 OK
r-devel-windows-ix86+x86_64 2.0-22 4.00 672.00 676.00 OK
r-patched-linux-x86_64 2.0-22 1.19 357.91 359.10 OK
r-patched-solaris-x86 2.0-22 1135.20 OK
r-release-linux-x86_64 2.0-22 1.43 356.30 357.74 OK
r-release-windows-ix86+x86_64 2.0-22 7.00 809.00 816.00 OK
r-release-osx-x86_64 2.0-22 NOTE
r-oldrel-windows-ix86+x86_64 2.0-22 4.00 810.00 814.00 OK
r-oldrel-osx-x86_64 2.0-22 OK

Check Details

Version: 2.0-22
Check: package dependencies
Result: NOTE
    Packages suggested but not available for checking: ‘genefilter’ ‘sva’
Flavor: r-release-osx-x86_64