CRAN Package Check Results for Package SuperLearner

Last updated on 2017-12-14 09:47:39 CET.

Flavor Version Tinstall Tcheck Ttotal Status Flags
r-devel-linux-x86_64-debian-clang 2.0-22 1.44 520.22 521.66 OK
r-devel-linux-x86_64-debian-gcc 2.0-22 1.41 453.36 454.77 OK
r-devel-linux-x86_64-fedora-clang 2.0-22 667.31 OK
r-devel-linux-x86_64-fedora-gcc 2.0-22 645.87 OK
r-devel-windows-ix86+x86_64 2.0-22 6.00 847.00 853.00 OK
r-patched-linux-x86_64 2.0-22 1.61 517.88 519.49 OK
r-patched-solaris-x86 2.0-22 1132.80 OK
r-release-linux-x86_64 2.0-22 1.82 525.25 527.07 OK
r-release-windows-ix86+x86_64 2.0-22 3.00 670.00 673.00 OK
r-release-osx-x86_64 2.0-22 NOTE
r-oldrel-windows-ix86+x86_64 2.0-22 4.00 841.00 845.00 OK
r-oldrel-osx-x86_64 2.0-22 OK

Check Details

Version: 2.0-22
Check: package dependencies
Result: NOTE
    Packages suggested but not available for checking: ‘genefilter’ ‘sva’
Flavor: r-release-osx-x86_64