CRAN Package Check Results for Package SuperLearner

Last updated on 2014-04-16 11:47:28.

Flavor Version Tinstall Tcheck Ttotal Status Flags
r-devel-linux-x86_64-debian-clang 2.0-10 0.87 27.17 28.04 OK
r-devel-linux-x86_64-debian-gcc 2.0-10 0.92 27.55 28.48 OK
r-devel-linux-x86_64-fedora-clang 2.0-10 66.49 OK
r-devel-linux-x86_64-fedora-gcc 2.0-10 63.96 OK
r-devel-macosx-x86_64-clang 2.0-10 58.78 OK
r-devel-macosx-x86_64-gcc 2.0-10 NOTE
r-devel-windows-ix86+x86_64 2.0-10 3.00 45.00 48.00 OK
r-patched-linux-x86_64 2.0-10 0.88 27.28 28.16 OK
r-patched-solaris-sparc 2.0-10 313.80 OK
r-patched-solaris-x86 2.0-10 81.90 OK
r-release-linux-ix86 2.0-10 2.00 50.00 52.00 OK
r-release-linux-x86_64 2.0-10 0.92 26.82 27.74 NOTE
r-release-macosx-x86_64 2.0-10 NOTE
r-release-windows-ix86+x86_64 2.0-10 3.00 43.00 46.00 OK
r-oldrel-windows-ix86+x86_64 2.0-10 3.00 41.00 44.00 OK

Check Details

Version: 2.0-10
Check: package dependencies
Result: NOTE
    Packages suggested but not available for checking:
     ‘arm’ ‘caret’ ‘genefilter’ ‘ggplot2’ ‘Hmisc’ ‘ipred’ ‘party’ ‘sva’
Flavor: r-devel-macosx-x86_64-gcc

Version: 2.0-10
Check: R code for possible problems
Result: NOTE
    SL.bayesglm: no visible global function definition for ‘bayesglm’
    SL.caret: no visible global function definition for ‘trainControl’
    SL.cforest: no visible global function definition for ‘cforest’
    SL.cforest: no visible global function definition for
     ‘cforest_unbiased’
    SL.ipredbagg: no visible global function definition for ‘ipredbagg’
    SL.leekasso: no visible global function definition for ‘f.pvalue’
    plot.CV.SuperLearner: no visible global function definition for
     ‘ggplot’
    plot.CV.SuperLearner: no visible global function definition for
     ‘aes_string’
    plot.CV.SuperLearner: no visible global function definition for
     ‘geom_pointrange’
    plot.CV.SuperLearner: no visible global function definition for
     ‘coord_flip’
    plot.CV.SuperLearner: no visible global function definition for ‘ylab’
    plot.CV.SuperLearner: no visible global function definition for ‘xlab’
    screen.ttest: no visible global function definition for ‘colttests’
Flavor: r-devel-macosx-x86_64-gcc

Version: 2.0-10
Check: R code for possible problems
Result: NOTE
    screen.SIS: no visible global function definition for ‘GLMvarISISscad’
Flavor: r-release-linux-x86_64

Version: 2.0-10
Check: package dependencies
Result: NOTE
    Packages suggested but not available for checking: 'genefilter' 'sva'
Flavor: r-release-macosx-x86_64

Version: 2.0-10
Check: R code for possible problems
Result: NOTE
    SL.leekasso: no visible global function definition for 'f.pvalue'
    screen.ttest: no visible global function definition for 'colttests'
Flavor: r-release-macosx-x86_64