CRAN Package Check Results for Package SuperLearner

Last updated on 2014-09-20 13:48:21.

Flavor Version Tinstall Tcheck Ttotal Status Flags
r-devel-linux-x86_64-debian-clang 2.0-15 0.82 21.42 22.24 NOTE
r-devel-linux-x86_64-debian-gcc 2.0-15 0.78 21.40 22.18 NOTE
r-devel-linux-x86_64-fedora-clang 2.0-15 49.48 NOTE
r-devel-linux-x86_64-fedora-gcc 2.0-15 46.48 NOTE
r-devel-osx-x86_64-clang 2.0-15 45.22 NOTE
r-devel-windows-ix86+x86_64 2.0-15 3.00 33.00 36.00 NOTE
r-patched-linux-x86_64 2.0-15 0.82 31.36 32.17 OK
r-patched-solaris-sparc 2.0-15 380.00 OK
r-patched-solaris-x86 2.0-15 85.10 OK
r-release-linux-ix86 2.0-15 1.30 39.97 41.27 OK
r-release-linux-x86_64 2.0-15 0.89 31.76 32.64 OK
r-release-osx-x86_64-mavericks 2.0-15 NOTE
r-release-osx-x86_64-snowleopard 2.0-15 OK
r-release-windows-ix86+x86_64 2.0-15 3.00 50.00 53.00 OK
r-oldrel-windows-ix86+x86_64 2.0-15 3.00 50.00 53.00 OK

Check Details

Version: 2.0-15
Check: R code for possible problems
Result: NOTE
    CV.SuperLearner: no visible global function definition for ‘mclapply’
    CV.SuperLearner: no visible global function definition for ‘parLapply’
    SL.bayesglm: no visible global function definition for ‘bayesglm’
    SL.caret: no visible global function definition for ‘trainControl’
    SL.cforest: no visible global function definition for ‘cforest’
    SL.cforest: no visible global function definition for
     ‘cforest_unbiased’
    SL.gbm: no visible global function definition for ‘gbm’
    SL.gbm: no visible global function definition for ‘gbm.perf’
    SL.glmnet: no visible global function definition for ‘cv.glmnet’
    SL.ipredbagg: no visible global function definition for ‘rpart.control’
    SL.ipredbagg: no visible global function definition for ‘ipredbagg’
    SL.knn: no visible global function definition for ‘knn’
    SL.leekasso: no visible global function definition for ‘f.pvalue’
    SL.logreg: no visible global function definition for ‘logreg’
    SL.nnet: no visible global function definition for ‘nnet’
    SL.polymars: no visible global function definition for ‘polymars’
    SL.polymars: no visible global function definition for ‘polyclass’
    SL.polymars: no visible global function definition for ‘ppolyclass’
    SL.randomForest: no visible global function definition for
     ‘randomForest’
    SL.ridge: no visible global function definition for ‘lm.ridge’
    SL.rpart: no visible global function definition for ‘rpart’
    SL.rpart: no visible global function definition for ‘rpart.control’
    SL.rpartPrune: no visible global function definition for ‘rpart’
    SL.rpartPrune: no visible global function definition for
     ‘rpart.control’
    SL.rpartPrune: no visible global function definition for ‘prune’
    SL.stepAIC: no visible global function definition for ‘stepAIC’
    SL.svm: no visible global function definition for ‘svm’
    mcSuperLearner: no visible global function definition for ‘mclapply’
    method.AUC : <anonymous> : .cvRisk_AUC: no visible global function
     definition for ‘cvAUC’
    method.AUC : <anonymous> : <anonymous>: no visible global function
     definition for ‘cvAUC’
    method.CC_LS : computeCoef : compute: no visible global function
     definition for ‘solve.QP’
    method.CC_nloglik : computeCoef: no visible global function definition
     for ‘nloptr’
    method.NNLS2 : <anonymous> : .NNLS: no visible global function
     definition for ‘solve.QP’
    plot.CV.SuperLearner: no visible global function definition for
     ‘dotplot’
    plot.CV.SuperLearner : <anonymous>: no visible global function
     definition for ‘panel.xyplot’
    plot.CV.SuperLearner : <anonymous>: no visible global function
     definition for ‘panel.segments’
    plot.CV.SuperLearner: no visible global function definition for
     ‘ggplot’
    plot.CV.SuperLearner: no visible global function definition for
     ‘aes_string’
    plot.CV.SuperLearner: no visible global function definition for
     ‘geom_pointrange’
    plot.CV.SuperLearner: no visible global function definition for
     ‘coord_flip’
    plot.CV.SuperLearner: no visible global function definition for ‘ylab’
    plot.CV.SuperLearner: no visible global function definition for ‘xlab’
    predict.SL.knn: no visible global function definition for ‘knn’
    predict.SL.polymars: no visible global function definition for
     ‘ppolyclass’
    screen.SIS: no visible global function definition for ‘SIS’
    screen.glmnet: no visible global function definition for ‘cv.glmnet’
    screen.randomForest: no visible global function definition for
     ‘randomForest’
    screen.ttest: no visible global function definition for ‘colttests’
    snowSuperLearner: no visible global function definition for ‘parLapply’
    snowSuperLearner: no visible global function definition for ‘parSapply’
    summary.CV.SuperLearner: no visible global function definition for
     ‘cvAUC’
    summary.CV.SuperLearner : <anonymous>: no visible global function
     definition for ‘cvAUC’
Flavors: r-devel-linux-x86_64-debian-clang, r-devel-linux-x86_64-debian-gcc, r-devel-linux-x86_64-fedora-clang, r-devel-linux-x86_64-fedora-gcc, r-devel-osx-x86_64-clang, r-devel-windows-ix86+x86_64

Version: 2.0-15
Check: package dependencies
Result: NOTE
    Package suggested but not available for checking: ‘genefilter’
Flavor: r-release-osx-x86_64-mavericks

Version: 2.0-15
Check: R code for possible problems
Result: NOTE
    screen.ttest: no visible global function definition for ‘colttests’
Flavor: r-release-osx-x86_64-mavericks