CRAN Package Check Results for Package SuperLearner

Last updated on 2017-02-21 23:51:14.

Flavor Version Tinstall Tcheck Ttotal Status Flags
r-devel-linux-x86_64-debian-clang 2.0-21 1.04 316.05 317.09 NOTE
r-devel-linux-x86_64-debian-gcc 2.0-21 0.94 310.76 311.70 OK
r-devel-linux-x86_64-fedora-clang 2.0-21 534.72 OK --no-stop-on-test-error
r-devel-linux-x86_64-fedora-gcc 2.0-21 525.33 OK --no-stop-on-test-error
r-devel-macos-x86_64-clang 2.0-21 391.73 OK --no-stop-on-test-error
r-devel-windows-ix86+x86_64 2.0-21 5.00 582.00 587.00 OK
r-patched-linux-x86_64 2.0-21 1.00 308.56 309.56 OK
r-patched-solaris-sparc 2.0-21 3776.30 OK
r-patched-solaris-x86 2.0-21 745.90 OK
r-release-linux-x86_64 2.0-21 0.90 308.08 308.97 OK
r-release-osx-x86_64-mavericks 2.0-21 NOTE
r-release-windows-ix86+x86_64 2.0-21 9.00 530.00 539.00 OK
r-oldrel-windows-ix86+x86_64 2.0-21 6.00 534.00 540.00 OK

Check Details

Version: 2.0-21
Check: package dependencies
Result: NOTE
    Package suggested but not available for checking: ‘earth’
Flavor: r-devel-linux-x86_64-debian-clang

Version: 2.0-21
Check: dependencies in R code
Result: NOTE
    
    This data.table install has not detected OpenMP support. It will work but slower in single threaded mode.
Flavor: r-release-osx-x86_64-mavericks