CRAN Package Check Results for Package SuperLearner

Last updated on 2017-06-28 16:47:30.

Flavor Version Tinstall Tcheck Ttotal Status Flags
r-devel-linux-x86_64-debian-clang 2.0-21 1.02 310.48 311.49 OK
r-devel-linux-x86_64-debian-gcc 2.0-21 1.22 310.17 311.39 OK
r-devel-linux-x86_64-fedora-clang 2.0-21 536.37 OK
r-devel-linux-x86_64-fedora-gcc 2.0-21 520.76 OK
r-devel-windows-ix86+x86_64 2.0-21 3.00 443.00 446.00 OK
r-patched-linux-x86_64 2.0-21 1.11 314.85 315.96 OK
r-patched-solaris-sparc 2.0-21 3992.60 OK
r-patched-solaris-x86 2.0-21 765.50 OK
r-release-linux-x86_64 2.0-21 1.23 318.13 319.36 OK
r-release-windows-ix86+x86_64 2.0-21 3.00 518.00 521.00 OK
r-release-osx-x86_64 2.0-21 NOTE
r-oldrel-windows-ix86+x86_64 2.0-21 5.00 530.00 535.00 OK
r-oldrel-osx-x86_64 2.0-21 NOTE

Check Details

Version: 2.0-21
Check: package dependencies
Result: NOTE
    Packages suggested but not available for checking: ‘genefilter’ ‘sva’
Flavor: r-release-osx-x86_64

Version: 2.0-21
Check: dependencies in R code
Result: NOTE
    
    This data.table install has not detected OpenMP support. It will work but slower in single threaded mode.
Flavor: r-oldrel-osx-x86_64