CRAN Package Check Results for Package SMIR

Last updated on 2015-03-30 17:49:15.

Flavor Version Tinstall Tcheck Ttotal Status Flags
r-devel-linux-x86_64-debian-clang 0.02 0.84 10.94 11.79 NOTE
r-devel-linux-x86_64-debian-gcc 0.02 0.80 10.88 11.67 NOTE
r-devel-linux-x86_64-fedora-clang 0.02 22.80 NOTE
r-devel-linux-x86_64-fedora-gcc 0.02 21.35 NOTE
r-devel-osx-x86_64-clang 0.02 28.91 NOTE
r-prerel-windows-ix86+x86_64 0.02 3.00 20.00 23.00 NOTE
r-prerel-linux-x86_64 0.02 0.93 11.04 11.97 NOTE
r-prerel-solaris-sparc 0.02 165.20 NOTE
r-prerel-solaris-x86 0.02 32.20 NOTE
r-release-linux-x86_64 0.02 0.98 12.22 13.21 NOTE
r-release-osx-x86_64-mavericks 0.02 NOTE
r-release-windows-ix86+x86_64 0.02 3.00 21.00 24.00 NOTE
r-oldrel-windows-ix86+x86_64 0.02 5.00 33.00 38.00 OK

Check Details

Version: 0.02
Check: dependencies in R code
Result: NOTE
    'library' or 'require' calls in package code:
     ‘MASS’ ‘survival’
     Please use :: or requireNamespace() instead.
     See section 'Suggested packages' in the 'Writing R Extensions' manual.
Flavors: r-devel-linux-x86_64-debian-clang, r-devel-linux-x86_64-debian-gcc, r-devel-linux-x86_64-fedora-clang, r-devel-linux-x86_64-fedora-gcc, r-devel-osx-x86_64-clang, r-prerel-windows-ix86+x86_64, r-prerel-linux-x86_64, r-prerel-solaris-sparc, r-prerel-solaris-x86, r-release-linux-x86_64, r-release-windows-ix86+x86_64

Version: 0.02
Check: S3 generic/method consistency
Result: NOTE
    Found the following apparent S3 methods exported but not registered:
     disparity.glm disparity.lm summary.treg
    See section ‘Registering S3 methods’ in the ‘Writing R Extensions’
    manual.
Flavors: r-devel-linux-x86_64-debian-clang, r-devel-linux-x86_64-debian-gcc, r-devel-linux-x86_64-fedora-clang, r-devel-linux-x86_64-fedora-gcc, r-devel-osx-x86_64-clang, r-prerel-linux-x86_64

Version: 0.02
Check: R code for possible problems
Result: NOTE
    coxph.disparity: no visible global function definition for ‘basehaz’
    disparity.glm : <anonymous>: no visible global function definition for
     ‘gamma.shape’
Flavors: r-devel-linux-x86_64-debian-clang, r-devel-linux-x86_64-debian-gcc, r-devel-linux-x86_64-fedora-clang, r-devel-linux-x86_64-fedora-gcc, r-devel-osx-x86_64-clang, r-prerel-windows-ix86+x86_64, r-prerel-linux-x86_64, r-prerel-solaris-sparc, r-prerel-solaris-x86, r-release-linux-x86_64, r-release-osx-x86_64-mavericks, r-release-windows-ix86+x86_64