CRAN Package Check Results for Package SMIR

Last updated on 2015-07-05 21:46:49.

Flavor Version Tinstall Tcheck Ttotal Status Flags
r-devel-linux-x86_64-debian-clang 0.02 0.76 10.37 11.13 NOTE
r-devel-linux-x86_64-debian-gcc 0.02 0.76 10.46 11.21 NOTE
r-devel-linux-x86_64-fedora-clang 0.02 21.60 NOTE
r-devel-linux-x86_64-fedora-gcc 0.02 20.68 NOTE
r-devel-osx-x86_64-clang 0.02 22.29 NOTE
r-devel-windows-ix86+x86_64 0.02 4.00 20.00 24.00 NOTE
r-patched-linux-x86_64 0.02 0.85 10.74 11.59 NOTE
r-patched-solaris-sparc 0.02 163.50 NOTE
r-patched-solaris-x86 0.02 32.50 NOTE
r-release-linux-x86_64 0.02 0.78 10.90 11.68 NOTE
r-release-osx-x86_64-mavericks 0.02 NOTE
r-release-windows-ix86+x86_64 0.02 6.00 22.00 28.00 NOTE
r-oldrel-windows-ix86+x86_64 0.02 7.00 26.00 33.00 NOTE

Check Details

Version: 0.02
Check: dependencies in R code
Result: NOTE
    'library' or 'require' calls in package code:
     ‘MASS’ ‘survival’
     Please use :: or requireNamespace() instead.
     See section 'Suggested packages' in the 'Writing R Extensions' manual.
Flavors: r-devel-linux-x86_64-debian-clang, r-devel-linux-x86_64-debian-gcc, r-devel-linux-x86_64-fedora-clang, r-devel-linux-x86_64-fedora-gcc, r-devel-osx-x86_64-clang, r-devel-windows-ix86+x86_64, r-patched-linux-x86_64, r-patched-solaris-sparc, r-patched-solaris-x86, r-release-linux-x86_64, r-release-osx-x86_64-mavericks, r-release-windows-ix86+x86_64, r-oldrel-windows-ix86+x86_64

Version: 0.02
Check: S3 generic/method consistency
Result: NOTE
    Found the following apparent S3 methods exported but not registered:
     disparity.glm disparity.lm summary.treg
    See section ‘Registering S3 methods’ in the ‘Writing R Extensions’
    manual.
Flavors: r-devel-linux-x86_64-debian-clang, r-devel-linux-x86_64-debian-gcc, r-devel-linux-x86_64-fedora-clang, r-devel-linux-x86_64-fedora-gcc, r-devel-osx-x86_64-clang, r-patched-linux-x86_64, r-patched-solaris-sparc, r-patched-solaris-x86, r-release-linux-x86_64

Version: 0.02
Check: R code for possible problems
Result: NOTE
    NPL.bands: no visible global function definition for ‘pbeta’
    NPL.bands: no visible global function definition for ‘qbeta’
    R2: no visible global function definition for ‘fitted’
    R2: no visible global function definition for ‘residuals’
    R2: no visible global function definition for ‘cor’
    R2CV: no visible global function definition for ‘fitted’
    R2CV: no visible global function definition for ‘residuals’
    R2CV: no visible global function definition for ‘influence’
    R2CV: no visible global function definition for ‘cor’
    Rsq: no visible global function definition for ‘cor’
    Rsq: no visible global function definition for ‘fitted’
    coxph.disparity: no visible global function definition for ‘basehaz’
    disparity.glm : <anonymous>: no visible global function definition for
     ‘resid’
    disparity.glm : <anonymous>: no visible global function definition for
     ‘dnorm’
    disparity.glm : <anonymous>: no visible global function definition for
     ‘fitted’
    disparity.glm : <anonymous>: no visible global function definition for
     ‘dbinom’
    disparity.glm : <anonymous>: no visible global function definition for
     ‘gamma.shape’
    disparity.glm : <anonymous>: no visible global function definition for
     ‘dgamma’
    disparity.lm: no visible global function definition for ‘resid’
    summary.treg: no visible global function definition for ‘pt’
    summary.treg: no visible global function definition for ‘coef’
    treg: no visible global function definition for ‘model.matrix’
    treg: no visible global function definition for ‘resid’
    treg: no visible global function definition for ‘lm.wfit’
    treg: no visible global function definition for ‘coef’
    Undefined global functions or variables:
     basehaz coef cor dbinom dgamma dnorm fitted gamma.shape influence
     lm.wfit model.matrix pbeta pt qbeta resid residuals
Flavors: r-devel-linux-x86_64-debian-clang, r-devel-linux-x86_64-debian-gcc, r-devel-linux-x86_64-fedora-clang, r-devel-linux-x86_64-fedora-gcc, r-devel-windows-ix86+x86_64

Version: 0.02
Check: R code for possible problems
Result: NOTE
    coxph.disparity: no visible global function definition for ‘basehaz’
    disparity.glm : <anonymous>: no visible global function definition for
     ‘gamma.shape’
    Undefined global functions or variables:
     basehaz gamma.shape
Flavor: r-devel-osx-x86_64-clang

Version: 0.02
Check: R code for possible problems
Result: NOTE
    coxph.disparity: no visible global function definition for ‘basehaz’
    disparity.glm : <anonymous>: no visible global function definition for
     ‘gamma.shape’
Flavors: r-patched-linux-x86_64, r-patched-solaris-sparc, r-patched-solaris-x86, r-release-linux-x86_64, r-release-osx-x86_64-mavericks, r-release-windows-ix86+x86_64, r-oldrel-windows-ix86+x86_64